{"id":804,"date":"2026-04-01T16:44:04","date_gmt":"2026-04-01T19:44:04","guid":{"rendered":"https:\/\/ufpr.br\/transparencia\/?page_id=804"},"modified":"2026-04-01T16:44:05","modified_gmt":"2026-04-01T19:44:05","slug":"sancoes-administrativas","status":"publish","type":"page","link":"https:\/\/ufpr.br\/transparencia\/sancoes-administrativas\/","title":{"rendered":"San\u00e7\u00f5es Administrativas"},"content":{"rendered":"\n<h2 class=\"wp-block-heading\">San\u00e7\u00f5es Administrativas<\/h2>\n\n\n\n<p>Nesta se\u00e7\u00e3o, s\u00e3o divulgadas todas as san\u00e7\u00f5es administrativas aplicadas pela Universidade Federal do Paran\u00e1 a pessoas, a empresas, a organiza\u00e7\u00f5es n\u00e3o governamentais e a servidores<br>p\u00fablicos.<\/p>\n\n\n\n<ul class=\"wp-block-list\">\n<li><a href=\"https:\/\/portaldatransparencia.gov.br\/url\/b95f3332\" target=\"_blank\" rel=\"noreferrer noopener\">San\u00e7\u00f5es aplicadas a Entidades Privadas sem Fins Lucrativos pela Universidade Federal do Paran\u00e1<\/a><\/li>\n<\/ul>\n\n\n\n<ol class=\"wp-block-list\">\n<li>Acessar o Portal da Transpar\u00eancia: http:\/\/transparencia.gov.br;<\/li>\n\n\n\n<li>No menu superior, localizar Consultas Detalhadas -&gt; San\u00e7\u00f5es -&gt; Entidades Privadas<br>sem Fins Lucrativos (CEPIM);<\/li>\n\n\n\n<li>Utilizar a barra lateral esquerda de filtros para adicionar um filtro de \u00d3rg\u00e3o;<\/li>\n\n\n\n<li>Inserir, na busca, o c\u00f3digo 153079 ou a sigla UFPR;<\/li>\n\n\n\n<li>Clique em Adicionar;<\/li>\n\n\n\n<li>Clique em Consultar.<\/li>\n<\/ol>\n\n\n\n<ul class=\"wp-block-list\">\n<li><a href=\"https:\/\/portaldatransparencia.gov.br\/url\/07f9545e\" target=\"_blank\" rel=\"noreferrer noopener\">Empresas inid\u00f4neas e suspensas cadastradas pela Universidade Federal do Paran\u00e1<\/a><\/li>\n<\/ul>\n\n\n\n<ol class=\"wp-block-list\">\n<li>Acessar o Portal da Transpar\u00eancia: http:\/\/transparencia.gov.br;<\/li>\n\n\n\n<li>No menu superior, localizar Consultas Detalhadas -&gt; San\u00e7\u00f5es -&gt; Cadastro de<br>Empresas Inid\u00f4neas e Suspensas (CEIS);<\/li>\n\n\n\n<li>Utilizar a barra lateral esquerda de filtros para adicionar um filtro de \u00d3rg\u00e3o;<\/li>\n\n\n\n<li>Inserir, na busca, o c\u00f3digo 153079 ou a sigla UFPR;<\/li>\n\n\n\n<li>Clique em Adicionar;<\/li>\n\n\n\n<li>Clique em Consultar.<\/li>\n<\/ol>\n\n\n\n<ul class=\"wp-block-list\">\n<li><a href=\"https:\/\/portaldatransparencia.gov.br\/url\/8b69dd11\" target=\"_blank\" rel=\"noreferrer noopener\">Empresas punidas pela Universidade Federal do Paran\u00e1<\/a><\/li>\n<\/ul>\n\n\n\n<ol class=\"wp-block-list\">\n<li>Acessar o Portal da Transpar\u00eancia: http:\/\/transparencia.gov.br;<\/li>\n\n\n\n<li>No menu superior, localizar Consultas Detalhadas -&gt; San\u00e7\u00f5es -&gt; Cadastro Nacional<br>de Empresas Punidas (CNEP);<\/li>\n\n\n\n<li>Utilizar a barra lateral esquerda de filtros para adicionar um filtro de \u00d3rg\u00e3o;<\/li>\n\n\n\n<li>Inserir, na busca, o c\u00f3digo 153079 ou a sigla UFPR;<\/li>\n\n\n\n<li>Clique em Adicionar;<\/li>\n\n\n\n<li>Clique em Consultar.<\/li>\n<\/ol>\n\n\n\n<ul class=\"wp-block-list\">\n<li><a href=\"https:\/\/portaldatransparencia.gov.br\/url\/b9f46bb1\" target=\"_blank\" rel=\"noreferrer noopener\">Expulsos da administra\u00e7\u00e3o federal lotados na Universidade Federal do Paran\u00e1<\/a><\/li>\n<\/ul>\n\n\n\n<ol class=\"wp-block-list\">\n<li>Acessar o Portal da Transpar\u00eancia: http:\/\/transparencia.gov.br;<\/li>\n\n\n\n<li>No menu superior, localizar Consultas Detalhadas -&gt; San\u00e7\u00f5es -&gt; Cadastro de<br>Expuls\u00f5es da Administra\u00e7\u00e3o Federal (CEAF);<\/li>\n\n\n\n<li>Utilizar a barra lateral esquerda de filtros para adicionar um filtro de \u00d3rg\u00e3o;<\/li>\n\n\n\n<li>Inserir, na busca, o c\u00f3digo 153079 ou a sigla UFPR;<\/li>\n\n\n\n<li>Clique em Adicionar;<\/li>\n\n\n\n<li>Clique em Consultar.<\/li>\n<\/ol>\n","protected":false},"excerpt":{"rendered":"<p>San\u00e7\u00f5es Administrativas Nesta se\u00e7\u00e3o, s\u00e3o divulgadas todas as san\u00e7\u00f5es administrativas aplicadas pela Universidade Federal do Paran\u00e1 a pessoas, a empresas, a organiza\u00e7\u00f5es n\u00e3o governamentais e a servidoresp\u00fablicos.<\/p>\n","protected":false},"author":114,"featured_media":0,"parent":0,"menu_order":0,"comment_status":"closed","ping_status":"closed","template":"","meta":{"footnotes":""},"class_list":["post-804","page","type-page","status-publish","hentry"],"_links":{"self":[{"href":"https:\/\/ufpr.br\/transparencia\/wp-json\/wp\/v2\/pages\/804","targetHints":{"allow":["GET"]}}],"collection":[{"href":"https:\/\/ufpr.br\/transparencia\/wp-json\/wp\/v2\/pages"}],"about":[{"href":"https:\/\/ufpr.br\/transparencia\/wp-json\/wp\/v2\/types\/page"}],"author":[{"embeddable":true,"href":"https:\/\/ufpr.br\/transparencia\/wp-json\/wp\/v2\/users\/114"}],"replies":[{"embeddable":true,"href":"https:\/\/ufpr.br\/transparencia\/wp-json\/wp\/v2\/comments?post=804"}],"version-history":[{"count":1,"href":"https:\/\/ufpr.br\/transparencia\/wp-json\/wp\/v2\/pages\/804\/revisions"}],"predecessor-version":[{"id":805,"href":"https:\/\/ufpr.br\/transparencia\/wp-json\/wp\/v2\/pages\/804\/revisions\/805"}],"wp:attachment":[{"href":"https:\/\/ufpr.br\/transparencia\/wp-json\/wp\/v2\/media?parent=804"}],"curies":[{"name":"wp","href":"https:\/\/api.w.org\/{rel}","templated":true}]}}

Sanções Administrativas

<h2 class="wp-block-heading">Sanções Administrativas</h2>



<p>Nesta seção, são divulgadas todas as sanções administrativas aplicadas pela Universidade Federal do Paraná a pessoas, a empresas, a organizações não governamentais e a servidores<br>públicos.</p>



<ul class="wp-block-list">
<li><a href="https://portaldatransparencia.gov.br/url/b95f3332" target="_blank" rel="noreferrer noopener">Sanções aplicadas a Entidades Privadas sem Fins Lucrativos pela Universidade Federal do Paraná</a></li>
</ul>



<ol class="wp-block-list">
<li>Acessar o Portal da Transparência: http://transparencia.gov.br;</li>



<li>No menu superior, localizar Consultas Detalhadas -&gt; Sanções -&gt; Entidades Privadas<br>sem Fins Lucrativos (CEPIM);</li>



<li>Utilizar a barra lateral esquerda de filtros para adicionar um filtro de Órgão;</li>



<li>Inserir, na busca, o código 153079 ou a sigla UFPR;</li>



<li>Clique em Adicionar;</li>



<li>Clique em Consultar.</li>
</ol>



<ul class="wp-block-list">
<li><a href="https://portaldatransparencia.gov.br/url/07f9545e" target="_blank" rel="noreferrer noopener">Empresas inidôneas e suspensas cadastradas pela Universidade Federal do Paraná</a></li>
</ul>



<ol class="wp-block-list">
<li>Acessar o Portal da Transparência: http://transparencia.gov.br;</li>



<li>No menu superior, localizar Consultas Detalhadas -&gt; Sanções -&gt; Cadastro de<br>Empresas Inidôneas e Suspensas (CEIS);</li>



<li>Utilizar a barra lateral esquerda de filtros para adicionar um filtro de Órgão;</li>



<li>Inserir, na busca, o código 153079 ou a sigla UFPR;</li>



<li>Clique em Adicionar;</li>



<li>Clique em Consultar.</li>
</ol>



<ul class="wp-block-list">
<li><a href="https://portaldatransparencia.gov.br/url/8b69dd11" target="_blank" rel="noreferrer noopener">Empresas punidas pela Universidade Federal do Paraná</a></li>
</ul>



<ol class="wp-block-list">
<li>Acessar o Portal da Transparência: http://transparencia.gov.br;</li>



<li>No menu superior, localizar Consultas Detalhadas -&gt; Sanções -&gt; Cadastro Nacional<br>de Empresas Punidas (CNEP);</li>



<li>Utilizar a barra lateral esquerda de filtros para adicionar um filtro de Órgão;</li>



<li>Inserir, na busca, o código 153079 ou a sigla UFPR;</li>



<li>Clique em Adicionar;</li>



<li>Clique em Consultar.</li>
</ol>



<ul class="wp-block-list">
<li><a href="https://portaldatransparencia.gov.br/url/b9f46bb1" target="_blank" rel="noreferrer noopener">Expulsos da administração federal lotados na Universidade Federal do Paraná</a></li>
</ul>



<ol class="wp-block-list">
<li>Acessar o Portal da Transparência: http://transparencia.gov.br;</li>



<li>No menu superior, localizar Consultas Detalhadas -&gt; Sanções -&gt; Cadastro de<br>Expulsões da Administração Federal (CEAF);</li>



<li>Utilizar a barra lateral esquerda de filtros para adicionar um filtro de Órgão;</li>



<li>Inserir, na busca, o código 153079 ou a sigla UFPR;</li>



<li>Clique em Adicionar;</li>



<li>Clique em Consultar.</li>
</ol>

<p>Sanções Administrativas Nesta seção, são divulgadas todas as sanções administrativas aplicadas pela Universidade Federal do Paraná a pessoas, a empresas, a organizações não governamentais e a servidorespúblicos.</p>
