{"id":783,"date":"2026-04-01T16:35:03","date_gmt":"2026-04-01T19:35:03","guid":{"rendered":"https:\/\/ufpr.br\/transparencia\/?page_id=783"},"modified":"2026-04-01T16:48:39","modified_gmt":"2026-04-01T19:48:39","slug":"licitacoes-e-contratos","status":"publish","type":"page","link":"https:\/\/ufpr.br\/transparencia\/licitacoes-e-contratos\/","title":{"rendered":"Licita\u00e7\u00f5es e Contratos"},"content":{"rendered":"\n<h2 class=\"wp-block-heading\">Licita\u00e7\u00f5es e Contratos<\/h2>\n\n\n\n<p>Nesta se\u00e7\u00e3o s\u00e3o divulgadas informa\u00e7\u00f5es sobre as licita\u00e7\u00f5es e contratos realizados pela Universidade Federal do Paran\u00e1.<\/p>\n\n\n\n<ul class=\"wp-block-list\">\n<li><a href=\"https:\/\/portaldatransparencia.gov.br\/url\/3973b58c\" target=\"_blank\" rel=\"noreferrer noopener\">Licita\u00e7\u00f5es \u2013 Portal da Transpar\u00eancia<\/a><\/li>\n<\/ul>\n\n\n\n<h6 class=\"wp-block-heading\">Ajuda:\u00a0<a href=\"https:\/\/ufpr.br\/transparencia\/wp-content\/uploads\/sites\/24\/2026\/04\/Passo-a-Passo.pdf\" data-type=\"link\" data-id=\"https:\/\/ufpr.br\/transparencia\/wp-content\/uploads\/sites\/24\/2026\/04\/Passo-a-Passo-1.pdf\" target=\"_blank\" rel=\"noreferrer noopener\">passo a passo<\/a><\/h6>\n\n\n\n<ul class=\"wp-block-list\">\n<li><a href=\"https:\/\/ufprbr0.sharepoint.com\/:x:\/s\/GEPEC\/ES5LSvSKqtRGlQf0wAQaYLkBB5LWsUofm8dh_TqgGO26-w?rtime=Oy48cw9U3Eg\" target=\"_blank\" rel=\"noreferrer noopener\">Licita\u00e7\u00f5es em Andamento<\/a><\/li>\n\n\n\n<li><a href=\"https:\/\/proad.ufpr.br\/licitacoes\/licitacoes-de-anos-anteriores\/\" target=\"_blank\" rel=\"noreferrer noopener\">Licita\u00e7\u00f5es de Anos Anteriores<\/a><\/li>\n<\/ul>\n\n\n\n<ul class=\"wp-block-list\">\n<li><a href=\"https:\/\/portaldatransparencia.gov.br\/url\/993d98fe\" target=\"_blank\" rel=\"noreferrer noopener\">Contratos \u2013 Portal da Transpar\u00eancia<\/a><\/li>\n<\/ul>\n\n\n\n<h6 class=\"wp-block-heading\">Ajuda:\u00a0<a href=\"https:\/\/ufpr.br\/transparencia\/wp-content\/uploads\/sites\/24\/2026\/04\/Passo-a-Passo.pdf\" data-type=\"link\" data-id=\"https:\/\/ufpr.br\/transparencia\/wp-content\/uploads\/sites\/24\/2026\/04\/Passo-a-Passo-1.pdf\" target=\"_blank\" rel=\"noreferrer noopener\">passo a passo<\/a><\/h6>\n\n\n\n<ul class=\"wp-block-list\">\n<li><a href=\"https:\/\/proad.ufpr.br\/licitacoes\/upcl\/pregoes-vigentes\/\" target=\"_blank\" rel=\"noreferrer noopener\">Preg\u00f5es Vigentes<\/a><\/li>\n<\/ul>\n\n\n\n<p><\/p>\n","protected":false},"excerpt":{"rendered":"<p>Licita\u00e7\u00f5es e Contratos Nesta se\u00e7\u00e3o s\u00e3o divulgadas informa\u00e7\u00f5es sobre as licita\u00e7\u00f5es e contratos realizados pela Universidade Federal do Paran\u00e1. Ajuda:\u00a0passo a passo Ajuda:\u00a0passo a passo<\/p>\n","protected":false},"author":114,"featured_media":0,"parent":0,"menu_order":0,"comment_status":"closed","ping_status":"closed","template":"","meta":{"footnotes":""},"class_list":["post-783","page","type-page","status-publish","hentry"],"_links":{"self":[{"href":"https:\/\/ufpr.br\/transparencia\/wp-json\/wp\/v2\/pages\/783","targetHints":{"allow":["GET"]}}],"collection":[{"href":"https:\/\/ufpr.br\/transparencia\/wp-json\/wp\/v2\/pages"}],"about":[{"href":"https:\/\/ufpr.br\/transparencia\/wp-json\/wp\/v2\/types\/page"}],"author":[{"embeddable":true,"href":"https:\/\/ufpr.br\/transparencia\/wp-json\/wp\/v2\/users\/114"}],"replies":[{"embeddable":true,"href":"https:\/\/ufpr.br\/transparencia\/wp-json\/wp\/v2\/comments?post=783"}],"version-history":[{"count":3,"href":"https:\/\/ufpr.br\/transparencia\/wp-json\/wp\/v2\/pages\/783\/revisions"}],"predecessor-version":[{"id":813,"href":"https:\/\/ufpr.br\/transparencia\/wp-json\/wp\/v2\/pages\/783\/revisions\/813"}],"wp:attachment":[{"href":"https:\/\/ufpr.br\/transparencia\/wp-json\/wp\/v2\/media?parent=783"}],"curies":[{"name":"wp","href":"https:\/\/api.w.org\/{rel}","templated":true}]}}