{"id":769,"date":"2026-04-01T16:29:38","date_gmt":"2026-04-01T19:29:38","guid":{"rendered":"https:\/\/ufpr.br\/transparencia\/?page_id=769"},"modified":"2026-04-01T16:29:39","modified_gmt":"2026-04-01T19:29:39","slug":"auditoria","status":"publish","type":"page","link":"https:\/\/ufpr.br\/transparencia\/auditoria\/","title":{"rendered":"Auditoria"},"content":{"rendered":"\n<h2 class=\"wp-block-heading\">Auditorias<\/h2>\n\n\n\n<p>Nesta se\u00e7\u00e3o s\u00e3o divulgadas informa\u00e7\u00f5es referentes ao resultado de inspe\u00e7\u00f5es, auditorias, presta\u00e7\u00f5es de contas e tomada de contas realizadas na Universidade Federal do Paran\u00e1.<\/p>\n\n\n\n<ul class=\"wp-block-list\">\n<li><a href=\"https:\/\/ufpr.br\/audin\/\" target=\"_blank\" rel=\"noreferrer noopener\">Auditoria Interna<\/a>\n<ul class=\"wp-block-list\">\n<li><a href=\"https:\/\/ufpr.br\/audin\/plano-anual-de-auditoria-interna-2\/\" target=\"_blank\" rel=\"noreferrer noopener\">Plano Anual de Auditoria Interna<\/a><\/li>\n\n\n\n<li><a href=\"https:\/\/ufpr.br\/audin\/relatorio-anual-de-atividades-de-auditoria-interna-2\/\" target=\"_blank\" rel=\"noreferrer noopener\">Relat\u00f3rio Anual de Atividades de Auditoria Interna<\/a><\/li>\n\n\n\n<li><a href=\"https:\/\/ufpr.br\/audin\/544-2\/\" target=\"_blank\" rel=\"noreferrer noopener\">Acompanhamento de Recomenda\u00e7\u00f5es<\/a><\/li>\n<\/ul>\n<\/li>\n<\/ul>\n\n\n\n<ul class=\"wp-block-list\">\n<li><a href=\"https:\/\/eaud.cgu.gov.br\/relatorios?apenasAbertas=false&amp;exibirColunaPendencias=false&amp;apenasModificadasNosUltimos30Dias=false&amp;colunaOrdenacao=dataPublicacao&amp;direcaoOrdenacao=DESC&amp;tamanhoPagina=15&amp;offset=0&amp;idsUJTCU=3191&amp;fixos=#lista\" target=\"_blank\" rel=\"noreferrer noopener\">Relat\u00f3rios da CGU<\/a><\/li>\n\n\n\n<li><a href=\"https:\/\/proplad.ufpr.br\/relatorio-de-gestao\/\" target=\"_blank\" rel=\"noreferrer noopener\">Relat\u00f3rios de Gest\u00e3o<\/a><\/li>\n<\/ul>\n","protected":false},"excerpt":{"rendered":"<p>Auditorias Nesta se\u00e7\u00e3o s\u00e3o divulgadas informa\u00e7\u00f5es referentes ao resultado de inspe\u00e7\u00f5es, auditorias, presta\u00e7\u00f5es de contas e tomada de contas realizadas na Universidade Federal do Paran\u00e1.<\/p>\n","protected":false},"author":114,"featured_media":0,"parent":0,"menu_order":0,"comment_status":"closed","ping_status":"closed","template":"","meta":{"footnotes":""},"class_list":["post-769","page","type-page","status-publish","hentry"],"_links":{"self":[{"href":"https:\/\/ufpr.br\/transparencia\/wp-json\/wp\/v2\/pages\/769","targetHints":{"allow":["GET"]}}],"collection":[{"href":"https:\/\/ufpr.br\/transparencia\/wp-json\/wp\/v2\/pages"}],"about":[{"href":"https:\/\/ufpr.br\/transparencia\/wp-json\/wp\/v2\/types\/page"}],"author":[{"embeddable":true,"href":"https:\/\/ufpr.br\/transparencia\/wp-json\/wp\/v2\/users\/114"}],"replies":[{"embeddable":true,"href":"https:\/\/ufpr.br\/transparencia\/wp-json\/wp\/v2\/comments?post=769"}],"version-history":[{"count":1,"href":"https:\/\/ufpr.br\/transparencia\/wp-json\/wp\/v2\/pages\/769\/revisions"}],"predecessor-version":[{"id":772,"href":"https:\/\/ufpr.br\/transparencia\/wp-json\/wp\/v2\/pages\/769\/revisions\/772"}],"wp:attachment":[{"href":"https:\/\/ufpr.br\/transparencia\/wp-json\/wp\/v2\/media?parent=769"}],"curies":[{"name":"wp","href":"https:\/\/api.w.org\/{rel}","templated":true}]}}

<h2 class="wp-block-heading">Auditorias</h2>



<p>Nesta seção são divulgadas informações referentes ao resultado de inspeções, auditorias, prestações de contas e tomada de contas realizadas na Universidade Federal do Paraná.</p>



<ul class="wp-block-list">
<li><a href="https://ufpr.br/audin/" target="_blank" rel="noreferrer noopener">Auditoria Interna</a>
<ul class="wp-block-list">
<li><a href="https://ufpr.br/audin/plano-anual-de-auditoria-interna-2/" target="_blank" rel="noreferrer noopener">Plano Anual de Auditoria Interna</a></li>



<li><a href="https://ufpr.br/audin/relatorio-anual-de-atividades-de-auditoria-interna-2/" target="_blank" rel="noreferrer noopener">Relatório Anual de Atividades de Auditoria Interna</a></li>



<li><a href="https://ufpr.br/audin/544-2/" target="_blank" rel="noreferrer noopener">Acompanhamento de Recomendações</a></li>
</ul>
</li>
</ul>



<ul class="wp-block-list">
<li><a href="https://eaud.cgu.gov.br/relatorios?apenasAbertas=false&amp;exibirColunaPendencias=false&amp;apenasModificadasNosUltimos30Dias=false&amp;colunaOrdenacao=dataPublicacao&amp;direcaoOrdenacao=DESC&amp;tamanhoPagina=15&amp;offset=0&amp;idsUJTCU=3191&amp;fixos=#lista" target="_blank" rel="noreferrer noopener">Relatórios da CGU</a></li>



<li><a href="https://proplad.ufpr.br/relatorio-de-gestao/" target="_blank" rel="noreferrer noopener">Relatórios de Gestão</a></li>
</ul>

<p>Auditorias Nesta seção são divulgadas informações referentes ao resultado de inspeções, auditorias, prestações de contas e tomada de contas realizadas na Universidade Federal do Paraná.</p>
