{"id":698,"date":"2026-03-26T11:29:31","date_gmt":"2026-03-26T14:29:31","guid":{"rendered":"https:\/\/ufpr.br\/transparencia\/?page_id=698"},"modified":"2026-04-02T14:55:32","modified_gmt":"2026-04-02T17:55:32","slug":"sic","status":"publish","type":"page","link":"https:\/\/ufpr.br\/transparencia\/sic\/","title":{"rendered":"Servi\u00e7o de Informa\u00e7\u00e3o ao Cidad\u00e3o (SIC)"},"content":{"rendered":"\n<h2 class=\"wp-block-heading\"><strong>ATEN\u00c7\u00c3O!<\/strong><\/h2>\n\n\n\n<p>Este setor n\u00e3o se confunde com o Servi\u00e7o de Telefonia e Servi\u00e7o de Atendimento ao Cliente\/Consumidor (SAC)!<\/p>\n\n\n\n<p>D\u00favidas relativas ao ensino, pesquisa, entre outros, favor contatar diretamente a unidade, setor respons\u00e1vel!<\/p>\n\n\n\n<hr class=\"wp-block-separator has-alpha-channel-opacity\" \/>\n\n\n\n<p>Para atender ao disposto na Lei 12.527, de 18 de novembro de 2011, esta p\u00e1gina destina-se a divulgar informa\u00e7\u00f5es sobre a Universidade Federal do Paran\u00e1, visando assegurar:<br>I \u2013 gest\u00e3o transparente da informa\u00e7\u00e3o, propiciando amplo acesso a ela e a sua divulga\u00e7\u00e3o;<br>II \u2013 prote\u00e7\u00e3o da informa\u00e7\u00e3o, garantindo-se sua disponibilidade, autenticidade e integridade; e,<br>III \u2013 prote\u00e7\u00e3o da informa\u00e7\u00e3o sigilosa e da informa\u00e7\u00e3o pessoal, observada a sua disponibilidade, autenticidade, integridade e eventual restri\u00e7\u00e3o de acesso.<\/p>\n\n\n\n<p>O acesso \u00e0 informa\u00e7\u00e3o, de que trata a Lei, compreende, entre outros, o direito de obter:<br>I \u2013 orienta\u00e7\u00e3o sobre os procedimentos para a consecu\u00e7\u00e3o de acesso, bem como sobre o local onde poder\u00e1 ser encontrada ou obtida a informa\u00e7\u00e3o almejada;<br>II \u2013 informa\u00e7\u00e3o contida em registros ou documentos, produzidos ou acumulados por seus \u00f3rg\u00e3os ou entidades, recolhidos ou n\u00e3o a arquivos p\u00fablicos;<br>III \u2013 informa\u00e7\u00e3o produzida ou custodiada por pessoa f\u00edsica ou entidade privada decorrente de qualquer v\u00ednculo com os \u00f3rg\u00e3os ou unidades administrativas da UFPR, mesmo que esse v\u00ednculo j\u00e1 tenha cessado;<br>IV \u2013 informa\u00e7\u00e3o prim\u00e1ria, \u00edntegra, aut\u00eantica e atualizada;<br>V \u2013 informa\u00e7\u00e3o sobre atividades exercidas pelos diversos \u00f3rg\u00e3os e unidades administrativas da UFPR, inclusive as relativas \u00e0 sua pol\u00edtica, organiza\u00e7\u00e3o e servi\u00e7os;<br>VI \u2013 informa\u00e7\u00e3o pertinente \u00e0 administra\u00e7\u00e3o do patrim\u00f4nio p\u00fablico, utiliza\u00e7\u00e3o de recursos p\u00fablicos, licita\u00e7\u00e3o, contratos administrativos; e,<br>VII \u2013 informa\u00e7\u00e3o relativa:<br>a) \u00e0 implementa\u00e7\u00e3o, acompanhamento e resultados dos programas, projetos e a\u00e7\u00f5es da UFPR dos \u00f3rg\u00e3os e unidades administrativas da UFPR, bem como metas e indicadores propostos; e,<br>b) aos resultados de inspe\u00e7\u00f5es auditorias, presta\u00e7\u00f5es e tomadas de contas realizadas pelos \u00f3rg\u00e3os de controle interno e externo, incluindo presta\u00e7\u00f5es de contas de exerc\u00edcios anteriores.<\/p>\n\n\n\n<p>Assim, voc\u00ea encontrar\u00e1 nesta p\u00e1gina:<br>I \u2013 registro das compet\u00eancias e estrutura organizacional, endere\u00e7os e telefones dos \u00f3rg\u00e3os e respectivas unidades da UFPR e hor\u00e1rios de atendimento ao p\u00fablico;<br>II \u2013 registro de quaisquer repasses ou transfer\u00eancias de recursos financeiros;<br>III \u2013 registro de despesas;<br>IV \u2013 informa\u00e7\u00f5es concernentes a procedimentos licitat\u00f3rios, inclusive os respectivos editais e resultados, bem como todos os contratos celebrados pela UFPR;<br>V \u2013 dados gerais para o acompanhamento de programas, a\u00e7\u00f5es projetos e obras de \u00f3rg\u00e3os e unidades administrativas da UFPR; e,<br>VI \u2013 respostas \u00e0s perguntas mais frequentes da sociedade.<\/p>\n\n\n\n<p><strong>Localiza\u00e7\u00e3o<\/strong><\/p>\n\n\n\n<ul class=\"wp-block-list\">\n<li>Rua XV de Novembro, 1299 \u2013 Edif\u00edcio Dom Pedro II (entrada pelo acesso lateral) \u2013 T\u00e9rreo \u2013 Centro<br>Curitiba \u2013 PR \u2013 CEP 80060-000<\/li>\n<\/ul>\n\n\n\n<p><strong>Hor\u00e1rio de atendimento ao p\u00fablico<\/strong><\/p>\n\n\n\n<ul class=\"wp-block-list\">\n<li>Segunda a sexta-feira, de 8h30 \u00e0s 11h e das 12h \u00e0s 17h.<\/li>\n<\/ul>\n\n\n\n<p><strong>Nome dos servidores respons\u00e1veis pelo SIC<\/strong>:<\/p>\n\n\n\n<ul class=\"wp-block-list\">\n<li>Carolina Bagattolli<\/li>\n\n\n\n<li>Norton Nohama<\/li>\n\n\n\n<li>Vanessa Hoshina<\/li>\n\n\n\n<li>Viviane Oliveira<\/li>\n\n\n\n<li>William Moreira<\/li>\n<\/ul>\n\n\n\n<p><strong>Telefone e e-mails para orienta\u00e7\u00e3o e esclarecimentos de d\u00favidas:<\/strong><\/p>\n\n\n\n<ul class=\"wp-block-list\">\n<li>Telefone: (41) 3360-5099<\/li>\n\n\n\n<li>E-mail:&nbsp;<a href=\"mailto:sic@ufpr.br\">sic@ufpr.br<\/a>&nbsp;(apenas mensagem por e-mail)<\/li>\n<\/ul>\n\n\n\n<p><strong>Autoridade da UFPR respons\u00e1vel pelo monitoramento da implementa\u00e7\u00e3o da Lei de Acesso \u00e0 Informa\u00e7\u00e3o no \u00e2mbito do \u00f3rg\u00e3o\/entidade:<\/strong><\/p>\n\n\n\n<p>Carolina Bagattolli&nbsp;<a href=\"http:\/\/lattes.cnpq.br\/9814780599005355\" target=\"_blank\" rel=\"noreferrer noopener\">Curr\u00edculo Lattes<\/a><\/p>\n\n\n\n<p>Professora do Magist\u00e9rio Superior<\/p>\n\n\n\n<p><strong>Link para o Sistema de Solicita\u00e7\u00e3o de Acesso \u00e0 Informa\u00e7\u00e3o do Poder Executivo Federal, disponibilizado pela Controladoria Geral da Uni\u00e3o, o qual permite que o requerente selecione o \u00f3rg\u00e3o ou entidade para o qual deseja endere\u00e7ar pedido de acesso \u00e0 informa\u00e7\u00e3o.<\/strong><\/p>\n\n\n\n<p><a href=\"http:\/\/www.acessoainformacao.gov.br\/\" target=\"_blank\" rel=\"noreferrer noopener\"><\/a>&nbsp; &nbsp;&nbsp;<a href=\"https:\/\/falabr.cgu.gov.br\/\" target=\"_blank\" rel=\"noreferrer noopener\">Plataforma Integrada de Ouvidoria e Acesso \u00e0 Informa\u00e7\u00e3o (Fala.BR)<\/a><\/p>\n\n\n\n<ul class=\"wp-block-list\">\n<li><a href=\"https:\/\/www.gov.br\/acessoainformacao\/pt-br\/lai\" target=\"_blank\" rel=\"noreferrer noopener\">Informa\u00e7\u00f5es sobre o sistema Fala.BR<\/a><\/li>\n<\/ul>\n\n\n\n<hr class=\"wp-block-separator has-alpha-channel-opacity\" \/>\n\n\n\n<p>Nesta se\u00e7\u00e3o s\u00e3o divulgadas informa\u00e7\u00f5es institucionais e organizacionais da Universidade Federal do Paran\u00e1, compreendendo suas fun\u00e7\u00f5es, compet\u00eancias, estrutura organizacional, rela\u00e7\u00e3o de autoridades (quem \u00e9 quem), agenda de autoridades, hor\u00e1rios de atendimento e legisla\u00e7\u00e3o da Universidade Federal do Paran\u00e1.<\/p>\n\n\n\n<ul class=\"wp-block-list\">\n<li><a href=\"https:\/\/siorg.gov.br\/siorg-cidadao-webapp\/pages\/organograma\/organograma_sem_timbre.jsf?id=390668\" target=\"_blank\" rel=\"noreferrer noopener\">ESTRUTURA ORGANIZACIONAL (organograma)<\/a><\/li>\n\n\n\n<li>Compet\u00eancias<\/li>\n<\/ul>\n\n\n\n<p><a href=\"https:\/\/sic.ufpr.br\/wp-content\/uploads\/2025\/08\/carta_servicos_ufpr.pdf#page=13\" target=\"_blank\" rel=\"noreferrer noopener\">Compet\u00eancias at\u00e9 o 4\u00ba n\u00edvel e hor\u00e1rios de atendimento<\/a><\/p>\n\n\n\n<h5 class=\"wp-block-heading\">Base jur\u00eddica<\/h5>\n\n\n\n<ul class=\"wp-block-list\">\n<li><a href=\"http:\/\/www.soc.ufpr.br\/portal\/wp-content\/uploads\/2022\/08\/ESTATUTO-DA-UFPR-1.pdf\" target=\"_blank\" rel=\"noreferrer noopener\">Estatuto<\/a><\/li>\n\n\n\n<li><a href=\"http:\/\/www.soc.ufpr.br\/portal\/wp-content\/uploads\/2021\/02\/Reg-Geral-da-UFPR-atualizado.pdf\" target=\"_blank\" rel=\"noreferrer noopener\">Regimento Geral da UFPR<\/a><\/li>\n\n\n\n<li><a href=\"http:\/\/www.soc.ufpr.br\/portal\/wp-content\/uploads\/2019\/04\/COUN1119.pdf\" target=\"_blank\" rel=\"noreferrer noopener\">Regimento dos \u00d3rg\u00e3os Normativos, Deliberativos e Consultivos Superiores<\/a><\/li>\n\n\n\n<li><a href=\"http:\/\/www.soc.ufpr.br\/portal\/regimentos-da-reitoria-dos-setores-e-dos-campi\/\" target=\"_blank\" rel=\"noreferrer noopener\">Regimentos da Reitoria e dos Setores<\/a><\/li>\n\n\n\n<li><a href=\"http:\/\/www.soc.ufpr.br\/resolucoes-vigentes\/\" target=\"_blank\" rel=\"noreferrer noopener\">Instru\u00e7\u00f5es Normativas e Resolu\u00e7\u00f5es Vigentes<\/a><\/li>\n\n\n\n<li><a href=\"http:\/\/progepe.ufpr.br\/portal\/bgp\/\" target=\"_blank\" rel=\"noreferrer noopener\">Portarias<\/a><\/li>\n<\/ul>\n\n\n\n<h5 class=\"wp-block-heading\">Quem \u00e9 Quem, contatos at\u00e9 o 5\u00ba n\u00edvel e Agendas de Autoridades \/&nbsp; Curr\u00edculos at\u00e9 o&nbsp;4\u00ba n\u00edvel hier\u00e1rquico<\/h5>\n\n\n\n<ul class=\"wp-block-list\">\n<li><a href=\"https:\/\/eagendas.cgu.gov.br\/\" target=\"_blank\" rel=\"noreferrer noopener\">Agendas de Autoridades<\/a>\n<ul class=\"wp-block-list\">\n<li>Orienta\u00e7\u00e3o: clicar no link \u201cAgendas de Autoridades\u201d;<\/li>\n\n\n\n<li>Digitar UFPR no campo \u201c\u00d3rg\u00e3o ou entidade\u201d;<\/li>\n\n\n\n<li>Selecionar o \u201cCargo\u201d;<\/li>\n\n\n\n<li>Selecionar o \u201cAgente P\u00fablico Obrigado\u201d;<\/li>\n\n\n\n<li>Por fim, clicar em \u201cMostrar agenda\u201d.<\/li>\n<\/ul>\n<\/li>\n\n\n\n<li><a href=\"https:\/\/progepe.ufpr.br\/relatorios\/\" target=\"_blank\" rel=\"noreferrer noopener\">Lista de&nbsp; cargos e respectivos ocupantes at\u00e9 o 5\u00ba n\u00edvel hier\u00e1rquico<\/a>&nbsp;(ap\u00f3s clicar o link, ir para&nbsp;Relat\u00f3rio de Servidores do Quadro Geral da UFPR ocupantes de Fun\u00e7\u00e3o)<\/li>\n<\/ul>\n\n\n\n<ul class=\"wp-block-list\">\n<li><a href=\"https:\/\/ufpr.br\/conselhos-superiores\/\" target=\"_blank\" rel=\"noreferrer noopener\">Conselhos Superiores<\/a><\/li>\n\n\n\n<li><a href=\"https:\/\/ufpr.br\/gabinete-do-reitor\/\" target=\"_blank\" rel=\"noreferrer noopener\">Gabinete do Reitor<\/a><\/li>\n\n\n\n<li><a href=\"https:\/\/internacional.ufpr.br\/portal\/equipe\/\" target=\"_blank\" rel=\"noreferrer noopener\">Escrit\u00f3rio de Rela\u00e7\u00f5es Internacionais<\/a><\/li>\n\n\n\n<li><a href=\"https:\/\/audin.ufpr.br\/equipe\/\" target=\"_blank\" rel=\"noreferrer noopener\">Auditoria Interna<\/a><\/li>\n\n\n\n<li><a href=\"https:\/\/integra.ufpr.br\/sobre-nos\/\" target=\"_blank\" rel=\"noreferrer noopener\">Diretoria de Desenvolvimento do Interior<\/a><\/li>\n\n\n\n<li><a href=\"http:\/\/www.diretoriadisciplinar.ufpr.br\/portal\/equipe\/\" target=\"_blank\" rel=\"noreferrer noopener\">Diretoria Disciplinar<\/a><\/li>\n\n\n\n<li><a href=\"https:\/\/bibliotecas.ufpr.br\/sobre\/#direcao\" target=\"_blank\" rel=\"noreferrer noopener\">Sistema de Bibliotecas<\/a><\/li>\n\n\n\n<li>Pr\u00f3-Reitorias\n<ul class=\"wp-block-list\">\n<li><a href=\"https:\/\/proad.ufpr.br\/equipe\/\" target=\"_blank\" rel=\"noreferrer noopener\">Or\u00e7amento e Administra\u00e7\u00e3o<\/a><\/li>\n\n\n\n<li><a href=\"https:\/\/p4e.ufpr.br\/equipe-p4e\/\" target=\"_blank\" rel=\"noreferrer noopener\">Pertencimento e Pol\u00edticas de Perman\u00eancia Estudantil<\/a><\/li>\n\n\n\n<li><a href=\"http:\/\/www.proec.ufpr.br\/links\/gabinete.html\" target=\"_blank\" rel=\"noreferrer noopener\">Extens\u00e3o e Cultura<\/a><\/li>\n\n\n\n<li><a href=\"http:\/\/progepe.ufpr.br\/portal\/progepe\/\" target=\"_blank\" rel=\"noreferrer noopener\">Gest\u00e3o de Pessoas<\/a><\/li>\n\n\n\n<li><a href=\"http:\/\/www.prograd.ufpr.br\/portal\/contato\/\" target=\"_blank\" rel=\"noreferrer noopener\">Gradua\u00e7\u00e3o e Educa\u00e7\u00e3o Profissional<\/a><\/li>\n\n\n\n<li><a href=\"https:\/\/www.prppg.ufpr.br\/site\/pb\/propg\/\" target=\"_blank\" rel=\"noreferrer noopener\">P\u00f3s-Gradua\u00e7\u00e3o<\/a><\/li>\n\n\n\n<li><a href=\"https:\/\/proplad.ufpr.br\/equipe\/\" target=\"_blank\" rel=\"noreferrer noopener\">Planejamento e Dados<\/a><\/li>\n\n\n\n<li><a href=\"https:\/\/ufpr.br\/prpi\/contatos\/\" target=\"_blank\" rel=\"noreferrer noopener\">Pesquisa e Inova\u00e7\u00e3o<\/a><\/li>\n\n\n\n<li><a href=\"https:\/\/proafe.ufpr.br\/contato-10\/\" target=\"_blank\" rel=\"noreferrer noopener\">A\u00e7\u00f5es Afirmativas e Equidade<\/a><\/li>\n<\/ul>\n<\/li>\n\n\n\n<li><a href=\"https:\/\/ufpr.br\/comunicacao\/\" target=\"_blank\" rel=\"noreferrer noopener\">Superintend\u00eancia de Comunica\u00e7\u00e3o<\/a><\/li>\n\n\n\n<li><a href=\"http:\/\/www.suinfra.ufpr.br\/portal\/agenda-oficial\/\" target=\"_blank\" rel=\"noreferrer noopener\">Superintend\u00eancia de Infraestrutura<\/a><\/li>\n\n\n\n<li><a href=\"https:\/\/cipead.ufpr.br\/index.php\/equipe\/\" target=\"_blank\" rel=\"noreferrer noopener\">Superintend\u00eancia de Educa\u00e7\u00e3o \u00e0 Dist\u00e2ncia e Inova\u00e7\u00f5es Pedag\u00f3gicas<\/a><\/li>\n\n\n\n<li><a href=\"https:\/\/spin.ufpr.br\/contatos\/\" target=\"_blank\" rel=\"noreferrer noopener\">Superintend\u00eancia de Parcerias e Rela\u00e7\u00f5es Institucionais<\/a><\/li>\n\n\n\n<li>Setores\n<ul class=\"wp-block-list\">\n<li><a href=\"https:\/\/sacod.ufpr.br\/o-setor-2\/\" target=\"_blank\" rel=\"noreferrer noopener\">Setor de Artes, Comunica\u00e7\u00e3o e Design<\/a><\/li>\n\n\n\n<li><a href=\"https:\/\/agrarias.ufpr.br\/administracao\" target=\"_blank\" rel=\"noreferrer noopener\">Setor de Ci\u00eancias Agr\u00e1rias<\/a><\/li>\n\n\n\n<li><a href=\"https:\/\/bio.ufpr.br\/o-setor\/\" target=\"_blank\" rel=\"noreferrer noopener\">Setor de Ci\u00eancias Biol\u00f3gicas<\/a><\/li>\n\n\n\n<li><a href=\"https:\/\/terra.ufpr.br\/contato\/\" target=\"_blank\" rel=\"noreferrer noopener\">Setor de Ci\u00eancias da Terra<\/a><\/li>\n\n\n\n<li><a href=\"https:\/\/saude.ufpr.br\/direcao\/\" target=\"_blank\" rel=\"noreferrer noopener\">Setor de Ci\u00eancias da Sa\u00fade<\/a><\/li>\n\n\n\n<li><a href=\"https:\/\/educacao.ufpr.br\/contatos\/\" target=\"_blank\" rel=\"noreferrer noopener\">Setor de Educa\u00e7\u00e3o<\/a><\/li>\n\n\n\n<li><a href=\"http:\/\/www.sept.ufpr.br\/portal\/unidades-do-setor\" target=\"_blank\" rel=\"noreferrer noopener\">Setor de Educa\u00e7\u00e3o Profissional e Tecnol\u00f3gica<\/a><\/li>\n\n\n\n<li><a href=\"https:\/\/exatas.ufpr.br\/diretoria-2\/\" target=\"_blank\" rel=\"noreferrer noopener\">Setor de Ci\u00eancias Exatas<\/a><\/li>\n\n\n\n<li><a href=\"http:\/\/www.humanas.ufpr.br\/portal\/setor\/estrutura-administrativa\/\" target=\"_blank\" rel=\"noreferrer noopener\">Setor de Ci\u00eancias Humanas<\/a><\/li>\n\n\n\n<li><a href=\"https:\/\/direito.ufpr.br\/?page_id=10513\" target=\"_blank\" rel=\"noreferrer noopener\">Setor de Ci\u00eancias Jur\u00eddicas<\/a><\/li>\n\n\n\n<li><a href=\"https:\/\/sociaisaplicadas.ufpr.br\/estrutura-administrativa\/\" target=\"_blank\" rel=\"noreferrer noopener\">Setor de Ci\u00eancias Sociais Aplicadas<\/a><\/li>\n\n\n\n<li><a href=\"https:\/\/tecnologia.ufpr.br\/fale-com-a-direcao\/\" target=\"_blank\" rel=\"noreferrer noopener\">Setor de Tecnologia<\/a><\/li>\n\n\n\n<li><a href=\"https:\/\/litoral.ufpr.br\/ufpr-litoral\/direcao-setorial\/\" target=\"_blank\" rel=\"noreferrer noopener\">Setor Litoral<\/a><\/li>\n\n\n\n<li><a href=\"https:\/\/palotina.ufpr.br\/setor\/\" target=\"_blank\" rel=\"noreferrer noopener\">Setor Palotina<\/a><\/li>\n\n\n\n<li><a href=\"https:\/\/jandaiadosul.ufpr.br\/contatos\/\" target=\"_blank\" rel=\"noreferrer noopener\">Campus Jandaia do Sul<\/a><\/li>\n\n\n\n<li><a href=\"http:\/\/www.cem.ufpr.br\/portal\/equipes-e-contatos\/\" target=\"_blank\" rel=\"noreferrer noopener\">Campus Pontal do Paran\u00e1 \u2013 Centro de Estudos do Mar<\/a><\/li>\n\n\n\n<li><a href=\"https:\/\/toledo.ufpr.br\/estrutura-administrativa\/\" target=\"_blank\" rel=\"noreferrer noopener\">Campus Toledo<\/a><\/li>\n<\/ul>\n<\/li>\n\n\n\n<li>Ensino\n<ul class=\"wp-block-list\">\n<li>Gradua\u00e7\u00e3o\n<ul class=\"wp-block-list\">\n<li><a href=\"https:\/\/ufpr.br\/cursos-em-curitiba\/\" target=\"_blank\" rel=\"noreferrer noopener\">Cursos em Curitiba<\/a><\/li>\n\n\n\n<li><a href=\"https:\/\/ufpr.br\/cursos-em-jandaia-do-sul\/\" target=\"_blank\" rel=\"noreferrer noopener\">Cursos em Jandaia do Sul<\/a><\/li>\n\n\n\n<li><a href=\"https:\/\/ufpr.br\/cursos-em-matinhos\/\" target=\"_blank\" rel=\"noreferrer noopener\">Cursos em Matinhos<\/a><\/li>\n\n\n\n<li><a href=\"https:\/\/ufpr.br\/cursos-em-palotina\/\" target=\"_blank\" rel=\"noreferrer noopener\">Cursos em Palotina<\/a><\/li>\n\n\n\n<li><a href=\"https:\/\/ufpr.br\/cursos-em-pontal-do-parana\/\" target=\"_blank\" rel=\"noreferrer noopener\">Cursos em Pontal do Paran\u00e1<\/a><\/li>\n\n\n\n<li><a href=\"https:\/\/ufpr.br\/cursos-em-toledo\/\" target=\"_blank\" rel=\"noreferrer noopener\">Cursos em Toledo<\/a><\/li>\n\n\n\n<li><a href=\"https:\/\/ufpr.br\/cursos-de-graduacao-a-distancia\/\" target=\"_blank\" rel=\"noreferrer noopener\">Cursos a dist\u00e2ncia (EaD)<\/a><\/li>\n<\/ul>\n<\/li>\n\n\n\n<li><a href=\"https:\/\/ufpr.br\/especializacao\/\">Especializa\u00e7\u00e3o<\/a><\/li>\n\n\n\n<li><a href=\"https:\/\/ufpr.br\/mestrado-e-doutorado\/\">Mestrado e Doutorado<\/a><\/li>\n\n\n\n<li><a href=\"http:\/\/www.sept.ufpr.br\/portal\/cursos\/\">Educa\u00e7\u00e3o Profissional<\/a><\/li>\n<\/ul>\n<\/li>\n<\/ul>\n\n\n\n<ul class=\"wp-block-list\">\n<li><a href=\"http:\/\/www.ouvidoriageral.ufpr.br\/\" target=\"_blank\" rel=\"noreferrer noopener\">Ouvidoria Geral<\/a><\/li>\n<\/ul>\n","protected":false},"excerpt":{"rendered":"<p>ATEN\u00c7\u00c3O! Este setor n\u00e3o se confunde com o Servi\u00e7o de Telefonia e Servi\u00e7o de Atendimento ao Cliente\/Consumidor (SAC)! D\u00favidas relativas ao ensino, pesquisa, entre outros, favor contatar diretamente a unidade, setor respons\u00e1vel! Para atender ao disposto na Lei 12.527, de 18 de novembro de 2011, esta p\u00e1gina destina-se a divulgar informa\u00e7\u00f5es sobre a Universidade Federal [&hellip;]<\/p>\n","protected":false},"author":8,"featured_media":0,"parent":0,"menu_order":0,"comment_status":"closed","ping_status":"closed","template":"","meta":{"footnotes":""},"class_list":["post-698","page","type-page","status-publish","hentry"],"_links":{"self":[{"href":"https:\/\/ufpr.br\/transparencia\/wp-json\/wp\/v2\/pages\/698","targetHints":{"allow":["GET"]}}],"collection":[{"href":"https:\/\/ufpr.br\/transparencia\/wp-json\/wp\/v2\/pages"}],"about":[{"href":"https:\/\/ufpr.br\/transparencia\/wp-json\/wp\/v2\/types\/page"}],"author":[{"embeddable":true,"href":"https:\/\/ufpr.br\/transparencia\/wp-json\/wp\/v2\/users\/8"}],"replies":[{"embeddable":true,"href":"https:\/\/ufpr.br\/transparencia\/wp-json\/wp\/v2\/comments?post=698"}],"version-history":[{"count":3,"href":"https:\/\/ufpr.br\/transparencia\/wp-json\/wp\/v2\/pages\/698\/revisions"}],"predecessor-version":[{"id":827,"href":"https:\/\/ufpr.br\/transparencia\/wp-json\/wp\/v2\/pages\/698\/revisions\/827"}],"wp:attachment":[{"href":"https:\/\/ufpr.br\/transparencia\/wp-json\/wp\/v2\/media?parent=698"}],"curies":[{"name":"wp","href":"https:\/\/api.w.org\/{rel}","templated":true}]}}