{"id":22,"date":"2019-09-23T16:51:33","date_gmt":"2019-09-23T19:51:33","guid":{"rendered":"https:\/\/ufpr.br\/?page=22"},"modified":"2025-09-23T15:13:39","modified_gmt":"2025-09-23T18:13:39","slug":"historico","status":"publish","type":"page","link":"https:\/\/ufpr.br\/seadip\/historico\/","title":{"rendered":"HIST\u00d3RICO"},"content":{"rendered":"\n<p>Na UFPR, a EaD tem uma trajet\u00f3ria j\u00e1 consolidada. Em 2000, a portaria do CES 235\/2000 autorizou a oferta de cursos de gradua\u00e7\u00e3o e profissionalizantes na modalidade EaD. Desde ent\u00e3o, em parceria com o programa UAB \u2013 Universidade Aberta do Brasil \u2013 s\u00e3o ofertados cursos de gradua\u00e7\u00e3o, especializa\u00e7\u00e3o e aperfei\u00e7oamento.<\/p>\n\n\n\n<p>Em 2010, a resolu\u00e7\u00e3o do CEPE 72\/10 passou a regulamentar a oferta de carga hor\u00e1ria EaD em cursos presenciais. Essa resolu\u00e7\u00e3o ficou conhecida durante muito tempo como a \u201cresolu\u00e7\u00e3o dos 20%\u201d. Isso porque a carga hor\u00e1ria referente ao ensino a dist\u00e2ncia deveria corresponder a no m\u00e1ximo 20% do total do curso.<\/p>\n\n\n\n<p>De 2013 a 2016 houve um acompanhamento da CIPEAD no intuito de acompanhar o processo de implanta\u00e7\u00e3o dessa carga hor\u00e1ria a dist\u00e2ncia nos diversos cursos de gradua\u00e7\u00e3o.<\/p>\n\n\n\n<p>Em 2017, acompanhando o fluxo de reformas curriculares trazido pela resolu\u00e7\u00e3o do CNE 02\/15, a CIPEAD lan\u00e7a o projeto&nbsp;<strong><b>UFPR H\u00cdBRIDA<\/b><\/strong>&nbsp;com o objetivo de consolidar o apoio aos cursos e professores que desejam inserir o uso de tecnologias e de outros ambientes de aprendizagem al\u00e9m do espa\u00e7o f\u00edsico tradicional da sala de aula.<\/p>\n\n\n\n<p>Trata-se de uma iniciativa que se ampara em um cen\u00e1rio de uso intenso de tecnologias que, entende-se, podem fortalecer e consolidar metodologias de ensino ativas. Al\u00e9m de apresentar informa\u00e7\u00f5es sobre as quest\u00f5es burocr\u00e1ticas e institucionais que permeiam a implanta\u00e7\u00e3o da educa\u00e7\u00e3o h\u00edbrida, esse projeto tamb\u00e9m busca oferecer cursos de forma\u00e7\u00e3o para a comunidade docente que possam auxiliar no uso do ambiente virtual de aprendizagem da UFPR \u2013 o AVA.<\/p>\n\n\n\n<p>Em 2019, foi lan\u00e7ado o Projeto Terra Roxa. Trata-se de um conjunto de a\u00e7\u00f5es que integram o processo de institucionaliza\u00e7\u00e3o da EaD na UFPR. Essa iniciativa abre passo para a cria\u00e7\u00e3o dos NTEs \u2013 N\u00facleos de Tecnologias Educacionais \u2013 nos diversos setores que v\u00e3o possibilitar a cria\u00e7\u00e3o e implementa\u00e7\u00e3o de diversas pol\u00edticas envolvendo a EaD e as tecnologias educacionais.<\/p>\n","protected":false},"excerpt":{"rendered":"<p>Na UFPR, a EaD tem uma trajet\u00f3ria j\u00e1 consolidada. Em 2000, a portaria do CES 235\/2000 autorizou a oferta de cursos de gradua\u00e7\u00e3o e profissionalizantes na modalidade EaD. Desde ent\u00e3o, em parceria com o programa UAB \u2013 Universidade Aberta do Brasil \u2013 s\u00e3o ofertados cursos de gradua\u00e7\u00e3o, especializa\u00e7\u00e3o e aperfei\u00e7oamento. Em 2010, a resolu\u00e7\u00e3o do [&hellip;]<\/p>\n","protected":false},"author":14,"featured_media":0,"parent":0,"menu_order":0,"comment_status":"closed","ping_status":"closed","template":"template\/full-width.php","meta":{"footnotes":""},"class_list":["post-22","page","type-page","status-publish","hentry"],"_links":{"self":[{"href":"https:\/\/ufpr.br\/seadip\/wp-json\/wp\/v2\/pages\/22","targetHints":{"allow":["GET"]}}],"collection":[{"href":"https:\/\/ufpr.br\/seadip\/wp-json\/wp\/v2\/pages"}],"about":[{"href":"https:\/\/ufpr.br\/seadip\/wp-json\/wp\/v2\/types\/page"}],"author":[{"embeddable":true,"href":"https:\/\/ufpr.br\/seadip\/wp-json\/wp\/v2\/users\/14"}],"replies":[{"embeddable":true,"href":"https:\/\/ufpr.br\/seadip\/wp-json\/wp\/v2\/comments?post=22"}],"version-history":[{"count":24,"href":"https:\/\/ufpr.br\/seadip\/wp-json\/wp\/v2\/pages\/22\/revisions"}],"predecessor-version":[{"id":8901,"href":"https:\/\/ufpr.br\/seadip\/wp-json\/wp\/v2\/pages\/22\/revisions\/8901"}],"wp:attachment":[{"href":"https:\/\/ufpr.br\/seadip\/wp-json\/wp\/v2\/media?parent=22"}],"curies":[{"name":"wp","href":"https:\/\/api.w.org\/{rel}","templated":true}]}}