{"id":129,"date":"2019-09-25T11:31:53","date_gmt":"2019-09-25T14:31:53","guid":{"rendered":"https:\/\/ufpr.br\/?page=129"},"modified":"2026-02-24T13:18:30","modified_gmt":"2026-02-24T16:18:30","slug":"polos","status":"publish","type":"page","link":"https:\/\/ufpr.br\/seadip\/uab\/polos\/","title":{"rendered":"POLOS"},"content":{"rendered":"\n<h2 class=\"wp-block-heading\"><strong>POLOS COM OFERTA DE CURSOS UAB\/UFPR<\/strong><\/h2>\n\n\n\n<div class=\"wp-block-group is-content-justification-left is-nowrap is-layout-flex wp-container-core-group-is-layout-f56a869c wp-block-group-is-layout-flex\">\n<p>Para filtrar os polos por curso, clique no \u00edcone <\/p>\n\n\n\n<figure class=\"wp-block-image size-full\"><img loading=\"lazy\" decoding=\"async\" width=\"31\" height=\"29\" src=\"https:\/\/ufpr.br\/seadip\/wp-content\/uploads\/2026\/02\/image-1.png\" alt=\"\" class=\"wp-image-11062\" \/><\/figure>\n<\/div>\n\n\n\n<div style=\"height:12px\" aria-hidden=\"true\" class=\"wp-block-spacer\"><\/div>\n\n\n\n<iframe loading=\"lazy\" src=\"https:\/\/www.google.com\/maps\/d\/u\/0\/embed?mid=1yOsHT_42blY2L-WKDGuaAZchvmI6MoM&amp;ehbc=2E312F&amp;noprof=1\" width=\"640\" height=\"480\"><\/iframe>\n\n\n\n<div style=\"height:28px\" aria-hidden=\"true\" class=\"wp-block-spacer\"><\/div>\n\n\n\n<h4 class=\"wp-block-heading\"><strong>Pedagogia<\/strong><\/h4>\n\n\n\n<ul id=\"block-faeb3eee-fb15-4e1d-b65d-c67320bf9e9b\" class=\"wp-block-list\">\n<li>Campo Largo<\/li>\n\n\n\n<li>Curitiba<\/li>\n\n\n\n<li>Lapa<\/li>\n\n\n\n<li>Palmeira<\/li>\n\n\n\n<li>Paranagu\u00e1<\/li>\n\n\n\n<li>Ponta Grossa<\/li>\n\n\n\n<li>Pontal do Paran\u00e1<\/li>\n\n\n\n<li>Rio Branco do Sul<\/li>\n\n\n\n<li>Rio Negro<\/li>\n\n\n\n<li>S\u00e3o Jo\u00e3o do Triunfo<\/li>\n\n\n\n<li>Tel\u00eamaco Borba<\/li>\n\n\n\n<li>Tibagi<\/li>\n<\/ul>\n\n\n\n<h4 class=\"wp-block-heading\"><strong>Tecn\u00f3logo em Gest\u00e3o Cultural<\/strong><\/h4>\n\n\n\n<ul class=\"wp-block-list\">\n<li>Campo Largo<\/li>\n\n\n\n<li>C\u00e9u Azul<\/li>\n\n\n\n<li>Rio Branco do Sul<\/li>\n\n\n\n<li>Ubirat\u00e3<\/li>\n\n\n\n<li>Umuarama<\/li>\n<\/ul>\n\n\n\n<h4 class=\"wp-block-heading\"><strong>Especializa\u00e7\u00e3o em Educa\u00e7\u00e3o de Jovens e Adultos do Campo<\/strong><\/h4>\n\n\n\n<ul class=\"wp-block-list\">\n<li>Apucarana<\/li>\n\n\n\n<li>Goioer\u00ea<\/li>\n\n\n\n<li>Jaguapit\u00e3<\/li>\n\n\n\n<li>Palmital<\/li>\n\n\n\n<li>Siqueira Campos<\/li>\n<\/ul>\n\n\n\n<h4 class=\"wp-block-heading\"><strong>Especializa\u00e7\u00e3o em Rela\u00e7\u00f5es Raciais e Diversidade<\/strong><\/h4>\n\n\n\n<ul class=\"wp-block-list\">\n<li>Campo Largo<\/li>\n\n\n\n<li>C\u00e2ndido de Abreu<\/li>\n\n\n\n<li>Ponta Grossa<\/li>\n\n\n\n<li>Pontal do Paran\u00e1<\/li>\n\n\n\n<li>Tel\u00eamaco Borba<\/li>\n<\/ul>\n\n\n\n<h4 class=\"wp-block-heading\"><strong>Especializa\u00e7\u00e3o em Gest\u00e3o Escolar<\/strong><\/h4>\n\n\n\n<ul class=\"wp-block-list\">\n<li>Campo Largo<\/li>\n\n\n\n<li>Cerro Azul<\/li>\n\n\n\n<li>Curitiba<\/li>\n\n\n\n<li>Ponta Grossa<\/li>\n\n\n\n<li>Rio Branco do Sul<\/li>\n\n\n\n<li>Rio Negro<\/li>\n<\/ul>\n\n\n\n<h4 class=\"wp-block-heading\"><strong>Especializa\u00e7\u00e3o em Gest\u00e3o em Sa\u00fade<\/strong><\/h4>\n\n\n\n<ul class=\"wp-block-list\">\n<li>Campo Largo<\/li>\n\n\n\n<li>Cerro Azul<\/li>\n\n\n\n<li>Rio Branco do Sul<\/li>\n\n\n\n<li>Rio Negro<\/li>\n\n\n\n<li>Tibagi<\/li>\n<\/ul>\n","protected":false},"excerpt":{"rendered":"<p>POLOS COM OFERTA DE CURSOS UAB\/UFPR Para filtrar os polos por curso, clique no \u00edcone Pedagogia Tecn\u00f3logo em Gest\u00e3o Cultural Especializa\u00e7\u00e3o em Educa\u00e7\u00e3o de Jovens e Adultos do Campo Especializa\u00e7\u00e3o em Rela\u00e7\u00f5es Raciais e Diversidade Especializa\u00e7\u00e3o em Gest\u00e3o Escolar Especializa\u00e7\u00e3o em Gest\u00e3o em Sa\u00fade<\/p>\n","protected":false},"author":14,"featured_media":0,"parent":123,"menu_order":0,"comment_status":"closed","ping_status":"closed","template":"template\/full-width.php","meta":{"footnotes":""},"class_list":["post-129","page","type-page","status-publish","hentry"],"_links":{"self":[{"href":"https:\/\/ufpr.br\/seadip\/wp-json\/wp\/v2\/pages\/129","targetHints":{"allow":["GET"]}}],"collection":[{"href":"https:\/\/ufpr.br\/seadip\/wp-json\/wp\/v2\/pages"}],"about":[{"href":"https:\/\/ufpr.br\/seadip\/wp-json\/wp\/v2\/types\/page"}],"author":[{"embeddable":true,"href":"https:\/\/ufpr.br\/seadip\/wp-json\/wp\/v2\/users\/14"}],"replies":[{"embeddable":true,"href":"https:\/\/ufpr.br\/seadip\/wp-json\/wp\/v2\/comments?post=129"}],"version-history":[{"count":39,"href":"https:\/\/ufpr.br\/seadip\/wp-json\/wp\/v2\/pages\/129\/revisions"}],"predecessor-version":[{"id":11063,"href":"https:\/\/ufpr.br\/seadip\/wp-json\/wp\/v2\/pages\/129\/revisions\/11063"}],"up":[{"embeddable":true,"href":"https:\/\/ufpr.br\/seadip\/wp-json\/wp\/v2\/pages\/123"}],"wp:attachment":[{"href":"https:\/\/ufpr.br\/seadip\/wp-json\/wp\/v2\/media?parent=129"}],"curies":[{"name":"wp","href":"https:\/\/api.w.org\/{rel}","templated":true}]}}