{"id":105,"date":"2019-09-25T11:27:02","date_gmt":"2019-09-25T14:27:02","guid":{"rendered":"https:\/\/ufpr.br\/?page=105"},"modified":"2025-10-07T17:07:17","modified_gmt":"2025-10-07T20:07:17","slug":"plano-de-acao","status":"publish","type":"page","link":"https:\/\/ufpr.br\/seadip\/plano-de-acao\/","title":{"rendered":"PLANO DE A\u00c7\u00c3O"},"content":{"rendered":"\n<p>Diretrizes constru\u00eddas pelo NTE que contemplem o planejamento estrat\u00e9gico e as a\u00e7\u00f5es que ser\u00e3o desenvolvidas ao longo do per\u00edodo da gest\u00e3o. Trata-se de um documento que objetiva mapear as fragilidades e potencialidades locais, criando estrat\u00e9gias de consolida\u00e7\u00e3o e amplia\u00e7\u00e3o das a\u00e7\u00f5es em andamento bem como a consecu\u00e7\u00e3o de novas&nbsp;proposi\u00e7\u00f5es.&nbsp;<\/p>\n\n\n\n<ul class=\"wp-block-list\">\n<li><a href=\"http:\/\/ufpr.br\/seadip\/\/wp-content\/uploads\/2020\/03\/TEMPLATE_PLANO_DE_A\u00c7\u00c3O_NTE.docx\">TEMPLATE NTE &#8211; PLANO DE A\u00c7\u00c3O<\/a><\/li>\n<\/ul>\n","protected":false},"excerpt":{"rendered":"<p>Diretrizes constru\u00eddas pelo NTE que contemplem o planejamento estrat\u00e9gico e as a\u00e7\u00f5es que ser\u00e3o desenvolvidas ao longo do per\u00edodo da gest\u00e3o. Trata-se de um documento que objetiva mapear as fragilidades e potencialidades locais, criando estrat\u00e9gias de consolida\u00e7\u00e3o e amplia\u00e7\u00e3o das a\u00e7\u00f5es em andamento bem como a consecu\u00e7\u00e3o de novas&nbsp;proposi\u00e7\u00f5es.&nbsp;<\/p>\n","protected":false},"author":14,"featured_media":0,"parent":0,"menu_order":0,"comment_status":"closed","ping_status":"closed","template":"","meta":{"footnotes":""},"class_list":["post-105","page","type-page","status-publish","hentry"],"_links":{"self":[{"href":"https:\/\/ufpr.br\/seadip\/wp-json\/wp\/v2\/pages\/105","targetHints":{"allow":["GET"]}}],"collection":[{"href":"https:\/\/ufpr.br\/seadip\/wp-json\/wp\/v2\/pages"}],"about":[{"href":"https:\/\/ufpr.br\/seadip\/wp-json\/wp\/v2\/types\/page"}],"author":[{"embeddable":true,"href":"https:\/\/ufpr.br\/seadip\/wp-json\/wp\/v2\/users\/14"}],"replies":[{"embeddable":true,"href":"https:\/\/ufpr.br\/seadip\/wp-json\/wp\/v2\/comments?post=105"}],"version-history":[{"count":31,"href":"https:\/\/ufpr.br\/seadip\/wp-json\/wp\/v2\/pages\/105\/revisions"}],"predecessor-version":[{"id":9614,"href":"https:\/\/ufpr.br\/seadip\/wp-json\/wp\/v2\/pages\/105\/revisions\/9614"}],"wp:attachment":[{"href":"https:\/\/ufpr.br\/seadip\/wp-json\/wp\/v2\/media?parent=105"}],"curies":[{"name":"wp","href":"https:\/\/api.w.org\/{rel}","templated":true}]}}