{"id":10284,"date":"2025-10-15T14:12:42","date_gmt":"2025-10-15T17:12:42","guid":{"rendered":"https:\/\/ufpr.br\/seadip\/?page_id=10284"},"modified":"2025-10-15T14:51:22","modified_gmt":"2025-10-15T17:51:22","slug":"editais-finalizados","status":"publish","type":"page","link":"https:\/\/ufpr.br\/seadip\/editais-finalizados\/","title":{"rendered":"EDITAIS FINALIZADOS"},"content":{"rendered":"\n<div class=\"wp-block-query is-layout-flow wp-block-query-is-layout-flow\"><ul class=\"wp-block-post-template is-layout-flow wp-block-post-template-is-layout-flow\"><li class=\"wp-block-post post-10646 post type-post status-publish format-standard hentry category-editais category-finalizado\">\n\n<div class=\"wp-block-columns are-vertically-aligned-center is-layout-flex wp-container-core-columns-is-layout-9d6595d7 wp-block-columns-is-layout-flex\">\n<div class=\"wp-block-column is-vertically-aligned-center square-bullet-list-block is-layout-flow wp-block-column-is-layout-flow\" style=\"flex-basis:100%\"><h2 class=\"wp-block-post-title\"><a href=\"https:\/\/ufpr.br\/seadip\/edital-no-47-2025\/\" target=\"_blank\" >EDITAL N\u00ba 47\/2025 \u2013 PROCESSO SELETIVO PARA PROFESSOR FORMADOR PARA ATUAR NO PROGRAMA SISTEMA UNIVERSIDADE ABERTA DO BRASIL (UAB) DA UNIVERSIDADE FEDERAL DO PARAN\u00c1 (UFPR) \u2013 CURSO DE GEST\u00c3O CULTURAL<\/a><\/h2><\/div>\n<\/div>\n\n<\/li><li class=\"wp-block-post post-10602 post type-post status-publish format-standard hentry category-editais category-finalizado\">\n\n<div class=\"wp-block-columns are-vertically-aligned-center is-layout-flex wp-container-core-columns-is-layout-9d6595d7 wp-block-columns-is-layout-flex\">\n<div class=\"wp-block-column is-vertically-aligned-center square-bullet-list-block is-layout-flow wp-block-column-is-layout-flow\" style=\"flex-basis:100%\"><h2 class=\"wp-block-post-title\"><a href=\"https:\/\/ufpr.br\/seadip\/edital-no-46-2025-processo-seletivo-para-tutoria-do-curso-de-especializacao-em-gestao-escolarmodalidade-a-distancia-da-universidade-aberta-do-brasil-no-ambito-da-universidade-federal-do-pa\/\" target=\"_blank\" >EDITAL N\u00ba 46\/2025 \u2013 PROCESSO SELETIVO PARA TUTORIA DO CURSO DE ESPECIALIZA\u00c7\u00c3O EM GEST\u00c3O ESCOLAR,MODALIDADE \u00c0 DIST\u00c2NCIA, DA UNIVERSIDADE ABERTA DO BRASIL NO \u00c2MBITO DA UNIVERSIDADE FEDERAL DO PARAN\u00c1<\/a><\/h2><\/div>\n<\/div>\n\n<\/li><li class=\"wp-block-post post-10521 post type-post status-publish format-standard hentry category-editais category-finalizado\">\n\n<div class=\"wp-block-columns are-vertically-aligned-center is-layout-flex wp-container-core-columns-is-layout-9d6595d7 wp-block-columns-is-layout-flex\">\n<div class=\"wp-block-column is-vertically-aligned-center square-bullet-list-block is-layout-flow wp-block-column-is-layout-flow\" style=\"flex-basis:100%\"><h2 class=\"wp-block-post-title\"><a href=\"https:\/\/ufpr.br\/seadip\/edital-no-44-2025-processo-seletivo-professor-do-curso-de-graduacao-em-pedagogia-ead-da-universidade-aberta-do-brasil-no-ambito-da-universidade-federal-do-parana\/\" target=\"_blank\" >EDITAL N\u00ba 44\/2025 \u2013 PROCESSO SELETIVO \u2013 PROFESSOR DO CURSO DE GRADUA\u00c7\u00c3O EM PEDAGOGIA EAD DA UNIVERSIDADE ABERTA DO BRASIL NO \u00c2MBITO DA UNIVERSIDADE FEDERAL DO PARAN\u00c1<\/a><\/h2><\/div>\n<\/div>\n\n<\/li><li class=\"wp-block-post post-10477 post type-post status-publish format-standard hentry category-editais category-finalizado\">\n\n<div class=\"wp-block-columns are-vertically-aligned-center is-layout-flex wp-container-core-columns-is-layout-9d6595d7 wp-block-columns-is-layout-flex\">\n<div class=\"wp-block-column is-vertically-aligned-center square-bullet-list-block is-layout-flow wp-block-column-is-layout-flow\" style=\"flex-basis:100%\"><h2 class=\"wp-block-post-title\"><a href=\"https:\/\/ufpr.br\/seadip\/edital-43-2025-processo-seletivo-para-professor-da-universidade-aberta-do-brasil-no-ambito-da-universidade-federal-do-parana-curso-de-especializacao-em-gestao-escolar-modalidade-a-distancia\/\" target=\"_blank\" >EDITAL 43\/2025 &#8211; PROCESSO SELETIVO PARA PROFESSOR DA UNIVERSIDADE ABERTA DO BRASIL NO \u00c2MBITO DA UNIVERSIDADE FEDERAL DO PARAN\u00c1 &#8211; CURSO DE ESPECIALIZA\u00c7\u00c3O EM GEST\u00c3O ESCOLAR, MODALIDADE \u00c0 DIST\u00c2NCIA<\/a><\/h2><\/div>\n<\/div>\n\n<\/li><li class=\"wp-block-post post-10382 post type-post status-publish format-standard hentry category-editais category-finalizado\">\n\n<div class=\"wp-block-columns are-vertically-aligned-center is-layout-flex wp-container-core-columns-is-layout-9d6595d7 wp-block-columns-is-layout-flex\">\n<div class=\"wp-block-column is-vertically-aligned-center square-bullet-list-block is-layout-flow wp-block-column-is-layout-flow\" style=\"flex-basis:100%\"><h2 class=\"wp-block-post-title\"><a href=\"https:\/\/ufpr.br\/seadip\/edital-no-18-2025-processo-seletivo-para-professor-de-cursos-de-graduacao-em-pedagogia-ead-da-universidade-aberta-do-brasil-no-ambito-da-universidade-federal-do-parana-2\/\" target=\"_blank\" >EDITAL N\u00ba 18\/2025\u00a0\u2013 PROCESSO SELETIVO PARA PROFESSOR DE CURSOS DE GRADUA\u00c7\u00c3O EM PEDAGOGIA EAD DA UNIVERSIDADE ABERTA DO BRASIL NO \u00c2MBITO DA UNIVERSIDADE FEDERAL DO PARAN\u00c1<\/a><\/h2><\/div>\n<\/div>\n\n<\/li><li class=\"wp-block-post post-10368 post type-post status-publish format-standard hentry category-editais category-finalizado\">\n\n<div class=\"wp-block-columns are-vertically-aligned-center is-layout-flex wp-container-core-columns-is-layout-9d6595d7 wp-block-columns-is-layout-flex\">\n<div class=\"wp-block-column is-vertically-aligned-center square-bullet-list-block is-layout-flow wp-block-column-is-layout-flow\" style=\"flex-basis:100%\"><h2 class=\"wp-block-post-title\"><a href=\"https:\/\/ufpr.br\/seadip\/edital-no-15-2025-processo-de-selecao-para-concessao-de-bolsa-de-coordenador-de-curso-i-para-atuar-no-programa-sistema-universidade-aberta-do-brasil-uab-da-universidade-federal-do-parana\/\" target=\"_blank\" >EDITAL N\u00ba 15\/2025 \u2013 PROCESSO DE SELE\u00c7\u00c3O PARA CONCESS\u00c3O DE BOLSA DE COORDENADOR DE CURSO I PARA ATUAR NO PROGRAMA SISTEMA UNIVERSIDADE ABERTA DO BRASIL (UAB) DA UNIVERSIDADE FEDERAL DO PARAN\u00c1 (UFPR) \u2013 CURSO DE ESPECIALIZA\u00c7\u00c3O EM EDUCA\u00c7\u00c3O DE JOVENS E ADULTOS DO CAMPO<\/a><\/h2><\/div>\n<\/div>\n\n<\/li><li class=\"wp-block-post post-10366 post type-post status-publish format-standard hentry category-editais category-finalizado\">\n\n<div class=\"wp-block-columns are-vertically-aligned-center is-layout-flex wp-container-core-columns-is-layout-9d6595d7 wp-block-columns-is-layout-flex\">\n<div class=\"wp-block-column is-vertically-aligned-center square-bullet-list-block is-layout-flow wp-block-column-is-layout-flow\" style=\"flex-basis:100%\"><h2 class=\"wp-block-post-title\"><a href=\"https:\/\/ufpr.br\/seadip\/edital-no-14-2025-selecao-de-bolsistas-para-atuacao-nas-areas-de-audiovisual-e-suporte-de-tecnologia-da-informacao-no-laboratorio-de-cultura-digital-da-universidade-federal-do-parana-ufpr-2\/\" target=\"_blank\" >EDITAL N\u00ba 14\/2025 \u2013 SELE\u00c7\u00c3O DE BOLSISTAS PARA ATUA\u00c7\u00c3O NAS AREAS DE AUDIOVISUAL E SUPORTE DE TECNOLOGIA DA INFORMA\u00c7\u00c3O NO LABORAT\u00d3RIO DE CULTURA DIGITAL, DA UNIVERSIDADE FEDERAL DO PARAN\u00c1 (UFPR)<\/a><\/h2><\/div>\n<\/div>\n\n<\/li><li class=\"wp-block-post post-10358 post type-post status-publish format-standard hentry category-editais category-finalizado\">\n\n<div class=\"wp-block-columns are-vertically-aligned-center is-layout-flex wp-container-core-columns-is-layout-9d6595d7 wp-block-columns-is-layout-flex\">\n<div class=\"wp-block-column is-vertically-aligned-center square-bullet-list-block is-layout-flow wp-block-column-is-layout-flow\" style=\"flex-basis:100%\"><h2 class=\"wp-block-post-title\"><a href=\"https:\/\/ufpr.br\/seadip\/edital-no-06-2025-processo-de-selecao-para-concessao-de-bolsa-de-coordenador-de-tutoria-para-atuar-no-programa-sistema-universidade-aberta-do-brasil-uab-da-universidade-federal-do-parana-2\/\" target=\"_blank\" >EDITAL N\u00ba 06 \/ 2025 \u2013 PROCESSO DE SELE\u00c7\u00c3O PARA CONCESS\u00c3O DE BOLSA DE COORDENADOR DE TUTORIA PARA ATUAR NO PROGRAMA SISTEMA UNIVERSIDADE ABERTA DO BRASIL (UAB) DA UNIVERSIDADE FEDERAL DO PARAN\u00c1 (UFPR)<\/a><\/h2><\/div>\n<\/div>\n\n<\/li><li class=\"wp-block-post post-10352 post type-post status-publish format-standard hentry category-editais category-finalizado\">\n\n<div class=\"wp-block-columns are-vertically-aligned-center is-layout-flex wp-container-core-columns-is-layout-9d6595d7 wp-block-columns-is-layout-flex\">\n<div class=\"wp-block-column is-vertically-aligned-center square-bullet-list-block is-layout-flow wp-block-column-is-layout-flow\" style=\"flex-basis:100%\"><h2 class=\"wp-block-post-title\"><a href=\"https:\/\/ufpr.br\/seadip\/edital-no-04-2025-processo-de-selecao-para-concessao-de-bolsa-de-coordenador-de-curso-i-para-atuar-no-programa-sistema-universidade-aberta-dobrasil-uab-da-universidade-federal-do-parana-ufpr\/\" target=\"_blank\" >EDITAL N\u00ba 04\/2025 &#8211; PROCESSO DE SELE\u00c7\u00c3O PARA CONCESS\u00c3O DE BOLSA DE COORDENADOR DE CURSO I PARA ATUAR NO PROGRAMA SISTEMA UNIVERSIDADE ABERTA DOBRASIL (UAB) DA UNIVERSIDADE FEDERAL DO PARAN\u00c1 (UFPR)<\/a><\/h2><\/div>\n<\/div>\n\n<\/li><li class=\"wp-block-post post-10343 post type-post status-publish format-standard hentry category-editais category-finalizado\">\n\n<div class=\"wp-block-columns are-vertically-aligned-center is-layout-flex wp-container-core-columns-is-layout-9d6595d7 wp-block-columns-is-layout-flex\">\n<div class=\"wp-block-column is-vertically-aligned-center square-bullet-list-block is-layout-flow wp-block-column-is-layout-flow\" style=\"flex-basis:100%\"><h2 class=\"wp-block-post-title\"><a href=\"https:\/\/ufpr.br\/seadip\/edital-no-01-2025-chamada-interna-para-candidatura-de-servidores-para-os-cargos-de-coordenador-geral-e-adjunto-do-sistema-universidade-aberta-do-brasil-uab-na-ufpr-2\/\" target=\"_blank\" >EDITAL N\u00ba 01\/2025 &#8211; CHAMADA INTERNA PARA CANDIDATURA DE SERVIDORES PARA OS CARGOS DE COORDENADOR GERAL E ADJUNTO DO SISTEMA UNIVERSIDADE ABERTA DO BRASIL (UAB) NA UFPR<\/a><\/h2><\/div>\n<\/div>\n\n<\/li><\/ul><\/div>\n\n\n\n<p><\/p>\n","protected":false},"excerpt":{"rendered":"","protected":false},"author":10,"featured_media":0,"parent":0,"menu_order":0,"comment_status":"closed","ping_status":"closed","template":"","meta":{"footnotes":""},"class_list":["post-10284","page","type-page","status-publish","hentry"],"_links":{"self":[{"href":"https:\/\/ufpr.br\/seadip\/wp-json\/wp\/v2\/pages\/10284","targetHints":{"allow":["GET"]}}],"collection":[{"href":"https:\/\/ufpr.br\/seadip\/wp-json\/wp\/v2\/pages"}],"about":[{"href":"https:\/\/ufpr.br\/seadip\/wp-json\/wp\/v2\/types\/page"}],"author":[{"embeddable":true,"href":"https:\/\/ufpr.br\/seadip\/wp-json\/wp\/v2\/users\/10"}],"replies":[{"embeddable":true,"href":"https:\/\/ufpr.br\/seadip\/wp-json\/wp\/v2\/comments?post=10284"}],"version-history":[{"count":4,"href":"https:\/\/ufpr.br\/seadip\/wp-json\/wp\/v2\/pages\/10284\/revisions"}],"predecessor-version":[{"id":10323,"href":"https:\/\/ufpr.br\/seadip\/wp-json\/wp\/v2\/pages\/10284\/revisions\/10323"}],"wp:attachment":[{"href":"https:\/\/ufpr.br\/seadip\/wp-json\/wp\/v2\/media?parent=10284"}],"curies":[{"name":"wp","href":"https:\/\/api.w.org\/{rel}","templated":true}]}}