{"id":590,"date":"2025-04-10T11:19:45","date_gmt":"2025-04-10T14:19:45","guid":{"rendered":"https:\/\/ufpr.br\/prpi\/?page_id=590"},"modified":"2025-04-10T11:25:23","modified_gmt":"2025-04-10T14:25:23","slug":"testes","status":"publish","type":"page","link":"https:\/\/ufpr.br\/prpi\/testes\/","title":{"rendered":"Testes"},"content":{"rendered":"\n<div class=\"wp-block-columns is-layout-flex wp-container-core-columns-is-layout-1 wp-block-columns-is-layout-flex\">\n<div class=\"wp-block-column is-layout-flow wp-block-column-is-layout-flow\">\n<p>Teste Gutemberg<\/p>\n\n\n\n<p><\/p>\n<\/div>\n\n\n\n<div class=\"wp-block-column is-layout-flow wp-block-column-is-layout-flow\"><\/div>\n\n\n\n<div class=\"wp-block-column is-layout-flow wp-block-column-is-layout-flow\"><\/div>\n<\/div>\n\n\n\n<div class=\"wp-block-columns is-layout-flex wp-container-core-columns-is-layout-4 wp-block-columns-is-layout-flex\">\n<div class=\"wp-block-column has-pale-cyan-blue-background-color has-background is-layout-flow wp-block-column-is-layout-flow\">\n<div class=\"wp-block-columns is-layout-flex wp-container-core-columns-is-layout-3 wp-block-columns-is-layout-flex\">\n<div class=\"wp-block-column is-layout-flow wp-block-column-is-layout-flow\" style=\"flex-basis:2%\"><\/div>\n\n\n\n<div class=\"wp-block-column has-white-background-color has-background is-layout-flow wp-block-column-is-layout-flow\">\n<h2 class=\"wp-block-heading\"><strong>Pr\u00f3-Reitoria de Pesquisa e Inova\u00e7\u00e3o<\/strong><\/h2>\n\n\n\n<p>Rua Dr. Faivre, n\u00ba 405, Rebou\u00e7as, Curitiba &#8211; PR | CEP: 80.060-140 | Telefone:<\/p>\n<\/div>\n\n\n\n<div class=\"wp-block-column is-layout-flow wp-block-column-is-layout-flow\">\n<div class=\"wp-block-columns has-pale-cyan-blue-background-color has-background is-layout-flex wp-container-core-columns-is-layout-2 wp-block-columns-is-layout-flex\">\n<div class=\"wp-block-column is-layout-flow wp-block-column-is-layout-flow\">\n<h2 class=\"wp-block-heading\"><strong>Pr\u00f3-Reitoria de Pesquisa e Inova\u00e7\u00e3o<\/strong><\/h2>\n\n\n\n<p>Rua Dr. Faivre, n\u00ba 405, Rebou\u00e7as, Curitiba &#8211; PR | CEP: 80.060-140 | Telefone:<\/p>\n<\/div>\n<\/div>\n<\/div>\n<\/div>\n<\/div>\n<\/div>\n\n\n\n<figure class=\"wp-block-table is-style-stripes\"><table class=\"has-black-color has-text-color has-link-color\"><thead><tr><th>cabe\u00e7alho<\/th><th>cabe\u00e7alho<\/th><th>cabe\u00e7alho<\/th><\/tr><\/thead><tbody><tr><td>ssssssssss<\/td><td>sssssssssssss<\/td><td>sssssssssss<\/td><\/tr><tr><td>ssssssssssssssssss<\/td><td>ssssssssssssss<\/td><td>ssssssssss<\/td><\/tr><\/tbody><\/table><\/figure>\n\n\n\n<p><\/p>\n","protected":false},"excerpt":{"rendered":"<p>Teste Gutemberg Pr\u00f3-Reitoria de Pesquisa e Inova\u00e7\u00e3o Rua Dr. Faivre, n\u00ba 405, Rebou\u00e7as, Curitiba &#8211; PR | CEP: 80.060-140 | Telefone: Pr\u00f3-Reitoria de Pesquisa e Inova\u00e7\u00e3o Rua Dr. Faivre, n\u00ba 405, Rebou\u00e7as, Curitiba &#8211; PR | CEP: 80.060-140 | Telefone: cabe\u00e7alho cabe\u00e7alho cabe\u00e7alho ssssssssss sssssssssssss sssssssssss ssssssssssssssssss ssssssssssssss ssssssssss<\/p>\n","protected":false},"author":20,"featured_media":0,"parent":0,"menu_order":0,"comment_status":"closed","ping_status":"closed","template":"","meta":{"footnotes":""},"class_list":["post-590","page","type-page","status-publish","hentry"],"_links":{"self":[{"href":"https:\/\/ufpr.br\/prpi\/wp-json\/wp\/v2\/pages\/590","targetHints":{"allow":["GET"]}}],"collection":[{"href":"https:\/\/ufpr.br\/prpi\/wp-json\/wp\/v2\/pages"}],"about":[{"href":"https:\/\/ufpr.br\/prpi\/wp-json\/wp\/v2\/types\/page"}],"author":[{"embeddable":true,"href":"https:\/\/ufpr.br\/prpi\/wp-json\/wp\/v2\/users\/20"}],"replies":[{"embeddable":true,"href":"https:\/\/ufpr.br\/prpi\/wp-json\/wp\/v2\/comments?post=590"}],"version-history":[{"count":6,"href":"https:\/\/ufpr.br\/prpi\/wp-json\/wp\/v2\/pages\/590\/revisions"}],"predecessor-version":[{"id":607,"href":"https:\/\/ufpr.br\/prpi\/wp-json\/wp\/v2\/pages\/590\/revisions\/607"}],"wp:attachment":[{"href":"https:\/\/ufpr.br\/prpi\/wp-json\/wp\/v2\/media?parent=590"}],"curies":[{"name":"wp","href":"https:\/\/api.w.org\/{rel}","templated":true}]}}