{"id":4233,"date":"2025-12-19T11:03:05","date_gmt":"2025-12-19T14:03:05","guid":{"rendered":"https:\/\/ufpr.br\/prpi\/?page_id=4233"},"modified":"2026-01-29T08:50:26","modified_gmt":"2026-01-29T11:50:26","slug":"edital-no-24-2025-nit-prpi-edital-para-selecao-de-bolsistas-agentes-de-apoio","status":"publish","type":"page","link":"https:\/\/ufpr.br\/prpi\/edital-no-24-2025-nit-prpi-edital-para-selecao-de-bolsistas-agentes-de-apoio\/","title":{"rendered":"Edital n\u00ba 24\/2025 NIT\/PRPI &#8211; Edital para sele\u00e7\u00e3o de bolsistas Agentes de Apoio"},"content":{"rendered":"\n<p>A Pr\u00f3-Reitoria de Pesquisa e Inova\u00e7\u00e3o (PRPI), atrav\u00e9s do N\u00facleo de Inova\u00e7\u00e3o Tecnol\u00f3gica (NIT), torna p\u00fablico o presente edital com as normas do processo seletivo para sele\u00e7\u00e3o de bolsistas Agente de apoio no \u00e2mbito da Chamada P\u00fablica n.\u00ba 24\/2024 &#8211; Programa Institucional Bolsa-T\u00e9cnico Agente Regional de Inova\u00e7\u00e3o da Funda\u00e7\u00e3o Arauc\u00e1ria, SETI, SEI e Sebrae\/PR<\/p>\n\n\n\n<p><a href=\"https:\/\/ufpr.br\/prpi\/wp-content\/uploads\/2025\/12\/SEI_8487510_Edital_24_2025.pdf\">Edital n\u00ba 24\/2025 NIT\/PRPI<\/a><\/p>\n\n\n\n<p><a href=\"https:\/\/ufpr.br\/prpi\/wp-content\/uploads\/2026\/01\/SEI_8526138_Informacao_3-2.pdf\">Edital n\u00ba24\/2025 NIT\/PRPI &#8211; inscri\u00e7\u00f5es homologadas<\/a><\/p>\n\n\n\n<p><a href=\"https:\/\/ufpr.br\/prpi\/wp-content\/uploads\/2026\/01\/SEI-23075.079144_2025-87-1.pdf\">Edital n\u00ba 24\/2025 NIT\/PRPI &#8211; resultado preliminar da entrevista e an\u00e1lise de curr\u00edculo<\/a><\/p>\n\n\n\n<p><a href=\"https:\/\/ufpr.br\/prpi\/wp-content\/uploads\/2026\/01\/SEI_8546950_Informacao_6.pdf\">Edital n\u00ba 24\/2025 NIT\/PRPI &#8211; resultado final<\/a><\/p>\n\n\n\n<p><\/p>\n","protected":false},"excerpt":{"rendered":"<p>A Pr\u00f3-Reitoria de Pesquisa e Inova\u00e7\u00e3o (PRPI), atrav\u00e9s do N\u00facleo de Inova\u00e7\u00e3o Tecnol\u00f3gica (NIT), torna p\u00fablico o presente edital com as normas do processo seletivo para sele\u00e7\u00e3o de bolsistas Agente de apoio no \u00e2mbito da Chamada P\u00fablica n.\u00ba 24\/2024 &#8211; Programa Institucional Bolsa-T\u00e9cnico Agente Regional de Inova\u00e7\u00e3o da Funda\u00e7\u00e3o Arauc\u00e1ria, SETI, SEI e Sebrae\/PR Edital [&hellip;]<\/p>\n","protected":false},"author":11,"featured_media":0,"parent":0,"menu_order":0,"comment_status":"closed","ping_status":"closed","template":"","meta":{"footnotes":""},"class_list":["post-4233","page","type-page","status-publish","hentry"],"_links":{"self":[{"href":"https:\/\/ufpr.br\/prpi\/wp-json\/wp\/v2\/pages\/4233","targetHints":{"allow":["GET"]}}],"collection":[{"href":"https:\/\/ufpr.br\/prpi\/wp-json\/wp\/v2\/pages"}],"about":[{"href":"https:\/\/ufpr.br\/prpi\/wp-json\/wp\/v2\/types\/page"}],"author":[{"embeddable":true,"href":"https:\/\/ufpr.br\/prpi\/wp-json\/wp\/v2\/users\/11"}],"replies":[{"embeddable":true,"href":"https:\/\/ufpr.br\/prpi\/wp-json\/wp\/v2\/comments?post=4233"}],"version-history":[{"count":8,"href":"https:\/\/ufpr.br\/prpi\/wp-json\/wp\/v2\/pages\/4233\/revisions"}],"predecessor-version":[{"id":4676,"href":"https:\/\/ufpr.br\/prpi\/wp-json\/wp\/v2\/pages\/4233\/revisions\/4676"}],"wp:attachment":[{"href":"https:\/\/ufpr.br\/prpi\/wp-json\/wp\/v2\/media?parent=4233"}],"curies":[{"name":"wp","href":"https:\/\/api.w.org\/{rel}","templated":true}]}}

Edital nº 24/2025 NIT/PRPI &#8211; Edital para seleção de bolsistas Agentes de Apoio

<p>A Pró-Reitoria de Pesquisa e Inovação (PRPI), através do Núcleo de Inovação Tecnológica (NIT), torna público o presente edital com as normas do processo seletivo para seleção de bolsistas Agente de apoio no âmbito da Chamada Pública n.º 24/2024 &#8211; Programa Institucional Bolsa-Técnico Agente Regional de Inovação da Fundação Araucária, SETI, SEI e Sebrae/PR</p>



<p><a href="https://ufpr.br/prpi/wp-content/uploads/2025/12/SEI_8487510_Edital_24_2025.pdf">Edital nº 24/2025 NIT/PRPI</a></p>



<p><a href="https://ufpr.br/prpi/wp-content/uploads/2026/01/SEI_8526138_Informacao_3-2.pdf">Edital nº24/2025 NIT/PRPI &#8211; inscrições homologadas</a></p>



<p><a href="https://ufpr.br/prpi/wp-content/uploads/2026/01/SEI-23075.079144_2025-87-1.pdf">Edital nº 24/2025 NIT/PRPI &#8211; resultado preliminar da entrevista e análise de currículo</a></p>



<p><a href="https://ufpr.br/prpi/wp-content/uploads/2026/01/SEI_8546950_Informacao_6.pdf">Edital nº 24/2025 NIT/PRPI &#8211; resultado final</a></p>



<p></p>

<p>A Pró-Reitoria de Pesquisa e Inovação (PRPI), através do Núcleo de Inovação Tecnológica (NIT), torna público o presente edital com as normas do processo seletivo para seleção de bolsistas Agente de apoio no âmbito da Chamada Pública n.º 24/2024 &#8211; Programa Institucional Bolsa-Técnico Agente Regional de Inovação da Fundação Araucária, SETI, SEI e Sebrae/PR Edital [&hellip;]</p>
