{"id":382,"date":"2025-04-05T00:09:29","date_gmt":"2025-04-05T03:09:29","guid":{"rendered":"https:\/\/ufpr.br\/prpi\/?page_id=382"},"modified":"2025-04-05T00:09:29","modified_gmt":"2025-04-05T03:09:29","slug":"edital-no-03-2025-prpi-nit-selecao-interna-de-estudantes-voluntarios","status":"publish","type":"page","link":"https:\/\/ufpr.br\/prpi\/edital-no-03-2025-prpi-nit-selecao-interna-de-estudantes-voluntarios\/","title":{"rendered":"Edital n\u00ba 03\/2025 PRPI\/NIT &#8211; Sele\u00e7\u00e3o Interna de Estudantes Volunt\u00e1rios"},"content":{"rendered":"\n<p>A Pr\u00f3-Reitoria de Pesquisa e Inova\u00e7\u00e3o (PRPI), atrav\u00e9s da N\u00facleo de Inova\u00e7\u00e3o Tecnol\u00f3gica (NIT), torna p\u00fablico o presente edital com as normas do processo seletivo de estudantes volunt\u00e1rios para atua\u00e7\u00e3o no projeto intitulado: EST\u00cdMULO A ATIVIDADES DE INOVA\u00c7\u00c3O NA UFPR.&nbsp;<\/p>\n\n\n\n<p>Poder\u00e3o candidatar-se os estudantes regularmente matriculados em qualquer curso de n\u00edvel superior da UFPR, com disponibilidade e interesse na \u00e1rea de inova\u00e7\u00e3o e empreendedorismo.<\/p>\n\n\n\n<ul class=\"wp-block-list\">\n<li><a href=\"https:\/\/spin.ufpr.br\/wp-content\/uploads\/2025\/02\/SEI_7461740_SPIn_Parcerias__Edital_selecao_aluno.pdf\" target=\"_blank\" rel=\"noreferrer noopener\">Edital n\u00ba 03\/2025 \u2013 NIT\/PRPI \u2013 Sele\u00e7\u00e3o Interna de Estudantes Volunt\u00e1rios<\/a>\u2013 Publicado em 26\/02\/2025<\/li>\n\n\n\n<li><a href=\"https:\/\/forms.office.com\/Pages\/ResponsePage.aspx?id=ozd7w-Lp-UK8Z0ubc44d8Az1n4-VFZZCq3mHsWoqh_9UNjQ2UE9YM0syTFdCWU1TOE5KVko3SzVLNC4u\" target=\"_blank\" rel=\"noreferrer noopener\">Formul\u00e1rio de Inscri\u00e7\u00e3o\u00a0<\/a><\/li>\n<\/ul>\n\n\n\n<p><strong>Prazo para inscri\u00e7\u00e3o<\/strong>:&nbsp;14\/03\/2025<\/p>\n\n\n\n<p>D\u00favidas sobre o Edital podem ser direcionadas para&nbsp;<strong>empreendedorismo@ufpr.br com c\u00f3pia para prpi.nit@ufpr.br.<\/strong><\/p>\n\n\n\n<p><strong>COMUNICADO<\/strong>&nbsp;\u2013 O N\u00facleo de Inova\u00e7\u00e3o Tecnol\u00f3gica (NIT), da Pr\u00f3Reitoria de Pesquisa e Inova\u00e7\u00e3o (PRPI), informa que o resultado do EDITAL N. 03\/2025 \u2013 NIT\/PRPI EDITAL PARA SELE\u00c7\u00c3O INTERNA DE ESTUDANTES VOLUNT\u00c1RIOS foi postergado at\u00e9 o dia&nbsp;<strong>24\/03\/2025<\/strong>.<\/p>\n\n\n\n<ul class=\"wp-block-list\">\n<li><a href=\"https:\/\/spin.ufpr.br\/wp-content\/uploads\/2025\/03\/SEI_7613794_SPIn_Parcerias__Edital_selecao_aluno.pdf\" target=\"_blank\" rel=\"noreferrer noopener\">Resultado de Sele\u00e7\u00e3o Interna de Estudantes Volunt\u00e1rios\u00a0<\/a>\u00a0\u2013 Publicado em 24\/03\/2025<\/li>\n<\/ul>\n\n\n\n<p><\/p>\n","protected":false},"excerpt":{"rendered":"<p>A Pr\u00f3-Reitoria de Pesquisa e Inova\u00e7\u00e3o (PRPI), atrav\u00e9s da N\u00facleo de Inova\u00e7\u00e3o Tecnol\u00f3gica (NIT), torna p\u00fablico o presente edital com as normas do processo seletivo de estudantes volunt\u00e1rios para atua\u00e7\u00e3o no projeto intitulado: EST\u00cdMULO A ATIVIDADES DE INOVA\u00c7\u00c3O NA UFPR.&nbsp; Poder\u00e3o candidatar-se os estudantes regularmente matriculados em qualquer curso de n\u00edvel superior da UFPR, com [&hellip;]<\/p>\n","protected":false},"author":11,"featured_media":0,"parent":0,"menu_order":0,"comment_status":"closed","ping_status":"closed","template":"","meta":{"footnotes":""},"class_list":["post-382","page","type-page","status-publish","hentry"],"_links":{"self":[{"href":"https:\/\/ufpr.br\/prpi\/wp-json\/wp\/v2\/pages\/382","targetHints":{"allow":["GET"]}}],"collection":[{"href":"https:\/\/ufpr.br\/prpi\/wp-json\/wp\/v2\/pages"}],"about":[{"href":"https:\/\/ufpr.br\/prpi\/wp-json\/wp\/v2\/types\/page"}],"author":[{"embeddable":true,"href":"https:\/\/ufpr.br\/prpi\/wp-json\/wp\/v2\/users\/11"}],"replies":[{"embeddable":true,"href":"https:\/\/ufpr.br\/prpi\/wp-json\/wp\/v2\/comments?post=382"}],"version-history":[{"count":1,"href":"https:\/\/ufpr.br\/prpi\/wp-json\/wp\/v2\/pages\/382\/revisions"}],"predecessor-version":[{"id":383,"href":"https:\/\/ufpr.br\/prpi\/wp-json\/wp\/v2\/pages\/382\/revisions\/383"}],"wp:attachment":[{"href":"https:\/\/ufpr.br\/prpi\/wp-json\/wp\/v2\/media?parent=382"}],"curies":[{"name":"wp","href":"https:\/\/api.w.org\/{rel}","templated":true}]}}

Edital nº 03/2025 PRPI/NIT &#8211; Seleção Interna de Estudantes Voluntários

<p>A Pró-Reitoria de Pesquisa e Inovação (PRPI), através da Núcleo de Inovação Tecnológica (NIT), torna público o presente edital com as normas do processo seletivo de estudantes voluntários para atuação no projeto intitulado: ESTÍMULO A ATIVIDADES DE INOVAÇÃO NA UFPR.&nbsp;</p>



<p>Poderão candidatar-se os estudantes regularmente matriculados em qualquer curso de nível superior da UFPR, com disponibilidade e interesse na área de inovação e empreendedorismo.</p>



<ul class="wp-block-list">
<li><a href="https://spin.ufpr.br/wp-content/uploads/2025/02/SEI_7461740_SPIn_Parcerias__Edital_selecao_aluno.pdf" target="_blank" rel="noreferrer noopener">Edital nº 03/2025 – NIT/PRPI – Seleção Interna de Estudantes Voluntários</a>– Publicado em 26/02/2025</li>



<li><a href="https://forms.office.com/Pages/ResponsePage.aspx?id=ozd7w-Lp-UK8Z0ubc44d8Az1n4-VFZZCq3mHsWoqh_9UNjQ2UE9YM0syTFdCWU1TOE5KVko3SzVLNC4u" target="_blank" rel="noreferrer noopener">Formulário de Inscrição </a></li>
</ul>



<p><strong>Prazo para inscrição</strong>:&nbsp;14/03/2025</p>



<p>Dúvidas sobre o Edital podem ser direcionadas para&nbsp;<strong>empreendedorismo@ufpr.br com cópia para prpi.nit@ufpr.br.</strong></p>



<p><strong>COMUNICADO</strong>&nbsp;– O Núcleo de Inovação Tecnológica (NIT), da PróReitoria de Pesquisa e Inovação (PRPI), informa que o resultado do EDITAL N. 03/2025 – NIT/PRPI EDITAL PARA SELEÇÃO INTERNA DE ESTUDANTES VOLUNTÁRIOS foi postergado até o dia&nbsp;<strong>24/03/2025</strong>.</p>



<ul class="wp-block-list">
<li><a href="https://spin.ufpr.br/wp-content/uploads/2025/03/SEI_7613794_SPIn_Parcerias__Edital_selecao_aluno.pdf" target="_blank" rel="noreferrer noopener">Resultado de Seleção Interna de Estudantes Voluntários </a> – Publicado em 24/03/2025</li>
</ul>



<p></p>

<p>A Pró-Reitoria de Pesquisa e Inovação (PRPI), através da Núcleo de Inovação Tecnológica (NIT), torna público o presente edital com as normas do processo seletivo de estudantes voluntários para atuação no projeto intitulado: ESTÍMULO A ATIVIDADES DE INOVAÇÃO NA UFPR.&nbsp; Poderão candidatar-se os estudantes regularmente matriculados em qualquer curso de nível superior da UFPR, com [&hellip;]</p>
