{"id":363,"date":"2025-04-05T00:03:40","date_gmt":"2025-04-05T03:03:40","guid":{"rendered":"https:\/\/ufpr.br\/prpi\/?page_id=363"},"modified":"2025-04-05T00:03:40","modified_gmt":"2025-04-05T03:03:40","slug":"edital-no-07-2025-prpi-nit-startup-garage-2025-edicao-curitiba-turma-2025-1","status":"publish","type":"page","link":"https:\/\/ufpr.br\/prpi\/edital-no-07-2025-prpi-nit-startup-garage-2025-edicao-curitiba-turma-2025-1\/","title":{"rendered":"Edital n\u00ba 07\/2025 PRPI\/NIT \u2013 STARTUP GARAGE 2025 \u2013 Edi\u00e7\u00e3o Curitiba \u2013 Turma 2025\/1"},"content":{"rendered":"\n<p><strong>A Universidade Federal do Paran\u00e1 \u2013 UFPR<\/strong>, por meio da&nbsp;<strong>Pr\u00f3-Reitoria de Pesquisa e Inova\u00e7\u00e3o \u2013 PRPI<\/strong>, sob coordena\u00e7\u00e3o do&nbsp;<strong>N\u00facleo de Inova\u00e7\u00e3o Tecnol\u00f3gica \u2013 NIT<\/strong>, torna p\u00fablico, para conhecimento geral, que realizar\u00e1 sele\u00e7\u00e3o de grupos e propostas para o programa&nbsp;<strong>Startup Garage UFPR 2025\/1<\/strong>, que contemplem propostas inovadoras para a cria\u00e7\u00e3o de novos produtos, servi\u00e7os ou empreendimentos, e convida os interessados a apresentarem propostas, conforme especificado no presente Edital.<\/p>\n\n\n\n<ul class=\"wp-block-list\">\n<li><strong><a href=\"https:\/\/spin.ufpr.br\/wp-content\/uploads\/2025\/03\/Edital-01.2025-Startup-Garage-1.pdf\" target=\"_blank\" rel=\"noreferrer noopener\">Edital 07\/2025 \u2013 STARTUP GARAGE 2025 \u2013 Edi\u00e7\u00e3o Curitiba \u2013 Turma 2025\/1 \u2013<\/a><\/strong>\u00a0Publicado em 28\/03\/2025<\/li>\n\n\n\n<li>Formul\u00e1rio de Inscri\u00e7\u00e3o:\u00a0<a href=\"https:\/\/forms.office.com\/r\/arDGfvigHc\" target=\"_blank\" rel=\"noreferrer noopener\">https:\/\/forms.office.com\/r\/arDGfvigHc<\/a><\/li>\n<\/ul>\n\n\n\n<p>Prazo para inscri\u00e7\u00e3o: 28\/03\/2025 a 04\/04\/2025 \u2013&nbsp;<strong>INSCRI\u00c7\u00d5ES PRORROGADAS AT\u00c9 O DIA 07\/04\/2025 \u00e0s 12h00.<\/strong><\/p>\n\n\n\n<p>Per\u00edodo previsto de encontros presenciais: 08\/04\/2025 a 27\/05\/2025, \u00e0s ter\u00e7as-feiras, das 14:30 \u00e0s 16:30, na sala 05PD do pr\u00e9dio do Bloco Did\u00e1tico do Setor de Ci\u00eancias Agr\u00e1rias.<\/p>\n\n\n\n<p>D\u00favidas sobre o Edital podem ser direcionadas para empreendedorismo@ufpr.br.<\/p>\n","protected":false},"excerpt":{"rendered":"<p>A Universidade Federal do Paran\u00e1 \u2013 UFPR, por meio da&nbsp;Pr\u00f3-Reitoria de Pesquisa e Inova\u00e7\u00e3o \u2013 PRPI, sob coordena\u00e7\u00e3o do&nbsp;N\u00facleo de Inova\u00e7\u00e3o Tecnol\u00f3gica \u2013 NIT, torna p\u00fablico, para conhecimento geral, que realizar\u00e1 sele\u00e7\u00e3o de grupos e propostas para o programa&nbsp;Startup Garage UFPR 2025\/1, que contemplem propostas inovadoras para a cria\u00e7\u00e3o de novos produtos, servi\u00e7os ou empreendimentos, [&hellip;]<\/p>\n","protected":false},"author":11,"featured_media":0,"parent":0,"menu_order":0,"comment_status":"closed","ping_status":"closed","template":"","meta":{"footnotes":""},"class_list":["post-363","page","type-page","status-publish","hentry"],"_links":{"self":[{"href":"https:\/\/ufpr.br\/prpi\/wp-json\/wp\/v2\/pages\/363","targetHints":{"allow":["GET"]}}],"collection":[{"href":"https:\/\/ufpr.br\/prpi\/wp-json\/wp\/v2\/pages"}],"about":[{"href":"https:\/\/ufpr.br\/prpi\/wp-json\/wp\/v2\/types\/page"}],"author":[{"embeddable":true,"href":"https:\/\/ufpr.br\/prpi\/wp-json\/wp\/v2\/users\/11"}],"replies":[{"embeddable":true,"href":"https:\/\/ufpr.br\/prpi\/wp-json\/wp\/v2\/comments?post=363"}],"version-history":[{"count":1,"href":"https:\/\/ufpr.br\/prpi\/wp-json\/wp\/v2\/pages\/363\/revisions"}],"predecessor-version":[{"id":364,"href":"https:\/\/ufpr.br\/prpi\/wp-json\/wp\/v2\/pages\/363\/revisions\/364"}],"wp:attachment":[{"href":"https:\/\/ufpr.br\/prpi\/wp-json\/wp\/v2\/media?parent=363"}],"curies":[{"name":"wp","href":"https:\/\/api.w.org\/{rel}","templated":true}]}}