{"id":3328,"date":"2025-10-06T10:44:28","date_gmt":"2025-10-06T13:44:28","guid":{"rendered":"https:\/\/ufpr.br\/prpi\/?page_id=3328"},"modified":"2026-03-20T09:35:49","modified_gmt":"2026-03-20T12:35:49","slug":"cartao-pesquisador","status":"publish","type":"page","link":"https:\/\/ufpr.br\/prpi\/cartao-pesquisador\/","title":{"rendered":"Cart\u00e3o Pesquisador"},"content":{"rendered":"\n<p><strong>SOLICITA\u00c7\u00c3O DE CART\u00c3O PESQUISADOR \u2013 PRPI<\/strong><\/p>\n\n\n\n<ul class=\"wp-block-list\">\n<li><a href=\"https:\/\/ufpr.br\/prpi\/cartao-pesquisador-ufpr-prpi-perguntas-frequentes\/\">PERGUNTAS FREQUENTES &#8211; Cart\u00e3o Pesquisador PRPI\/UFPR<\/a><\/li>\n\n\n\n<li><a href=\"https:\/\/www.prppg.ufpr.br\/site\/wp-content\/uploads\/2025\/07\/resolucao-no-20-25-coplad.pdf\">Resolu\u00e7\u00e3o 20\/2025 \u2013 COPLAD<\/a>&nbsp;(Institui o Cart\u00e3o Pesquisador na UFPR)<\/li>\n\n\n\n<li><a href=\"https:\/\/ufpr.br\/prpi\/wp-content\/uploads\/2025\/10\/IN-02.2025-Cartao-Pesquisador.pdf\">Instru\u00e7\u00e3o Normativa n\u00ba 02\/2025 PRPI<\/a> (Disp\u00f5e sobre orienta\u00e7\u00f5es gerais, fluxos e normas para a utiliza\u00e7\u00e3o do Cart\u00e3o Pesquisador UFPR, no \u00e2mbito da Pr\u00f3 Reitoria de Pesquisa e Inova\u00e7\u00e3o da UFPR (PRPI\/UFPR))<\/li>\n\n\n\n<li><a href=\"https:\/\/ufpr.br\/prpi\/wp-content\/uploads\/2026\/03\/Minuta-Manual-Cartao-Fomento-UFPR-03-03-2026.pdf\">Manual do Cart\u00e3o Fomento PROAD<\/a><\/li>\n<\/ul>\n\n\n\n<p><strong>Documentos:<\/strong><\/p>\n\n\n\n<ul class=\"wp-block-list\">\n<li><a href=\"https:\/\/ufpr.br\/prpi\/wp-content\/uploads\/2026\/03\/planilha-planejamento-PRPI-cartao-pesquisador.xlsx\" target=\"_blank\" rel=\"noreferrer noopener\">Plano de Aplica\u00e7\u00e3o \u2013 Cart\u00e3o Pesquisador<\/a> (Clicar em &#8220;Arquivo&#8221;, &#8220;Criar uma C\u00f3pia&#8221;, &#8220;Baixar uma C\u00f3pia&#8221;). <a href=\"https:\/\/ufprbr0-my.sharepoint.com\/:v:\/g\/personal\/prppgpesquisa_ufpr_br\/ERQnxFtr9ulGhVWQMd0U9GsBt0lWItlqBp19D44dxziEPA?nav=eyJyZWZlcnJhbEluZm8iOnsicmVmZXJyYWxBcHAiOiJPbmVEcml2ZUZvckJ1c2luZXNzIiwicmVmZXJyYWxBcHBQbGF0Zm9ybSI6IldlYiIsInJlZmVycmFsTW9kZSI6InZpZXciLCJyZWZlcnJhbFZpZXciOiJNeUZpbGVzTGlua0NvcHkifX0&amp;e=YnYVca\">Clique aqui<\/a> para um passo a passo para preenchimento do plano.<\/li>\n\n\n\n<li><strong>Solicita\u00e7\u00e3o do Cart\u00e3o Pesquisador:<\/strong>&nbsp;Formul\u00e1rio SEI \u201cPRPI: Cart\u00e3o Pesquisador \u2013 Solicita\u00e7\u00e3o Cart\u00e3o\u201d. Em caso de problemas com o Formul\u00e1rio SEI para solicita\u00e7\u00e3o do cart\u00e3o, o interessado deve preencher e assinar digitalmente o modelo disponibilizado a seguir. Em seguida o arquivo dever ser inserido como documento externo no SEI &#8211; <a href=\"https:\/\/ufpr.br\/prpi\/wp-content\/uploads\/2025\/10\/Modelo-Formulario-Cartao-Pesquisador-UGR-PRPI.docx\" target=\"_blank\" rel=\"noreferrer noopener\">Modelo para substituir o Formul\u00e1rio SEI \u201cPRPI: Cart\u00e3o Pesquisador \u2013 Solicita\u00e7\u00e3o Cart\u00e3o\u201d<\/a><\/li>\n\n\n\n<li><strong>Presta\u00e7\u00e3o de Contas:<\/strong>&nbsp;Formul\u00e1rio SEI \u201cPRPI: Cart\u00e3o Pesquisador &#8211; Presta\u00e7\u00e3o de Contas\u201d<\/li>\n\n\n\n<li><strong>Relat\u00f3rio de Execu\u00e7\u00e3o:<\/strong>&nbsp;Formul\u00e1rio SEI \u201cPRPI: Cart\u00e3o Pesquisador \u2013 Relat\u00f3rio de Execu\u00e7\u00e3o\u201d<\/li>\n<\/ul>\n\n\n\n<p><\/p>\n\n\n\n<p><\/p>\n","protected":false},"excerpt":{"rendered":"<p>SOLICITA\u00c7\u00c3O DE CART\u00c3O PESQUISADOR \u2013 PRPI Documentos:<\/p>\n","protected":false},"author":22,"featured_media":0,"parent":0,"menu_order":0,"comment_status":"closed","ping_status":"closed","template":"","meta":{"footnotes":""},"class_list":["post-3328","page","type-page","status-publish","hentry"],"_links":{"self":[{"href":"https:\/\/ufpr.br\/prpi\/wp-json\/wp\/v2\/pages\/3328","targetHints":{"allow":["GET"]}}],"collection":[{"href":"https:\/\/ufpr.br\/prpi\/wp-json\/wp\/v2\/pages"}],"about":[{"href":"https:\/\/ufpr.br\/prpi\/wp-json\/wp\/v2\/types\/page"}],"author":[{"embeddable":true,"href":"https:\/\/ufpr.br\/prpi\/wp-json\/wp\/v2\/users\/22"}],"replies":[{"embeddable":true,"href":"https:\/\/ufpr.br\/prpi\/wp-json\/wp\/v2\/comments?post=3328"}],"version-history":[{"count":25,"href":"https:\/\/ufpr.br\/prpi\/wp-json\/wp\/v2\/pages\/3328\/revisions"}],"predecessor-version":[{"id":4895,"href":"https:\/\/ufpr.br\/prpi\/wp-json\/wp\/v2\/pages\/3328\/revisions\/4895"}],"wp:attachment":[{"href":"https:\/\/ufpr.br\/prpi\/wp-json\/wp\/v2\/media?parent=3328"}],"curies":[{"name":"wp","href":"https:\/\/api.w.org\/{rel}","templated":true}]}}