{"id":3057,"date":"2025-09-19T16:36:24","date_gmt":"2025-09-19T19:36:24","guid":{"rendered":"https:\/\/ufpr.br\/prpi\/?page_id=3057"},"modified":"2025-10-22T11:09:28","modified_gmt":"2025-10-22T14:09:28","slug":"edital-no-21-2025-ocupacao-dos-espacos-para-laboratorios-de-pesquisa-no-complexo-piraquara-da-ufpr","status":"publish","type":"page","link":"https:\/\/ufpr.br\/prpi\/edital-no-21-2025-ocupacao-dos-espacos-para-laboratorios-de-pesquisa-no-complexo-piraquara-da-ufpr\/","title":{"rendered":"Edital n\u00ba 21\/2025 &#8211; Ocupa\u00e7\u00e3o dos espa\u00e7os para laborat\u00f3rios de pesquisa no Complexo Piraquara da UFPR"},"content":{"rendered":"\n<div class=\"wp-block-columns has-white-background-color has-background is-layout-flex wp-container-core-columns-is-layout-1 wp-block-columns-is-layout-flex\">\n<div class=\"wp-block-column has-white-background-color has-background is-layout-flow wp-block-column-is-layout-flow\">\n<p class=\"has-black-color has-text-color has-link-color wp-elements-8ac943868d3922ceec7aa3e41aa7a0a9\">A Pr\u00f3-reitoria de Pesquisa e Inova\u00e7\u00e3o (PRPI) da Universidade Federal do Paran\u00e1 (UFPR) torna p\u00fablico o presente edital para ocupa\u00e7\u00e3o de uma \u00e1rea total de 1.500 m\u00b2, localizada no Complexo da UFPR em Piraquara, destinada a laborat\u00f3rios de pesquisa da institui\u00e7\u00e3o. Em parceria com a Prefeitura de Piraquara e o Governo do Estado do Paran\u00e1, a UFPR vem discutindo a cria\u00e7\u00e3o de um Parque Tecnol\u00f3gico voltado \u00e0 busca de solu\u00e7\u00f5es para quest\u00f5es ambientais. O diferencial desse Parque ser\u00e1 a interlocu\u00e7\u00e3o direta entre os laborat\u00f3rios de pesquisa da UFPR e as demandas das empresas que nele vierem a se instalar.<\/p>\n\n\n\n<div class=\"wp-block-buttons is-content-justification-center is-layout-flex wp-container-core-buttons-is-layout-1 wp-block-buttons-is-layout-flex\">\n<div class=\"wp-block-button is-style-fill\"><a class=\"wp-block-button__link has-background wp-element-button\" href=\"https:\/\/ufpr.br\/prpi\/wp-content\/uploads\/2025\/09\/SEI_8184602_Edital_21_2025.pdf\" style=\"border-radius:20px;background:linear-gradient(200deg,rgb(224,101,91) 0%,rgb(0,85,143) 100%)\"><strong>Edital n\u00ba 21\/2025 PRPI<\/strong><\/a><\/div>\n\n\n\n<div class=\"wp-block-button is-style-fill\"><a class=\"wp-block-button__link has-background wp-element-button\" href=\"https:\/\/ufpr.br\/prpi\/wp-content\/uploads\/2025\/10\/SEI_8301300_Informacao_2.pdf\" style=\"border-radius:20px;background:linear-gradient(200deg,rgb(224,101,91) 0%,rgb(0,85,143) 100%)\"><strong>Resultado Preliminar<\/strong><\/a><\/div>\n<\/div>\n<\/div>\n<\/div>\n","protected":false},"excerpt":{"rendered":"<p>A Pr\u00f3-reitoria de Pesquisa e Inova\u00e7\u00e3o (PRPI) da Universidade Federal do Paran\u00e1 (UFPR) torna p\u00fablico o presente edital para ocupa\u00e7\u00e3o de uma \u00e1rea total de 1.500 m\u00b2, localizada no Complexo da UFPR em Piraquara, destinada a laborat\u00f3rios de pesquisa da institui\u00e7\u00e3o. Em parceria com a Prefeitura de Piraquara e o Governo do Estado do Paran\u00e1, [&hellip;]<\/p>\n","protected":false},"author":11,"featured_media":0,"parent":0,"menu_order":0,"comment_status":"closed","ping_status":"closed","template":"","meta":{"footnotes":""},"class_list":["post-3057","page","type-page","status-publish","hentry"],"_links":{"self":[{"href":"https:\/\/ufpr.br\/prpi\/wp-json\/wp\/v2\/pages\/3057","targetHints":{"allow":["GET"]}}],"collection":[{"href":"https:\/\/ufpr.br\/prpi\/wp-json\/wp\/v2\/pages"}],"about":[{"href":"https:\/\/ufpr.br\/prpi\/wp-json\/wp\/v2\/types\/page"}],"author":[{"embeddable":true,"href":"https:\/\/ufpr.br\/prpi\/wp-json\/wp\/v2\/users\/11"}],"replies":[{"embeddable":true,"href":"https:\/\/ufpr.br\/prpi\/wp-json\/wp\/v2\/comments?post=3057"}],"version-history":[{"count":7,"href":"https:\/\/ufpr.br\/prpi\/wp-json\/wp\/v2\/pages\/3057\/revisions"}],"predecessor-version":[{"id":3856,"href":"https:\/\/ufpr.br\/prpi\/wp-json\/wp\/v2\/pages\/3057\/revisions\/3856"}],"wp:attachment":[{"href":"https:\/\/ufpr.br\/prpi\/wp-json\/wp\/v2\/media?parent=3057"}],"curies":[{"name":"wp","href":"https:\/\/api.w.org\/{rel}","templated":true}]}}