{"id":2290,"date":"2025-06-18T17:05:13","date_gmt":"2025-06-18T20:05:13","guid":{"rendered":"https:\/\/ufpr.br\/prpi\/?page_id=2290"},"modified":"2025-06-27T14:58:08","modified_gmt":"2025-06-27T17:58:08","slug":"edital-nit-prpi-16-2025-selecao-de-bolsista-de-nivel-superior","status":"publish","type":"page","link":"https:\/\/ufpr.br\/prpi\/edital-nit-prpi-16-2025-selecao-de-bolsista-de-nivel-superior\/","title":{"rendered":"Edital NIT\/PRPI 16\/2025 &#8211; Sele\u00e7\u00e3o de Bolsista de N\u00edvel Superior"},"content":{"rendered":"\n<p><\/p>\n\n\n\n<p>O N\u00facleo de Inova\u00e7\u00e3o Tecnol\u00f3gica (NIT), da Pr\u00f3 Reitoria de Pesquisa e Inova\u00e7\u00e3o (PRPI), torna p\u00fablico o edital de sele\u00e7\u00e3o de bolsista de N\u00edvel Superior.<\/p>\n\n\n\n<ul class=\"wp-block-list\">\n<li><a href=\"https:\/\/ufpr.br\/prpi\/wp-content\/uploads\/2025\/06\/SEI_7876346_SUPRI_CPAR__Edital_selecao_aluno.pdf\" data-type=\"link\" data-id=\"https:\/\/ufpr.br\/prpi\/wp-content\/uploads\/2025\/06\/SEI_7876346_SUPRI_CPAR__Edital_selecao_aluno.pdf\">Edital NIT\/PRPI 16\/2025 &#8211; Sele\u00e7\u00e3o de Bolsista de N\u00edvel Superior<\/a><\/li>\n\n\n\n<li><a href=\"https:\/\/ufpr.br\/prpi\/wp-content\/uploads\/2025\/06\/edital-16.pdf\" data-type=\"link\" data-id=\"https:\/\/ufpr.br\/prpi\/wp-content\/uploads\/2025\/06\/edital-16.pdf\">Resultado Final<\/a><\/li>\n<\/ul>\n\n\n\n<p><\/p>\n","protected":false},"excerpt":{"rendered":"<p>O N\u00facleo de Inova\u00e7\u00e3o Tecnol\u00f3gica (NIT), da Pr\u00f3 Reitoria de Pesquisa e Inova\u00e7\u00e3o (PRPI), torna p\u00fablico o edital de sele\u00e7\u00e3o de bolsista de N\u00edvel Superior.<\/p>\n","protected":false},"author":25,"featured_media":0,"parent":0,"menu_order":0,"comment_status":"closed","ping_status":"closed","template":"","meta":{"footnotes":""},"class_list":["post-2290","page","type-page","status-publish","hentry"],"_links":{"self":[{"href":"https:\/\/ufpr.br\/prpi\/wp-json\/wp\/v2\/pages\/2290","targetHints":{"allow":["GET"]}}],"collection":[{"href":"https:\/\/ufpr.br\/prpi\/wp-json\/wp\/v2\/pages"}],"about":[{"href":"https:\/\/ufpr.br\/prpi\/wp-json\/wp\/v2\/types\/page"}],"author":[{"embeddable":true,"href":"https:\/\/ufpr.br\/prpi\/wp-json\/wp\/v2\/users\/25"}],"replies":[{"embeddable":true,"href":"https:\/\/ufpr.br\/prpi\/wp-json\/wp\/v2\/comments?post=2290"}],"version-history":[{"count":2,"href":"https:\/\/ufpr.br\/prpi\/wp-json\/wp\/v2\/pages\/2290\/revisions"}],"predecessor-version":[{"id":2372,"href":"https:\/\/ufpr.br\/prpi\/wp-json\/wp\/v2\/pages\/2290\/revisions\/2372"}],"wp:attachment":[{"href":"https:\/\/ufpr.br\/prpi\/wp-json\/wp\/v2\/media?parent=2290"}],"curies":[{"name":"wp","href":"https:\/\/api.w.org\/{rel}","templated":true}]}}