{"id":1456,"date":"2025-05-12T15:14:25","date_gmt":"2025-05-12T18:14:25","guid":{"rendered":"https:\/\/ufpr.br\/prpi\/?page_id=1456"},"modified":"2025-05-13T17:23:05","modified_gmt":"2025-05-13T20:23:05","slug":"cofpi-banco-de-projetos-de-pesquisa","status":"publish","type":"page","link":"https:\/\/ufpr.br\/prpi\/cofpi-banco-de-projetos-de-pesquisa\/","title":{"rendered":"Banco de Projetos de Pesquisa"},"content":{"rendered":"\n<div class=\"wp-block-columns has-white-background-color has-background is-layout-flex wp-container-core-columns-is-layout-3 wp-block-columns-is-layout-flex\">\n<div class=\"wp-block-column is-layout-flow wp-block-column-is-layout-flow\">\n<div class=\"wp-block-cover\" style=\"min-height:148px;aspect-ratio:unset;\"><span aria-hidden=\"true\" class=\"wp-block-cover__background has-background-dim\"><\/span><img loading=\"lazy\" decoding=\"async\" width=\"1024\" height=\"683\" class=\"wp-block-cover__image-background wp-image-1515\" alt=\"\" src=\"https:\/\/ufpr.br\/prpi\/wp-content\/uploads\/2025\/05\/WhatsApp-Image-2025-05-12-at-15.41.10-1024x683.jpeg\" style=\"object-position:38% 76%\" data-object-fit=\"cover\" data-object-position=\"38% 76%\" srcset=\"https:\/\/ufpr.br\/prpi\/wp-content\/uploads\/2025\/05\/WhatsApp-Image-2025-05-12-at-15.41.10-1024x683.jpeg 1024w, https:\/\/ufpr.br\/prpi\/wp-content\/uploads\/2025\/05\/WhatsApp-Image-2025-05-12-at-15.41.10-300x200.jpeg 300w, https:\/\/ufpr.br\/prpi\/wp-content\/uploads\/2025\/05\/WhatsApp-Image-2025-05-12-at-15.41.10-768x512.jpeg 768w, https:\/\/ufpr.br\/prpi\/wp-content\/uploads\/2025\/05\/WhatsApp-Image-2025-05-12-at-15.41.10-147x98.jpeg 147w, https:\/\/ufpr.br\/prpi\/wp-content\/uploads\/2025\/05\/WhatsApp-Image-2025-05-12-at-15.41.10-75x50.jpeg 75w, https:\/\/ufpr.br\/prpi\/wp-content\/uploads\/2025\/05\/WhatsApp-Image-2025-05-12-at-15.41.10.jpeg 1536w\" sizes=\"auto, (max-width: 1024px) 100vw, 1024px\" \/><div class=\"wp-block-cover__inner-container is-layout-flow wp-block-cover-is-layout-flow\">\n<p class=\"has-text-align-center\" style=\"font-size:23px\"><strong>Pesquisador, sua atualiza\u00e7\u00e3o \u00e9 importante!<\/strong><\/p>\n<\/div><\/div>\n\n\n\n<div style=\"height:20px\" aria-hidden=\"true\" class=\"wp-block-spacer\"><\/div>\n\n\n\n<p>O&nbsp;<strong>Banco de Projetos de Pesquisa<\/strong>&nbsp;\u00e9 um m\u00f3dulo do&nbsp;<a href=\"https:\/\/www.prppg.ufpr.br\/siga\/\">Sistema de Gest\u00e3o Acad\u00eamica \u2013 SIGA\/UFPR<\/a>. Este sistema importa os dados de projetos de pesquisa, juntamente com dados da equipe participante e de produ\u00e7\u00e3o intelectual vinculada ao referido projeto, diretamente do curr\u00edculo Lattes de cada pesquisador.<\/p>\n\n\n\n<p>O registro de um novo projeto de pesquisa e\/ou altera\u00e7\u00e3o dos dados de um projeto existente \u00e9 feito diretamente atrav\u00e9s da atualiza\u00e7\u00e3o do curr\u00edculo Lattes do pesquisador, sendo ent\u00e3o refletido na base de dados da UFPR, mediante op\u00e7\u00e3o \u201cSincronizar com o Lattes\u201d.&nbsp;Cabe ressaltar que o docente dever\u00e1 fazer a vincula\u00e7\u00e3o da produ\u00e7\u00e3o cient\u00edfica e das orienta\u00e7\u00f5es diretamente no curr\u00edculo Lattes.<\/p>\n\n\n\n<div style=\"height:20px\" aria-hidden=\"true\" class=\"wp-block-spacer\"><\/div>\n\n\n\n<div class=\"wp-block-columns is-layout-flex wp-container-core-columns-is-layout-1 wp-block-columns-is-layout-flex\">\n<div class=\"wp-block-column is-layout-flow wp-block-column-is-layout-flow\">\n<div class=\"wp-block-buttons is-content-justification-center is-layout-flex wp-container-core-buttons-is-layout-1 wp-block-buttons-is-layout-flex\">\n<div class=\"wp-block-button\"><a class=\"wp-block-button__link has-background has-text-align-center wp-element-button\" href=\"https:\/\/ufpr.br\/prpi\/cofpi-como-acessar-o-banco-de-projetos-de-pesquisa-ufpr\/\" style=\"border-radius:20px;background-color:#00548e\">Como acessar o Banco de Projetos de Pesquisa UFPR<\/a><\/div>\n\n\n\n<div class=\"wp-block-button\"><a class=\"wp-block-button__link has-background has-text-align-center wp-element-button\" href=\"https:\/\/ufpr.br\/prpi\/cofpi-como-vincular-a-producao-cientifica-e-tecnologica-a-um-projeto-de-pesquisa-no-lattes\/\" style=\"border-radius:20px;background-color:#00548e\">Saiba como vincular a Produ\u00e7\u00e3o Cient\u00edfica e Tecnol\u00f3gica a um Projeto de Pesquisa no Lattes<\/a><\/div>\n\n\n\n<div class=\"wp-block-button\"><a class=\"wp-block-button__link has-background has-text-align-center wp-element-button\" href=\"https:\/\/ufpr.br\/prpi\/cofpi-passo-a-passo-para-operacionalizacao-do-bpp-ufpr\/\" style=\"border-radius:20px;background-color:#00548e\">V\u00eddeos passo a passo para operacionaliza\u00e7\u00e3o do BPP\/UFPR<\/a><\/div>\n<\/div>\n<\/div>\n<\/div>\n\n\n\n<div class=\"wp-block-columns is-layout-flex wp-container-core-columns-is-layout-2 wp-block-columns-is-layout-flex\">\n<div class=\"wp-block-column is-layout-flow wp-block-column-is-layout-flow\">\n<h2 class=\"wp-block-heading\">Observa\u00e7\u00f5es<\/h2>\n\n\n\n<p>No Banco de Projetos de Pesquisa, o docente&nbsp;<strong>APENAS<\/strong>&nbsp;ir\u00e1 incluir o documento de aprova\u00e7\u00e3o que ser\u00e1 a ata de aprova\u00e7\u00e3o pelo Comit\u00ea Setorial de Pesquisa ou o termo de compromisso assinado com a ag\u00eancia de fomento.<\/p>\n\n\n\n<p><strong>O documento de aprova\u00e7\u00e3o inserido no Banco de Projetos de Pesquisa ser\u00e1 analisado pela Coordenadoria de Fomento aos Projetos Institucionais em at\u00e9 4 dias \u00fateis.<\/strong><\/p>\n\n\n\n<p>Para aprova\u00e7\u00e3o via Comit\u00ea Setorial de Pesquisa, orientamos seguir o disposto na&nbsp;<a href=\"http:\/\/www.prppg.ufpr.br\/site\/instrucoes-normativas\/\">Instru\u00e7\u00e3o Normativa n\u00b0 03 \u2013 CPDCT\/PRPPG\/UFPR<\/a>&nbsp;que disp\u00f5e sobre os requisitos m\u00ednimos para cadastro e aprova\u00e7\u00e3o de projetos de pesquisa na UFPR.<\/p>\n\n\n\n<p>Por fim, solicitamos que todos os docentes mantenham seus curr\u00edculos lattes atualizados, informando a equipe e a produ\u00e7\u00e3o vinculada a cada projeto.<\/p>\n\n\n\n<hr class=\"wp-block-separator has-alpha-channel-opacity\" \/>\n\n\n\n<p>Qualquer inconsist\u00eancia verificada, favor enviar e-mail para&nbsp;<strong>prpi.cofpi@ufpr.br&nbsp;<\/strong>com o nome do docente e, se poss\u00edvel, imagem das telas com o erro.<\/p>\n<\/div>\n<\/div>\n<\/div>\n<\/div>\n","protected":false},"excerpt":{"rendered":"<p>O&nbsp;Banco de Projetos de Pesquisa&nbsp;\u00e9 um m\u00f3dulo do&nbsp;Sistema de Gest\u00e3o Acad\u00eamica \u2013 SIGA\/UFPR. Este sistema importa os dados de projetos de pesquisa, juntamente com dados da equipe participante e de produ\u00e7\u00e3o intelectual vinculada ao referido projeto, diretamente do curr\u00edculo Lattes de cada pesquisador. O registro de um novo projeto de pesquisa e\/ou altera\u00e7\u00e3o dos dados [&hellip;]<\/p>\n","protected":false},"author":11,"featured_media":0,"parent":0,"menu_order":0,"comment_status":"closed","ping_status":"closed","template":"","meta":{"footnotes":""},"class_list":["post-1456","page","type-page","status-publish","hentry"],"_links":{"self":[{"href":"https:\/\/ufpr.br\/prpi\/wp-json\/wp\/v2\/pages\/1456","targetHints":{"allow":["GET"]}}],"collection":[{"href":"https:\/\/ufpr.br\/prpi\/wp-json\/wp\/v2\/pages"}],"about":[{"href":"https:\/\/ufpr.br\/prpi\/wp-json\/wp\/v2\/types\/page"}],"author":[{"embeddable":true,"href":"https:\/\/ufpr.br\/prpi\/wp-json\/wp\/v2\/users\/11"}],"replies":[{"embeddable":true,"href":"https:\/\/ufpr.br\/prpi\/wp-json\/wp\/v2\/comments?post=1456"}],"version-history":[{"count":12,"href":"https:\/\/ufpr.br\/prpi\/wp-json\/wp\/v2\/pages\/1456\/revisions"}],"predecessor-version":[{"id":1575,"href":"https:\/\/ufpr.br\/prpi\/wp-json\/wp\/v2\/pages\/1456\/revisions\/1575"}],"wp:attachment":[{"href":"https:\/\/ufpr.br\/prpi\/wp-json\/wp\/v2\/media?parent=1456"}],"curies":[{"name":"wp","href":"https:\/\/api.w.org\/{rel}","templated":true}]}}