{"id":117,"date":"2025-03-25T15:29:58","date_gmt":"2025-03-25T18:29:58","guid":{"rendered":"https:\/\/ufpr.br\/prpi\/?page_id=117"},"modified":"2026-03-25T10:20:20","modified_gmt":"2026-03-25T13:20:20","slug":"coordenadoria-de-fomento-aos-projetos-institucionais-cofpi","status":"publish","type":"page","link":"https:\/\/ufpr.br\/prpi\/coordenadoria-de-fomento-aos-projetos-institucionais-cofpi\/","title":{"rendered":"Coordenadoria de Fomento aos Projetos Institucionais (COFPI)"},"content":{"rendered":"\n<div class=\"wp-block-columns has-white-background-color has-background is-layout-flex wp-container-core-columns-is-layout-1 wp-block-columns-is-layout-flex\">\n<div class=\"wp-block-column is-layout-flow wp-block-column-is-layout-flow\">\n<div class=\"wp-block-cover is-light\" style=\"min-height:162px;aspect-ratio:unset;\"><span aria-hidden=\"true\" class=\"wp-block-cover__background has-background-dim-0 has-background-dim\" style=\"background-color:#b8b1b0\"><\/span><img loading=\"lazy\" decoding=\"async\" width=\"1000\" height=\"667\" class=\"wp-block-cover__image-background wp-image-1995\" alt=\"\" src=\"https:\/\/ufpr.br\/prpi\/wp-content\/uploads\/2025\/05\/4272.jpg\" style=\"object-position:52% 67%\" data-object-fit=\"cover\" data-object-position=\"52% 67%\" srcset=\"https:\/\/ufpr.br\/prpi\/wp-content\/uploads\/2025\/05\/4272.jpg 1000w, https:\/\/ufpr.br\/prpi\/wp-content\/uploads\/2025\/05\/4272-300x200.jpg 300w, https:\/\/ufpr.br\/prpi\/wp-content\/uploads\/2025\/05\/4272-768x512.jpg 768w, https:\/\/ufpr.br\/prpi\/wp-content\/uploads\/2025\/05\/4272-147x98.jpg 147w, https:\/\/ufpr.br\/prpi\/wp-content\/uploads\/2025\/05\/4272-75x50.jpg 75w\" sizes=\"auto, (max-width: 1000px) 100vw, 1000px\" \/><div class=\"wp-block-cover__inner-container is-layout-constrained wp-block-cover-is-layout-constrained\">\n<p class=\"has-text-align-center has-large-font-size\"><\/p>\n<\/div><\/div>\n<\/div>\n<\/div>\n\n\n\n<div class=\"wp-block-columns has-white-background-color has-background is-layout-flex wp-container-core-columns-is-layout-2 wp-block-columns-is-layout-flex\">\n<div class=\"wp-block-column is-layout-flow wp-block-column-is-layout-flow\">\n<p class=\"has-black-color has-text-color has-link-color wp-elements-fd95cab3acce7f8595f3aad25c42d7fa\">A <strong><mark style=\"background-color:#ffffff;color:#e0655b\" class=\"has-inline-color\">Coordenadoria de Fomento aos Projetos Institucionais<\/mark> <\/strong>(COFPI) \u00e9 respons\u00e1vel pela aplica\u00e7\u00e3o das pol\u00edticas de apoio financeiro \u00e0s atividades de pesquisa na UFPR, por meio de Editais espec\u00edficos. Os recursos a serem disponibilizados nos Editais s\u00e3o, predominantemente os oriundos do Tesouro Nacional (recurso pr\u00f3prio) e da Funda\u00e7\u00e3o Arauc\u00e1ria.<\/p>\n<\/div>\n\n\n\n<div class=\"wp-block-column is-layout-flow wp-block-column-is-layout-flow\">\n<p><strong><mark style=\"background-color:#f3b8b2;color:#00558f\" class=\"has-inline-color\">Principais atividades da Coordenadoria<\/mark><\/strong><\/p>\n\n\n\n<p class=\"has-black-color has-text-color has-link-color wp-elements-e9aab9f9f8208ece2674100b09f2be30\">Elaborar, aprovar e executar Editais de Apoio \u00e0s Atividades de Pesquisa. A COFPI conta com o assessoramento do Comit\u00ea Assessor de Pesquisa para elaborar e executar as pol\u00edticas de apoio interno \u00e0 pesquisa.<\/p>\n<\/div>\n<\/div>\n\n\n\n<div class=\"wp-block-columns has-white-background-color has-background is-layout-flex wp-container-core-columns-is-layout-3 wp-block-columns-is-layout-flex\">\n<div class=\"wp-block-column is-layout-flow wp-block-column-is-layout-flow\">\n<h2 class=\"wp-block-heading\"><mark style=\"background-color:#f3b8b2;color:#00558f\" class=\"has-inline-color\">Equipe COFPI<\/mark><\/h2>\n\n\n<div class=\"wp-block-image is-style-default\">\n<figure class=\"aligncenter size-full\"><img loading=\"lazy\" decoding=\"async\" width=\"1264\" height=\"544\" src=\"https:\/\/ufpr.br\/prpi\/wp-content\/uploads\/2026\/03\/Captura-de-tela-2026-03-25-101934.png\" alt=\"\" class=\"wp-image-4989\" style=\"object-fit:cover\" srcset=\"https:\/\/ufpr.br\/prpi\/wp-content\/uploads\/2026\/03\/Captura-de-tela-2026-03-25-101934.png 1264w, https:\/\/ufpr.br\/prpi\/wp-content\/uploads\/2026\/03\/Captura-de-tela-2026-03-25-101934-300x129.png 300w, https:\/\/ufpr.br\/prpi\/wp-content\/uploads\/2026\/03\/Captura-de-tela-2026-03-25-101934-1024x441.png 1024w, https:\/\/ufpr.br\/prpi\/wp-content\/uploads\/2026\/03\/Captura-de-tela-2026-03-25-101934-768x331.png 768w, https:\/\/ufpr.br\/prpi\/wp-content\/uploads\/2026\/03\/Captura-de-tela-2026-03-25-101934-175x75.png 175w, https:\/\/ufpr.br\/prpi\/wp-content\/uploads\/2026\/03\/Captura-de-tela-2026-03-25-101934-75x32.png 75w\" sizes=\"auto, (max-width: 1264px) 100vw, 1264px\" \/><\/figure><\/div>\n\n\n<h2 class=\"wp-block-heading\"><mark style=\"background-color:#f3b8b2;color:#00558f\" class=\"has-inline-color\">P\u00e1ginas \u00fateis<\/mark><\/h2>\n\n\n\n<div style=\"height:30px\" aria-hidden=\"true\" class=\"wp-block-spacer\"><\/div>\n\n\n\n<div class=\"wp-block-buttons is-layout-flex wp-block-buttons-is-layout-flex\">\n<div class=\"wp-block-button\"><a class=\"wp-block-button__link has-background wp-element-button\" href=\"https:\/\/ufpr.br\/prpi\/cofpi-cap\/\" style=\"border-radius:20px;background:linear-gradient(200deg,rgb(224,101,91) 0%,rgb(0,85,143) 100%)\"><strong>Comit\u00ea Assessor de Pesquisa<\/strong><\/a><\/div>\n\n\n\n<div class=\"wp-block-button\"><a class=\"wp-block-button__link has-background wp-element-button\" href=\"https:\/\/ufpr.br\/prpi\/editais\/\" style=\"border-radius:20px;background:linear-gradient(200deg,rgb(224,101,91) 1%,rgb(0,85,143) 100%)\"><strong>Editais da PRPI<\/strong><\/a><\/div>\n\n\n\n<div class=\"wp-block-button\"><a class=\"wp-block-button__link has-background wp-element-button\" href=\"https:\/\/ufpr.br\/prpi\/cofpi-fluxogramas\/\" style=\"border-radius:20px;background:linear-gradient(200deg,rgb(224,101,91) 0%,rgb(0,85,143) 100%)\"><strong>Fluxogramas<\/strong><\/a><\/div>\n\n\n\n<div class=\"wp-block-button\"><a class=\"wp-block-button__link has-background wp-element-button\" href=\"https:\/\/ufpr.br\/prpi\/cofpi-formalizacao-de-convenios\/\" style=\"border-radius:20px;background:linear-gradient(200deg,rgb(224,101,91) 0%,rgb(0,85,143) 100%)\"><strong>Formaliza\u00e7\u00e3o de Conv\u00eanios<\/strong><\/a><\/div>\n\n\n\n<div class=\"wp-block-button\"><a class=\"wp-block-button__link has-background wp-element-button\" href=\"https:\/\/ufpr.br\/prpi\/cofpi-banco-de-projetos-de-pesquisa\/\" style=\"border-radius:20px;background:linear-gradient(200deg,rgb(224,101,91) 0%,rgb(0,85,143) 100%)\"><strong>Banco de Projetos de Pesquisa<\/strong><\/a><\/div>\n\n\n\n<div class=\"wp-block-button\"><a class=\"wp-block-button__link has-background wp-element-button\" href=\"https:\/\/ufpr.br\/prpi\/cofpi-grupos-de-pesquisa\/\" style=\"border-radius:20px;background:linear-gradient(200deg,rgb(224,101,91) 0%,rgb(0,85,143) 100%)\"><strong>Grupos de Pesquisa<\/strong><\/a><\/div>\n\n\n\n<div class=\"wp-block-button\"><a class=\"wp-block-button__link has-background wp-element-button\" href=\"https:\/\/ufpr.br\/prpi\/cofpi-laboratorios-de-pesquisa\/\" style=\"border-radius:20px;background:linear-gradient(200deg,rgb(224,101,91) 0%,rgb(0,85,143) 98%)\"><strong>Laborat\u00f3rios de Pesquisa<\/strong><\/a><\/div>\n\n\n\n<div class=\"wp-block-button\"><a class=\"wp-block-button__link has-background wp-element-button\" href=\"https:\/\/ufpr.br\/prpi\/?page_id=3328&amp;preview=true\" style=\"border-radius:20px;background:linear-gradient(200deg,rgb(224,101,91) 0%,rgb(0,85,143) 98%)\"><strong>Cart\u00e3o Pesquisador<\/strong><\/a><\/div>\n<\/div>\n<\/div>\n<\/div>\n\n\n\n<p><\/p>\n","protected":false},"excerpt":{"rendered":"<p>A Coordenadoria de Fomento aos Projetos Institucionais (COFPI) \u00e9 respons\u00e1vel pela aplica\u00e7\u00e3o das pol\u00edticas de apoio financeiro \u00e0s atividades de pesquisa na UFPR, por meio de Editais espec\u00edficos. Os recursos a serem disponibilizados nos Editais s\u00e3o, predominantemente os oriundos do Tesouro Nacional (recurso pr\u00f3prio) e da Funda\u00e7\u00e3o Arauc\u00e1ria. Principais atividades da Coordenadoria Elaborar, aprovar e [&hellip;]<\/p>\n","protected":false},"author":14,"featured_media":0,"parent":0,"menu_order":0,"comment_status":"closed","ping_status":"closed","template":"","meta":{"footnotes":""},"class_list":["post-117","page","type-page","status-publish","hentry"],"_links":{"self":[{"href":"https:\/\/ufpr.br\/prpi\/wp-json\/wp\/v2\/pages\/117","targetHints":{"allow":["GET"]}}],"collection":[{"href":"https:\/\/ufpr.br\/prpi\/wp-json\/wp\/v2\/pages"}],"about":[{"href":"https:\/\/ufpr.br\/prpi\/wp-json\/wp\/v2\/types\/page"}],"author":[{"embeddable":true,"href":"https:\/\/ufpr.br\/prpi\/wp-json\/wp\/v2\/users\/14"}],"replies":[{"embeddable":true,"href":"https:\/\/ufpr.br\/prpi\/wp-json\/wp\/v2\/comments?post=117"}],"version-history":[{"count":41,"href":"https:\/\/ufpr.br\/prpi\/wp-json\/wp\/v2\/pages\/117\/revisions"}],"predecessor-version":[{"id":4990,"href":"https:\/\/ufpr.br\/prpi\/wp-json\/wp\/v2\/pages\/117\/revisions\/4990"}],"wp:attachment":[{"href":"https:\/\/ufpr.br\/prpi\/wp-json\/wp\/v2\/media?parent=117"}],"curies":[{"name":"wp","href":"https:\/\/api.w.org\/{rel}","templated":true}]}}