{"id":9880,"date":"2025-07-29T14:28:22","date_gmt":"2025-07-29T17:28:22","guid":{"rendered":"https:\/\/ufpr.br\/?page=9880"},"modified":"2026-01-05T09:18:59","modified_gmt":"2026-01-05T12:18:59","slug":"edital-03-2025-propg-sae","status":"publish","type":"page","link":"https:\/\/ufpr.br\/propg\/editais\/edital-03-2025-propg-sae\/","title":{"rendered":"Edital 03\/2025-PROPG\/SAE"},"content":{"rendered":"\n<div style=\"height:50px\" aria-hidden=\"true\" class=\"wp-block-spacer\"><\/div>\n\n\n\n<div class=\"wp-block-columns is-layout-flex wp-container-core-columns-is-layout-9d6595d7 wp-block-columns-is-layout-flex\">\n<div class=\"wp-block-column is-layout-flow wp-block-column-is-layout-flow\" style=\"flex-basis:20%\" id=\"topo\">\n<div style=\"height:15px\" aria-hidden=\"true\" class=\"wp-block-spacer\"><\/div>\n\n\n<div class=\"wp-block-image\">\n<figure class=\"aligncenter size-full is-resized\"><img decoding=\"async\" src=\"https:\/\/ufpr.br\/propg\/wp-content\/uploads\/2024\/10\/Icone_DocumentosMao_Rosa.png\" alt=\"\" class=\"wp-image-6130\" style=\"width:100px;height:auto\"\/><\/figure><\/div><\/div>\n\n\n\n<div class=\"wp-block-column is-layout-flow wp-block-column-is-layout-flow\" style=\"flex-basis:2%\"><\/div>\n\n\n\n<div class=\"wp-block-column is-layout-flow wp-block-column-is-layout-flow\" style=\"flex-basis:70%\">\n<blockquote class=\"wp-block-quote is-layout-flow wp-block-quote-is-layout-flow\">\n<p>Processo Seletivo para aloca\u00e7\u00e3o de cotas PROPG de bolsa DS\/CAPES institu\u00edda atrav\u00e9s da Portaria CAPES n\u00ba 73\/2022<\/p>\n<\/blockquote>\n\n\n\n<div style=\"height:25px\" aria-hidden=\"true\" class=\"wp-block-spacer\"><\/div>\n\n\n\n<div class=\"wp-block-columns is-layout-flex wp-container-core-columns-is-layout-9d6595d7 wp-block-columns-is-layout-flex\">\n<div class=\"wp-block-column is-layout-flow wp-block-column-is-layout-flow\">\n<h2 class=\"wp-block-heading has-text-align-left has-background has-medium-font-size\" style=\"background-color:#e8ecf5\">EDITAL<\/h2>\n\n\n\n<hr class=\"wp-block-separator has-text-color has-alpha-channel-opacity has-background is-style-wide\" style=\"background-color:#e8ecf5;color:#e8ecf5\"\/>\n\n\n\n<ul class=\"wp-block-list\">\n<li><a href=\"https:\/\/ufpr.br\/propg\/wp-content\/uploads\/2025\/07\/edital_propg_sae_03_2025_bolsadscotapropg.pdf\" target=\"_blank\" rel=\"noreferrer noopener\">Edital 03\/2025-PROPG\/SAE<\/a>\u00a0(publicado em 27\/06\/2025)<\/li>\n<\/ul>\n\n\n\n<div style=\"height:50px\" aria-hidden=\"true\" class=\"wp-block-spacer\"><\/div>\n<\/div>\n<\/div>\n\n\n\n<div class=\"wp-block-columns is-layout-flex wp-container-core-columns-is-layout-9d6595d7 wp-block-columns-is-layout-flex\">\n<div class=\"wp-block-column is-layout-flow wp-block-column-is-layout-flow\">\n<h2 class=\"wp-block-heading has-text-align-left has-background has-medium-font-size\" style=\"background-color:#e8ecf5\">RESULTADOS<\/h2>\n\n\n\n<hr class=\"wp-block-separator has-text-color has-alpha-channel-opacity has-background is-style-wide\" style=\"background-color:#e8ecf5;color:#e8ecf5\"\/>\n\n\n\n<ul class=\"wp-block-list\">\n<li><a href=\"https:\/\/ufpr.br\/propg\/wp-content\/uploads\/2025\/07\/resultado-parcial_edital-03_2025_bolsads_cotapropg2025.pdf\" target=\"_blank\" rel=\"noreferrer noopener\">Resultado parcial<\/a>\u00a0(publicado em 09\/07\/25)<\/li>\n<\/ul>\n\n\n\n<ul class=\"wp-block-list\">\n<li><strong><a href=\"https:\/\/ufpr.br\/propg\/wp-content\/uploads\/2025\/07\/resultado-final_edital-03_2025_bolsads_cotapropg2025.pdf\" target=\"_blank\" rel=\"noreferrer noopener\">Resultado Final<\/a><\/strong>\u00a0(publicado em 11\/07\/25)<\/li>\n<\/ul>\n\n\n\n<div style=\"height:50px\" aria-hidden=\"true\" class=\"wp-block-spacer\"><\/div>\n<\/div>\n<\/div>\n\n\n\n<div class=\"wp-block-columns is-layout-flex wp-container-core-columns-is-layout-9d6595d7 wp-block-columns-is-layout-flex\">\n<div class=\"wp-block-column is-layout-flow wp-block-column-is-layout-flow\">\n<h2 class=\"wp-block-heading has-text-align-left has-background has-medium-font-size\" style=\"background-color:#e8ecf5\">FORMUL\u00c1RIOS E MODELOS<\/h2>\n\n\n\n<hr class=\"wp-block-separator has-text-color has-alpha-channel-opacity has-background is-style-wide\" style=\"background-color:#e8ecf5;color:#e8ecf5\"\/>\n\n\n\n<ul class=\"wp-block-list\">\n<li><a href=\"https:\/\/ufpr.br\/propg\/wp-content\/uploads\/2025\/07\/modelo_despachoppg_candidatura-1.docx\" target=\"_blank\" rel=\"noreferrer noopener\">Modelo de Despacho para candidatura<\/a>.docx<\/li>\n<\/ul>\n\n\n\n<ul class=\"wp-block-list\">\n<li>Relat\u00f3rio de Bolsistas do PPG emitido a partir da Plataforma Sucupira, referente ao ano base 2025 \u2013 Ver tutorial para emitir de seu PPG:&nbsp;<a href=\"https:\/\/sites.google.com\/view\/tutorialsucupira\/relat%C3%B3rios\/discentes-bolsistas\" target=\"_blank\" rel=\"noreferrer noopener\">https:\/\/sites.google.com\/view\/tutorialsucupira\/relat%C3%B3rios\/discentes-bolsistas<\/a><\/li>\n<\/ul>\n\n\n\n<div style=\"height:50px\" aria-hidden=\"true\" class=\"wp-block-spacer\"><\/div>\n<\/div>\n<\/div>\n\n\n\n<div class=\"wp-block-columns is-layout-flex wp-container-core-columns-is-layout-9d6595d7 wp-block-columns-is-layout-flex\">\n<div class=\"wp-block-column is-layout-flow wp-block-column-is-layout-flow\">\n<h2 class=\"wp-block-heading has-text-align-left has-background has-medium-font-size\" style=\"background-color:#e8ecf5\">ARQUIVOS PARA CONSULTA DOS PPG<\/h2>\n\n\n\n<hr class=\"wp-block-separator has-text-color has-alpha-channel-opacity has-background is-style-wide\" style=\"background-color:#e8ecf5;color:#e8ecf5\"\/>\n\n\n\n<ol class=\"wp-block-list\">\n<li><a href=\"https:\/\/ufpr.br\/propg\/wp-content\/uploads\/2025\/07\/planilhacapes_concessao_proex_2025.xlsx\" target=\"_blank\" rel=\"noreferrer noopener\">PlanilhaCAPES_Concessao_PROEX_2025<\/a><\/li>\n<\/ol>\n\n\n\n<ol start=\"2\" class=\"wp-block-list\">\n<li><a href=\"https:\/\/ufpr.br\/propg\/wp-content\/uploads\/2025\/07\/planilhacapes_concessao_ds_ds-em-rede_2025.xlsx\" target=\"_blank\" rel=\"noreferrer noopener\">PlanilhaCAPES_Concessao_DS_DS em Rede_2025<\/a><\/li>\n<\/ol>\n\n\n\n<div style=\"height:50px\" aria-hidden=\"true\" class=\"wp-block-spacer\"><\/div>\n<\/div>\n<\/div>\n\n\n\n<div class=\"wp-block-columns is-layout-flex wp-container-core-columns-is-layout-9d6595d7 wp-block-columns-is-layout-flex\">\n<div class=\"wp-block-column is-layout-flow wp-block-column-is-layout-flow\">\n<h2 class=\"wp-block-heading has-text-align-left has-background has-medium-font-size\" style=\"background-color:#e8ecf5\">NORMAS RELACIONADAS<\/h2>\n\n\n\n<hr class=\"wp-block-separator has-text-color has-alpha-channel-opacity has-background is-style-wide\" style=\"background-color:#e8ecf5;color:#e8ecf5\"\/>\n\n\n\n<ol class=\"wp-block-list\">\n<li><strong>Portaria 76\/2010 CAPES<\/strong> Aprova o novo Regulamento do Programa de Demanda Social constante do Anexo a esta Portaria:&nbsp;<a href=\"https:\/\/cad.capes.gov.br\/ato-administrativo-detalhar?idAtoAdmElastic=741\" target=\"_blank\" rel=\"noreferrer noopener\">https:\/\/cad.capes.gov.br\/ato-administrativo-detalhar?idAtoAdmElastic=741<\/a><\/li>\n<\/ol>\n\n\n\n<ol start=\"2\" class=\"wp-block-list\">\n<li><strong>Portaria 34\/2020 CAPES<\/strong> Disp\u00f5e sobre as condi\u00e7\u00f5es para fomento a cursos de p\u00f3s-gradua\u00e7\u00e3o stricto sensu pela Diretoria de Programas e Bolsas no Pa\u00eds da CAPES:&nbsp;<a href=\"https:\/\/cad.capes.gov.br\/ato-administrativo-detalhar?idAtoAdmElastic=3443\" target=\"_blank\" rel=\"noreferrer noopener\">https:\/\/cad.capes.gov.br\/ato-administrativo-detalhar?idAtoAdmElastic=3443<\/a><\/li>\n<\/ol>\n\n\n\n<ol start=\"3\" class=\"wp-block-list\">\n<li><strong>Portaria 73\/2022 CAPES<\/strong> Institui a cota de bolsas de estudo e\/ou aux\u00edlios escolares da pr\u00f3-reitoria ou \u00f3rg\u00e3o equivalente incumbido dos programas de p\u00f3s-gradua\u00e7\u00e3o [\u2026]:&nbsp;<a href=\"https:\/\/cad.capes.gov.br\/ato-administrativo-detalhar?idAtoAdmElastic=8342\" target=\"_blank\" rel=\"noreferrer noopener\">https:\/\/cad.capes.gov.br\/ato-administrativo-detalhar?idAtoAdmElastic=8342<\/a><\/li>\n<\/ol>\n\n\n\n<ol start=\"4\" class=\"wp-block-list\">\n<li><strong>Instru\u00e7\u00e3o normativa n\u00b0 04\/2022<\/strong> \u2013 PRPPG\/GAB Disp\u00f5e sobre aloca\u00e7\u00e3o das cotas de bolsas de estudo e\/ou aux\u00edlios escolares no \u00e2mbito da cota de bolsas da PRPPG, bolsas de mestrado e\/ou doutorado, pela Pr\u00f3-Reitoria de Pesquisa e P\u00f3s-Gradua\u00e7\u00e3o aos programas de p\u00f3s-gradua\u00e7\u00e3o pass\u00edveis de fomento:\u00a0<a href=\"https:\/\/ufpr.br\/propg\/wp-content\/uploads\/2025\/07\/instrucaonormativa_prppg_04_2022.pdf\" target=\"_blank\" rel=\"noreferrer noopener\">https:\/\/ufpr.br\/propg\/wp-content\/uploads\/2025\/07\/instrucaonormativa_prppg_04_2022.pdf<\/a><\/li>\n<\/ol>\n\n\n\n<div style=\"height:50px\" aria-hidden=\"true\" class=\"wp-block-spacer\"><\/div>\n<\/div>\n<\/div>\n\n\n\n<div class=\"wp-block-columns is-layout-flex wp-container-core-columns-is-layout-9d6595d7 wp-block-columns-is-layout-flex\">\n<div class=\"wp-block-column is-layout-flow wp-block-column-is-layout-flow\">\n<h2 class=\"wp-block-heading has-text-align-left has-background has-medium-font-size\" style=\"background-color:#e8ecf5\">D\u00daVIDAS?<\/h2>\n\n\n\n<hr class=\"wp-block-separator has-text-color has-alpha-channel-opacity has-background is-style-wide\" style=\"background-color:#e8ecf5;color:#e8ecf5\"\/>\n\n\n\n<p>Em caso de d\u00favida envie e-mail para&nbsp;<strong><a href=\"mailto:sae.propg@ufpr.br\">sae.propg@ufpr.br<\/a><\/strong><\/p>\n\n\n\n<div style=\"height:25px\" aria-hidden=\"true\" class=\"wp-block-spacer\"><\/div>\n<\/div>\n<\/div>\n\n\n\n<div class=\"wp-block-columns is-layout-flex wp-container-core-columns-is-layout-9d6595d7 wp-block-columns-is-layout-flex\">\n<div class=\"wp-block-column is-layout-flow wp-block-column-is-layout-flow\">\n<h2 class=\"wp-block-heading has-text-align-left has-background has-medium-font-size\" style=\"background-color:#e8ecf5\">PERGUNTAS E RESPOSTAS<\/h2>\n\n\n\n<hr class=\"wp-block-separator has-text-color has-alpha-channel-opacity has-background is-style-wide\" style=\"background-color:#e8ecf5;color:#e8ecf5\"\/>\n\n\n\n<p>Atualizado em 27\/06\/25<\/p>\n\n\n\n<hr class=\"wp-block-separator has-text-color has-alpha-channel-opacity has-background is-style-wide\" style=\"background-color:#e8ecf5;color:#e8ecf5\"\/>\n\n\n\n<details class=\"wp-block-details is-layout-flow wp-block-details-is-layout-flow\"><summary>1. Qual o prazo de concess\u00e3o das bolsas?<\/summary>\n<p>A cota atribu\u00edda ao PPG poder\u00e1 indicar como prazo m\u00e1ximo de concess\u00e3o a data 30\/06\/2026. A data de in\u00edcio de concess\u00e3o depender\u00e1 a m\u00eas em que o pedido de homologa\u00e7\u00e3o seja registrado junto ao SCBA. O PPG poder\u00e1 indicar o prazo inferior de vig\u00eancia inferior a 30\/06\/2025 caso tenha interesse.<\/p>\n\n\n\n<hr class=\"wp-block-separator has-alpha-channel-opacity is-style-dots\"\/>\n<\/details>\n\n\n\n<details class=\"wp-block-details is-layout-flow wp-block-details-is-layout-flow\"><summary>2. A bolsa estar\u00e1 vinculada ao PPG?<\/summary>\n<p>N\u00e3o, a atribui\u00e7\u00e3o de bolsa DS cota PROPG poder\u00e1 ser utilizada por discente regularmente matriculado no PPG selecionado, dentro do per\u00edodo m\u00e1ximo previsto acima, mas a cota n\u00e3o ser\u00e1 incorporada ao saldo do PPG.<\/p>\n\n\n\n<hr class=\"wp-block-separator has-alpha-channel-opacity is-style-dots\"\/>\n<\/details>\n\n\n\n<details class=\"wp-block-details is-layout-flow wp-block-details-is-layout-flow\"><summary>3. Qual o prazo para indica\u00e7\u00e3o de bolsista, caso o PPG seja contemplado?<\/summary>\n<p>Conforme indicado no item 9 Cronograma o PPG poder\u00e1 encaminhar indica\u00e7\u00e3o para inclus\u00e3o em Julho ou em Agosto 2025, observando os prazos de abertura do SCBA para registro de concess\u00e3o de bolsas DS. O PPG receber\u00e1 oportunamente despacho espec\u00edfico, atrav\u00e9s do processo SEI de candidatura, onde ser\u00e1 indicado: atribui\u00e7\u00e3o de cota, prazo m\u00e1ximo para ocupa\u00e7\u00e3o e instru\u00e7\u00f5es sobre o procedimento de homologa\u00e7\u00e3o de bolsa junto ao SCBA.<\/p>\n\n\n\n<hr class=\"wp-block-separator has-alpha-channel-opacity is-style-dots\"\/>\n<\/details>\n\n\n\n<details class=\"wp-block-details is-layout-flow wp-block-details-is-layout-flow\"><summary>4. Quais PPGs podem submeter propostas?<\/summary>\n<p>Todos os PPGs acad\u00eamicos sediados na UFPR.<\/p>\n\n\n\n<hr class=\"wp-block-separator has-alpha-channel-opacity is-style-dots\"\/>\n<\/details>\n\n\n\n<details class=\"wp-block-details is-layout-flow wp-block-details-is-layout-flow\"><summary>5. Os PPGs profissionais podem submeter propostas?<\/summary>\n<p>N\u00e3o. De acordo com o CAPES, apenas os PPGs acad\u00eamicos poder\u00e3o ser contemplados para utiliza\u00e7\u00e3o de bolsas DS cota PROPG. Conforme&nbsp;<a href=\"https:\/\/cad.capes.gov.br\/ato-administrativo-detalhar?idAtoAdmElastic=3443\" target=\"_blank\" rel=\"noreferrer noopener\">Portaria CAPES n\u00ba 34\/2020<\/a>&nbsp;os PPGs profissionais podem receber participar em fomentos CAPES desde que estes indiquem expressamente tal possibilidade. O fomento Demanda Social regido pela&nbsp;<a href=\"https:\/\/cad.capes.gov.br\/ato-administrativo-detalhar?idAtoAdmElastic=741\" target=\"_blank\" rel=\"noreferrer noopener\">Portaria CAPES n\u00ba 76\/2010<\/a>&nbsp;n\u00e3o faz tal previs\u00e3o.<\/p>\n\n\n\n<hr class=\"wp-block-separator has-alpha-channel-opacity is-style-dots\"\/>\n<\/details>\n\n\n\n<details class=\"wp-block-details is-layout-flow wp-block-details-is-layout-flow\"><summary>6. O PPG poder\u00e1 indicar mais de um bolsista para a mesma atribui\u00e7\u00e3o cota PROPG de bolsa de mestrado?<\/summary>\n<p>N\u00e3o. Uma vez cancelada concess\u00e3o de bolsa formalmente atribu\u00edda ao PPG a cota utilizada retorna para o saldo de cotas da Pr\u00f3-Reitoria no SCBA. O PPG s\u00f3 poder\u00e1 indicar novo benefici\u00e1rio se receber nova comunica\u00e7\u00e3o formal de atribui\u00e7\u00e3o de cota considerando a classifica\u00e7\u00e3o geral final deste processo seletivo.<\/p>\n\n\n\n<hr class=\"wp-block-separator has-alpha-channel-opacity is-style-dots\"\/>\n<\/details>\n\n\n\n<details class=\"wp-block-details is-layout-flow wp-block-details-is-layout-flow\"><summary>7. \u00c9 poss\u00edvel acumular bolsas ou fazer complementa\u00e7\u00e3o financeira (atividades remuneradas ou outros rendimentos)?<\/summary>\n<p>Apesar do regulamento de bolsa DS possibilitar a ocorr\u00eancia de acumulo a Pr\u00f3-Reitoria, dentro da compet\u00eancia estabelecida pela Portaria CAPES n\u00ba 73\/2022 que criou as cotas DS tipo Pr\u00f3-Reitoria, estabeleceu que estas cotas s\u00e3o destinadas unicamente aos discentes que n\u00e3o possuem outras fontes de renda. O objetivo desta restri\u00e7\u00e3o \u00e9 reduzir a evas\u00e3o de mestrandos decorrente de falta de capacidade financeira para condu\u00e7\u00e3o da atividade acad\u00eamica.<\/p>\n\n\n\n<hr class=\"wp-block-separator has-alpha-channel-opacity is-style-dots\"\/>\n<\/details>\n\n\n\n<details class=\"wp-block-details is-layout-flow wp-block-details-is-layout-flow\"><summary>8. Alunos que j\u00e1 foram\/s\u00e3o benefici\u00e1rios e que utilizam cotas do PPG \u2013 bolsa DS, PROEX, ou outros fomentos \u2013 podem ser indicados para ocupa\u00e7\u00e3o da cota PROPG atribuiada ao PPG?<\/summary>\n<p>Sim. O PPG poder\u00e1 indicar discente que tenha\/esteja ocupando outra cota de bolsa. Caso a concess\u00e3o j\u00e1 tenha sido encerrada \u00e9 necess\u00e1rio observar se o somat\u00f3rio de parcelas recebidas para o n\u00edvel de atividade acad\u00eamica Mestrado e as indicadas pelo PPG n\u00e3o ultrapassar\u00e1 24. O limite de pagamento de 24 parcelas \u00e9 definido pela CAPES e n\u00e3o pode ser desconsiderado. Se o discente indicado pelo PPG for bolsista ativo \u00e9 necess\u00e1rio realizar primeiro o procedimento de desvincula\u00e7\u00e3o de bolsa para ent\u00e3o realizar o procedimento de envio de solicita\u00e7\u00e3o de ocupa\u00e7\u00e3o de cota previsto neste edital.<\/p>\n\n\n\n<hr class=\"wp-block-separator has-alpha-channel-opacity is-style-dots\"\/>\n<\/details>\n\n\n\n<details class=\"wp-block-details is-layout-flow wp-block-details-is-layout-flow\"><summary>9. Alunos que foram benefici\u00e1rios atrav\u00e9s do Edital PRPPG\/SBA n\u00ba 05\/2024 podem ser indicados novamente para ocupa\u00e7\u00e3o da cota PROPG atribu\u00edda ao PPG?<\/summary>\n<p>Sim. O PPG poder\u00e1 indicar novamente discente que tenha ocupado bolsa DS cota PROPG anteriormente. Ser\u00e1 necess\u00e1rio observar se o somat\u00f3rio de parcelas de concess\u00f5es anteriores e da nova indica\u00e7\u00e3o n\u00e3o ultrapassam o limite de 24 estabelecido pela CAPES.<\/p>\n\n\n\n<hr class=\"wp-block-separator has-alpha-channel-opacity is-style-dots\"\/>\n<\/details>\n\n\n\n<div style=\"height:25px\" aria-hidden=\"true\" class=\"wp-block-spacer\"><\/div>\n<\/div>\n<\/div>\n\n\n\n<p class=\"has-text-color has-link-color wp-elements-16631d866001ae142cbdd3786f7ccd26\" style=\"color:#243673\"><strong><a title=\"\" href=\"#topo\">Voltar ao topo<\/a><\/strong><\/p>\n<\/div>\n\n\n\n<div class=\"wp-block-column is-layout-flow wp-block-column-is-layout-flow\" style=\"flex-basis:7%\"><\/div>\n<\/div>\n\n\n\n<p><\/p>\n","protected":false},"excerpt":{"rendered":"<p>Processo Seletivo para aloca\u00e7\u00e3o de cotas PROPG de bolsa DS\/CAPES institu\u00edda atrav\u00e9s da Portaria CAPES n\u00ba 73\/2022 EDITAL RESULTADOS FORMUL\u00c1RIOS E MODELOS ARQUIVOS PARA CONSULTA DOS PPG NORMAS RELACIONADAS D\u00daVIDAS? Em caso de d\u00favida envie e-mail para&nbsp;sae.propg@ufpr.br PERGUNTAS E RESPOSTAS Atualizado em 27\/06\/25 Voltar ao topo<\/p>\n","protected":false},"author":5,"featured_media":0,"parent":11760,"menu_order":0,"comment_status":"closed","ping_status":"closed","template":"","meta":{"footnotes":""},"class_list":["post-9880","page","type-page","status-publish","hentry"],"_links":{"self":[{"href":"https:\/\/ufpr.br\/propg\/wp-json\/wp\/v2\/pages\/9880","targetHints":{"allow":["GET"]}}],"collection":[{"href":"https:\/\/ufpr.br\/propg\/wp-json\/wp\/v2\/pages"}],"about":[{"href":"https:\/\/ufpr.br\/propg\/wp-json\/wp\/v2\/types\/page"}],"author":[{"embeddable":true,"href":"https:\/\/ufpr.br\/propg\/wp-json\/wp\/v2\/users\/5"}],"replies":[{"embeddable":true,"href":"https:\/\/ufpr.br\/propg\/wp-json\/wp\/v2\/comments?post=9880"}],"version-history":[{"count":31,"href":"https:\/\/ufpr.br\/propg\/wp-json\/wp\/v2\/pages\/9880\/revisions"}],"predecessor-version":[{"id":47228,"href":"https:\/\/ufpr.br\/propg\/wp-json\/wp\/v2\/pages\/9880\/revisions\/47228"}],"up":[{"embeddable":true,"href":"https:\/\/ufpr.br\/propg\/wp-json\/wp\/v2\/pages\/11760"}],"wp:attachment":[{"href":"https:\/\/ufpr.br\/propg\/wp-json\/wp\/v2\/media?parent=9880"}],"curies":[{"name":"wp","href":"https:\/\/api.w.org\/{rel}","templated":true}]}}