{"id":9,"date":"2024-08-08T08:30:35","date_gmt":"2024-08-08T11:30:35","guid":{"rendered":"https:\/\/ufpr.br\/?page=9"},"modified":"2026-01-07T17:28:58","modified_gmt":"2026-01-07T20:28:58","slug":"organograma","status":"publish","type":"page","link":"https:\/\/ufpr.br\/propg\/a-propg\/organograma\/","title":{"rendered":"Organograma"},"content":{"rendered":"\n<h2 class=\"wp-block-heading\" style=\"font-size:30px;font-style:normal;font-weight:700\">Estrutura Administrativa da Pr\u00f3-Reitoria de P\u00f3s-Gradua\u00e7\u00e3o \u2013 PROPG\/UFPR<\/h2>\n\n\n\n<div style=\"height:15px\" aria-hidden=\"true\" class=\"wp-block-spacer\"><\/div>\n\n\n\n<blockquote class=\"wp-block-quote is-layout-flow wp-block-quote-is-layout-flow\">\n<p>Para contatar uma das unidades, acesse\u00a0<a href=\"https:\/\/ufpr.br\/propg\/contatos\/\">Contatos<\/a>.<\/p>\n<\/blockquote>\n\n\n\n<hr class=\"wp-block-separator has-text-color has-alpha-channel-opacity has-background is-style-wide\" style=\"background-color:#e8ecf5;color:#e8ecf5\"\/>\n\n\n\n<div style=\"height:20px\" aria-hidden=\"true\" class=\"wp-block-spacer\"><\/div>\n\n\n\n<div class=\"wp-block-columns is-layout-flex wp-container-core-columns-is-layout-9d6595d7 wp-block-columns-is-layout-flex\">\n<div class=\"wp-block-column is-layout-flow wp-block-column-is-layout-flow\" style=\"flex-basis:1.54%\"><\/div>\n\n\n\n<div class=\"wp-block-column is-layout-flow wp-block-column-is-layout-flow\" style=\"flex-basis:85%\"><div class=\"wp-block-image\">\n<figure class=\"aligncenter size-full is-resized\"><a href=\"https:\/\/ufpr.br\/propg\/wp-content\/uploads\/2025\/07\/organograma-propg.jpg\" target=\"_blank\" rel=\"noreferrer noopener\"><img decoding=\"async\" src=\"https:\/\/ufpr.br\/propg\/wp-content\/uploads\/2025\/07\/organograma-propg.jpg\" alt=\"\" class=\"wp-image-11410\" style=\"width:600px\"\/><\/a><\/figure><\/div><\/div>\n\n\n\n<div class=\"wp-block-column is-layout-flow wp-block-column-is-layout-flow\" style=\"flex-basis:1.54%\"><\/div>\n\n\n\n<div class=\"wp-block-column is-vertically-aligned-top is-layout-flow wp-block-column-is-layout-flow\" style=\"flex-basis:20%\">\n<div class=\"wp-block-columns is-layout-flex wp-container-core-columns-is-layout-9d6595d7 wp-block-columns-is-layout-flex\">\n<div class=\"wp-block-column is-vertically-aligned-top has-background is-layout-flow wp-block-column-is-layout-flow\" style=\"background-color:#e8ecf5;flex-basis:100%\">\n<h2 class=\"wp-block-heading has-text-align-center\">Conhe\u00e7a<br>Tamb\u00e9m<\/h2>\n\n\n\n<hr class=\"wp-block-separator has-text-color has-white-color has-alpha-channel-opacity has-white-background-color has-background is-style-wide\"\/>\n\n\n\n<div class=\"wp-block-columns is-not-stacked-on-mobile is-layout-flex wp-container-core-columns-is-layout-9d6595d7 wp-block-columns-is-layout-flex\">\n<div class=\"wp-block-column is-layout-flow wp-block-column-is-layout-flow\" style=\"flex-basis:1px\"><\/div>\n\n\n\n<div class=\"wp-block-column has-white-background-color has-text-color has-background has-link-color wp-elements-a2dd00afbd8fadcc69d6453c3af8f0ce is-layout-flow wp-block-column-is-layout-flow\" style=\"color:#003c71\">\n<div style=\"height:20px\" aria-hidden=\"true\" class=\"wp-block-spacer\"><\/div>\n\n\n<div class=\"wp-block-image is-style-default\">\n<figure class=\"aligncenter size-full is-resized\" id=\"topo\"><a href=\"https:\/\/ufpr.br\/propg\/a-propg\/\"><img decoding=\"async\" src=\"https:\/\/ufpr.br\/propg\/wp-content\/uploads\/2024\/08\/PRPPG_Coluna_rosa.png\" alt=\"\" class=\"wp-image-6020\" style=\"object-fit:cover;width:70px;height:70px\"\/><\/a><\/figure><\/div>\n\n\n<p class=\"has-text-align-center has-text-color has-link-color wp-elements-73f83c437bf9a82c1dd85abf91ccd1ed\" style=\"color:#243673;font-size:14px\"><strong><a href=\"https:\/\/ufpr.br\/propg\/a-propg\/\">A PROPG<\/a><\/strong><\/p>\n<\/div>\n\n\n\n<div class=\"wp-block-column is-layout-flow wp-block-column-is-layout-flow\" style=\"flex-basis:1px\"><\/div>\n<\/div>\n\n\n\n<hr class=\"wp-block-separator has-text-color has-white-color has-alpha-channel-opacity has-white-background-color has-background is-style-wide\"\/>\n<\/div>\n<\/div>\n<\/div>\n\n\n\n<div class=\"wp-block-column is-layout-flow wp-block-column-is-layout-flow\" style=\"flex-basis:1%\"><\/div>\n<\/div>\n","protected":false},"excerpt":{"rendered":"<p>Estrutura Administrativa da Pr\u00f3-Reitoria de P\u00f3s-Gradua\u00e7\u00e3o \u2013 PROPG\/UFPR Para contatar uma das unidades, acesse\u00a0Contatos. Conhe\u00e7aTamb\u00e9m A PROPG<\/p>\n","protected":false},"author":5,"featured_media":0,"parent":7,"menu_order":0,"comment_status":"closed","ping_status":"closed","template":"page.php","meta":{"footnotes":""},"class_list":["post-9","page","type-page","status-publish","hentry"],"_links":{"self":[{"href":"https:\/\/ufpr.br\/propg\/wp-json\/wp\/v2\/pages\/9","targetHints":{"allow":["GET"]}}],"collection":[{"href":"https:\/\/ufpr.br\/propg\/wp-json\/wp\/v2\/pages"}],"about":[{"href":"https:\/\/ufpr.br\/propg\/wp-json\/wp\/v2\/types\/page"}],"author":[{"embeddable":true,"href":"https:\/\/ufpr.br\/propg\/wp-json\/wp\/v2\/users\/5"}],"replies":[{"embeddable":true,"href":"https:\/\/ufpr.br\/propg\/wp-json\/wp\/v2\/comments?post=9"}],"version-history":[{"count":81,"href":"https:\/\/ufpr.br\/propg\/wp-json\/wp\/v2\/pages\/9\/revisions"}],"predecessor-version":[{"id":47688,"href":"https:\/\/ufpr.br\/propg\/wp-json\/wp\/v2\/pages\/9\/revisions\/47688"}],"up":[{"embeddable":true,"href":"https:\/\/ufpr.br\/propg\/wp-json\/wp\/v2\/pages\/7"}],"wp:attachment":[{"href":"https:\/\/ufpr.br\/propg\/wp-json\/wp\/v2\/media?parent=9"}],"curies":[{"name":"wp","href":"https:\/\/api.w.org\/{rel}","templated":true}]}}

<h2 class="wp-block-heading" style="font-size:30px;font-style:normal;font-weight:700">Estrutura Administrativa da Pró-Reitoria de Pós-Graduação – PROPG/UFPR</h2>



<div style="height:15px" aria-hidden="true" class="wp-block-spacer"></div>



<blockquote class="wp-block-quote is-layout-flow wp-block-quote-is-layout-flow">
<p>Para contatar uma das unidades, acesse <a href="https://ufpr.br/propg/contatos/">Contatos</a>.</p>
</blockquote>



<hr class="wp-block-separator has-text-color has-alpha-channel-opacity has-background is-style-wide" style="background-color:#e8ecf5;color:#e8ecf5"/>



<div style="height:20px" aria-hidden="true" class="wp-block-spacer"></div>



<div class="wp-block-columns is-layout-flex wp-container-core-columns-is-layout-9d6595d7 wp-block-columns-is-layout-flex">
<div class="wp-block-column is-layout-flow wp-block-column-is-layout-flow" style="flex-basis:1.54%"></div>



<div class="wp-block-column is-layout-flow wp-block-column-is-layout-flow" style="flex-basis:85%"><div class="wp-block-image">
<figure class="aligncenter size-full is-resized"><a href="https://ufpr.br/propg/wp-content/uploads/2025/07/organograma-propg.jpg" target="_blank" rel="noreferrer noopener"><img decoding="async" src="https://ufpr.br/propg/wp-content/uploads/2025/07/organograma-propg.jpg" alt="" class="wp-image-11410" style="width:600px"/></a></figure></div></div>



<div class="wp-block-column is-layout-flow wp-block-column-is-layout-flow" style="flex-basis:1.54%"></div>



<div class="wp-block-column is-vertically-aligned-top is-layout-flow wp-block-column-is-layout-flow" style="flex-basis:20%">
<div class="wp-block-columns is-layout-flex wp-container-core-columns-is-layout-9d6595d7 wp-block-columns-is-layout-flex">
<div class="wp-block-column is-vertically-aligned-top has-background is-layout-flow wp-block-column-is-layout-flow" style="background-color:#e8ecf5;flex-basis:100%">
<h2 class="wp-block-heading has-text-align-center">Conheça<br>Também</h2>



<hr class="wp-block-separator has-text-color has-white-color has-alpha-channel-opacity has-white-background-color has-background is-style-wide"/>



<div class="wp-block-columns is-not-stacked-on-mobile is-layout-flex wp-container-core-columns-is-layout-9d6595d7 wp-block-columns-is-layout-flex">
<div class="wp-block-column is-layout-flow wp-block-column-is-layout-flow" style="flex-basis:1px"></div>



<div class="wp-block-column has-white-background-color has-text-color has-background has-link-color wp-elements-a2dd00afbd8fadcc69d6453c3af8f0ce is-layout-flow wp-block-column-is-layout-flow" style="color:#003c71">
<div style="height:20px" aria-hidden="true" class="wp-block-spacer"></div>


<div class="wp-block-image is-style-default">
<figure class="aligncenter size-full is-resized" id="topo"><a href="https://ufpr.br/propg/a-propg/"><img decoding="async" src="https://ufpr.br/propg/wp-content/uploads/2024/08/PRPPG_Coluna_rosa.png" alt="" class="wp-image-6020" style="object-fit:cover;width:70px;height:70px"/></a></figure></div>


<p class="has-text-align-center has-text-color has-link-color wp-elements-73f83c437bf9a82c1dd85abf91ccd1ed" style="color:#243673;font-size:14px"><strong><a href="https://ufpr.br/propg/a-propg/">A PROPG</a></strong></p>
</div>



<div class="wp-block-column is-layout-flow wp-block-column-is-layout-flow" style="flex-basis:1px"></div>
</div>



<hr class="wp-block-separator has-text-color has-white-color has-alpha-channel-opacity has-white-background-color has-background is-style-wide"/>
</div>
</div>
</div>



<div class="wp-block-column is-layout-flow wp-block-column-is-layout-flow" style="flex-basis:1%"></div>
</div>

<p>Estrutura Administrativa da Pró-Reitoria de Pós-Graduação – PROPG/UFPR Para contatar uma das unidades, acesse Contatos. ConheçaTambém A PROPG</p>
