{"id":8754,"date":"2025-07-21T14:09:21","date_gmt":"2025-07-21T17:09:21","guid":{"rendered":"https:\/\/ufpr.br\/?page=8754"},"modified":"2025-10-28T10:45:00","modified_gmt":"2025-10-28T13:45:00","slug":"auxilio-financeiro-a-estudante","status":"publish","type":"page","link":"https:\/\/ufpr.br\/propg\/uceo\/auxilio-financeiro-a-estudante\/","title":{"rendered":"Aux\u00edlio Financeiro a Estudante"},"content":{"rendered":"\n<div style=\"height:50px\" aria-hidden=\"true\" class=\"wp-block-spacer\"><\/div>\n\n\n\n<div class=\"wp-block-columns is-layout-flex wp-container-core-columns-is-layout-9d6595d7 wp-block-columns-is-layout-flex\">\n<div class=\"wp-block-column is-layout-flow wp-block-column-is-layout-flow\" style=\"flex-basis:15%\"><div class=\"wp-block-image\">\n<figure class=\"aligncenter size-full is-resized\" id=\"topo\"><img decoding=\"async\" src=\"https:\/\/ufpr.br\/propg\/wp-content\/uploads\/2025\/06\/Icone_Bolsas_Rosa.png\" alt=\"\" class=\"wp-image-7917\" style=\"width:100px\"\/><\/figure><\/div><\/div>\n\n\n\n<div class=\"wp-block-column is-layout-flow wp-block-column-is-layout-flow\" style=\"flex-basis:1%\"><\/div>\n\n\n\n<div class=\"wp-block-column is-layout-flow wp-block-column-is-layout-flow\" style=\"flex-basis:80%\">\n<blockquote class=\"wp-block-quote is-layout-flow wp-block-quote-is-layout-flow\">\n<p>Os processos de Aux\u00edlio Financeiro a Estudante executados pela UCEO\/PROPG s\u00e3o regidos sob a <a href=\"https:\/\/ufpr.br\/propg\/wp-content\/uploads\/2025\/10\/instrucao-normativa-01-2025-propg-auxilio-a-estudante.pdf\" target=\"_blank\" rel=\"noreferrer noopener\">INSTRU\u00c7\u00c3O NORMATIVA 01\/2025<\/a>.&nbsp;&nbsp;<\/p>\n\n\n\n<p>O pagamento \u00e9 permitido somente para alunos de Mestrado, Doutorado e P\u00f3s-Doutorado com v\u00ednculo ativo na UFPR. No caso de solicita\u00e7\u00f5es via conv\u00eanios da Funda\u00e7\u00e3o Arauc\u00e1ria, o discente dever\u00e1 constar tamb\u00e9m como membro do Plano de Trabalho do Conv\u00eanio (caso n\u00e3o esteja, deve-se solicitar inclus\u00e3o para a Funda\u00e7\u00e3o Arauc\u00e1ria \u2013 ver com a subunidade Conv\u00eanios Funda\u00e7\u00e3o Arauc\u00e1ria). A viagem pretendida tamb\u00e9m deve estar prevista no Plano.&nbsp;<\/p>\n<\/blockquote>\n\n\n\n<div style=\"height:50px\" aria-hidden=\"true\" class=\"wp-block-spacer\"><\/div>\n\n\n\n<p><strong>IMPORTANTE<\/strong>: Para as solicita\u00e7\u00f5es com recursos da Funda\u00e7\u00e3o Arauc\u00e1ria, verificar no Ato DEFA 14\/2023 (link) os limites de reembolso de hospedagem e alimenta\u00e7\u00e3o por dia, bem como a rela\u00e7\u00e3o de itens n\u00e3o financi\u00e1veis\/reembols\u00e1veis. <strong>As notas fiscais devem estar em nome da UFPR<\/strong>.&nbsp;<\/p>\n\n\n\n<hr class=\"wp-block-separator has-text-color has-alpha-channel-opacity has-background is-style-wide\" style=\"background-color:#e8ecf5;color:#e8ecf5\"\/>\n\n\n\n<p>O limite para solicita\u00e7\u00f5es com recursos PROAP \u00e9 de R$ 1.500,00 por solicita\u00e7\u00e3o. Demandas que necessitem de valor maior passar\u00e3o por an\u00e1lise\/aprova\u00e7\u00e3o pelo(a) Pr\u00f3-Reitor(a) da PROPG.<\/p>\n\n\n\n<hr class=\"wp-block-separator has-text-color has-alpha-channel-opacity has-background is-style-wide\" style=\"background-color:#e8ecf5;color:#e8ecf5\"\/>\n\n\n\n<div style=\"height:15px\" aria-hidden=\"true\" class=\"wp-block-spacer\"><\/div>\n\n\n\n<hr class=\"wp-block-separator has-alpha-channel-opacity is-style-dots\"\/>\n\n\n\n<div style=\"height:25px\" aria-hidden=\"true\" class=\"wp-block-spacer\"><\/div>\n\n\n\n<h2 class=\"wp-block-heading has-text-align-left has-background has-medium-font-size\" style=\"background-color:#e8ecf5\">INSTRU\u00c7\u00c3O PROCESSUAL<\/h2>\n\n\n\n<hr class=\"wp-block-separator has-text-color has-alpha-channel-opacity has-background is-style-wide\" style=\"background-color:#e8ecf5;color:#e8ecf5\"\/>\n\n\n\n<ol start=\"1\" class=\"wp-block-list\">\n<li>Abrir processo no SEI do tipo \u201cOr\u00e7amento e Finan\u00e7as: Aux\u00edlio Financeiro ao Estudante\u201d;\u00a0<\/li>\n<\/ol>\n\n\n\n<ol start=\"2\" class=\"wp-block-list\">\n<li>Anexar o Formul\u00e1rio SEI \u201cPRPPG: OR\u00c7.FIN \u2013 AUX\u00cdLIO FINANCEIRO AO ESTUDANTE\u201d, totalmente preenchido e assinado pela coordena\u00e7\u00e3o do PPG (se PROAP) ou Conv\u00eanio (se Funda\u00e7\u00e3o Arauc\u00e1ria);\u00a0<\/li>\n<\/ol>\n\n\n\n<ol start=\"3\" class=\"wp-block-list\">\n<li>O Formul\u00e1rio, bem como os documentos que possuam dados pessoais devem ser inclu\u00eddos com n\u00edvel de acesso restrito, com base na LGPD. Os processos sempre s\u00e3o p\u00fablicos;\u00a0<\/li>\n<\/ol>\n\n\n\n<ol start=\"4\" class=\"wp-block-list\">\n<li>Anexar:\u00a0<\/li>\n<\/ol>\n\n\n\n<ul class=\"wp-block-list\">\n<li>Para todos os casos, Declara\u00e7\u00e3o de Matr\u00edcula vigente do(a) Estudante e of\u00edcio de solicita\u00e7\u00e3o assinado pelo(a) Coordenador(a) do PPG\/Conv\u00eanio;&nbsp;<\/li>\n<\/ul>\n\n\n\n<ul class=\"wp-block-list\">\n<li>No caso de Participa\u00e7\u00e3o em eventos com apresenta\u00e7\u00e3o de trabalho: aceite do trabalho (em nome do discente solicitante. Justificar caso esteja em nome de outra pessoa) e programa\u00e7\u00e3o\/folder do evento;&nbsp;<\/li>\n<\/ul>\n\n\n\n<ul class=\"wp-block-list\">\n<li>No caso de Participa\u00e7\u00e3o em eventos como ouvinte (sem apresenta\u00e7\u00e3o): justificativa assinada pelo Professor(a) Orientador(a) e Coordena\u00e7\u00e3o do PPG\/Conv\u00eanio com a import\u00e2ncia da participa\u00e7\u00e3o e programa\u00e7\u00e3o\/folder do evento;&nbsp;<\/li>\n<\/ul>\n\n\n\n<ul class=\"wp-block-list\">\n<li>No caso de pagamento de Taxa de Inscri\u00e7\u00e3o para evento (somente): comprovante do valor a ser pago e se este pode mudar de acordo com a data do pagamento (desconto por pagamento antecipado, por exemplo);&nbsp;&nbsp;<\/li>\n<\/ul>\n\n\n\n<ul class=\"wp-block-list\">\n<li>No caso de sa\u00edda para Coletas de Campo: Of\u00edcio de justificativa, assinado pelo(a) Professor(a) Orientador(a) e Coordena\u00e7\u00e3o do PPG\/Conv\u00eanio.&nbsp;<\/li>\n<\/ul>\n\n\n\n<ol start=\"5\" class=\"wp-block-list\">\n<li>Para solicita\u00e7\u00f5es via conv\u00eanios da Funda\u00e7\u00e3o Arauc\u00e1ria, verificar se no Plano de Aplica\u00e7\u00e3o constam as rubricas 3390.39.41 \u2013 Alimenta\u00e7\u00e3o e 3390.39.80 \u2013 Hospedagem e se seus saldos s\u00e3o suficientes para o valor pretendido. Caso n\u00e3o constem estas rubricas, deve-se solicitar remanejamento junto \u00e0 Funda\u00e7\u00e3o, na propor\u00e7\u00e3o 70% para Hospedagem e 30% para Alimenta\u00e7\u00e3o (ver com a subunidade Conv\u00eanios Funda\u00e7\u00e3o Arauc\u00e1ria);\u00a0<\/li>\n<\/ol>\n\n\n\n<ol start=\"6\" class=\"wp-block-list\">\n<li>Tramitar processo para a UCEO\/PROPG.\u00a0<\/li>\n<\/ol>\n\n\n\n<hr class=\"wp-block-separator has-text-color has-alpha-channel-opacity has-background is-style-wide\" style=\"background-color:#e8ecf5;color:#e8ecf5\"\/>\n\n\n\n<p><strong>IMPORTANTE:&nbsp;<\/strong>&nbsp;<\/p>\n\n\n\n<ul class=\"wp-block-list\">\n<li>Podem ser pagos solicita\u00e7\u00f5es de aux\u00edlio de forma retroativa, desde que no mesmo ano vigente. Neste caso, anexar os or\u00e7amentos\/notas fiscais que justifiquem o valor solicitado.&nbsp;<\/li>\n<\/ul>\n\n\n\n<ul class=\"wp-block-list\">\n<li>No caso de solicita\u00e7\u00e3o para v\u00e1rios discentes em um mesmo evento, solicitamos que sejam abertos processos individuais, para cada aluno;&nbsp;<\/li>\n<\/ul>\n\n\n\n<p>Para todos os casos, a data do evento a que se pretende o aux\u00edlio deve ser anterior \u00e0 realiza\u00e7\u00e3o da defesa da disserta\u00e7\u00e3o\/tese.&nbsp;<\/p>\n\n\n\n<hr class=\"wp-block-separator has-text-color has-alpha-channel-opacity has-background is-style-wide\" style=\"background-color:#e8ecf5;color:#e8ecf5\"\/>\n\n\n\n<div style=\"height:20px\" aria-hidden=\"true\" class=\"wp-block-spacer\"><\/div>\n\n\n\n<hr class=\"wp-block-separator has-alpha-channel-opacity is-style-dots\"\/>\n\n\n\n<div style=\"height:25px\" aria-hidden=\"true\" class=\"wp-block-spacer\"><\/div>\n\n\n\n<h2 class=\"wp-block-heading has-text-align-left has-background has-medium-font-size\" style=\"background-color:#e8ecf5\">PRESTA\u00c7\u00c3O DE CONTAS<\/h2>\n\n\n\n<hr class=\"wp-block-separator has-text-color has-alpha-channel-opacity has-background is-style-wide\" style=\"background-color:#e8ecf5;color:#e8ecf5\"\/>\n\n\n\n<h2 class=\"wp-block-heading\">Solicita\u00e7\u00f5es via PROAP&nbsp;<\/h2>\n\n\n\n<div style=\"height:15px\" aria-hidden=\"true\" class=\"wp-block-spacer\"><\/div>\n\n\n\n<ol start=\"1\" class=\"wp-block-list\">\n<li>As coordena\u00e7\u00f5es devem cobrar dos discentes beneficiados os documentos comprobat\u00f3rios relacionados \u00e0 solicita\u00e7\u00e3o (recibos, bilhetes, notas fiscais, etc) e guarda-los para eventuais verifica\u00e7\u00f5es. N\u00e3o \u00e9 necess\u00e1rio enviar para a UCEO\/PROPG.&nbsp;<\/li>\n<\/ol>\n\n\n\n<hr class=\"wp-block-separator has-alpha-channel-opacity is-style-dots\"\/>\n\n\n\n<h2 class=\"wp-block-heading\">Solicita\u00e7\u00f5es via Funda\u00e7\u00e3o Arauc\u00e1ria&nbsp;<\/h2>\n\n\n\n<div style=\"height:15px\" aria-hidden=\"true\" class=\"wp-block-spacer\"><\/div>\n\n\n\n<ol start=\"1\" class=\"wp-block-list\">\n<li>Abrir novo processo do tipo \u201cOr\u00e7amento e Finan\u00e7as: Presta\u00e7\u00e3o de Contas\u201d, anexando todas as notas fiscais referentes a hospedagem e alimenta\u00e7\u00e3o em nome da UFPR (e justificativas caso n\u00e3o estejam);&nbsp;<\/li>\n<\/ol>\n\n\n\n<ol start=\"2\" class=\"wp-block-list\">\n<li>A UCEO\/PROPG far\u00e1 a an\u00e1lise das notas, norteada pelo Ato DEFA 14\/2023 (link) e informar\u00e1 da necessidade de eventual devolu\u00e7\u00e3o de valores (caso o valor concedido seja superior ao valor comprovado das notas em conformidade com o Ato);&nbsp;<\/li>\n<\/ol>\n\n\n\n<ol start=\"3\" class=\"wp-block-list\">\n<li>Caso seja necess\u00e1ria a devolu\u00e7\u00e3o, a UCEO\/PROPG devolver\u00e1 o processo com as instru\u00e7\u00f5es para pagamento. Ap\u00f3s pago, o solicitante deve anexar o comprovante ao processo.&nbsp;<\/li>\n<\/ol>\n\n\n\n<hr class=\"wp-block-separator has-text-color has-alpha-channel-opacity has-background is-style-wide\" style=\"background-color:#e8ecf5;color:#e8ecf5\"\/>\n\n\n\n<p>Casos espec\u00edficos ser\u00e3o analisados individualmente pela UCEO\/PROPG.&nbsp;<\/p>\n\n\n\n<hr class=\"wp-block-separator has-text-color has-alpha-channel-opacity has-background is-style-wide\" style=\"background-color:#e8ecf5;color:#e8ecf5\"\/>\n\n\n\n<p>D\u00favidas quanto aos processos de Aux\u00edlio a Estudante devem ser encaminhadas para o e-mail <a href=\"mailto:uceo.prppg@ufpr.br\" target=\"_blank\" rel=\"noreferrer noopener\">uceo.propg@ufpr.br<\/a>.&nbsp;<\/p>\n\n\n\n<hr class=\"wp-block-separator has-text-color has-alpha-channel-opacity has-background is-style-wide\" style=\"background-color:#e8ecf5;color:#e8ecf5\"\/>\n\n\n\n<p class=\"has-text-color has-link-color wp-elements-16631d866001ae142cbdd3786f7ccd26\" style=\"color:#243673\"><strong><a title=\"\" href=\"#topo\">Voltar ao topo<\/a><\/strong><\/p>\n<\/div>\n\n\n\n<div class=\"wp-block-column is-layout-flow wp-block-column-is-layout-flow\" style=\"flex-basis:4%\"><\/div>\n<\/div>\n\n\n\n<p><\/p>\n","protected":false},"excerpt":{"rendered":"<p>Os processos de Aux\u00edlio Financeiro a Estudante executados pela UCEO\/PROPG s\u00e3o regidos sob a INSTRU\u00c7\u00c3O NORMATIVA 01\/2025.&nbsp;&nbsp; O pagamento \u00e9 permitido somente para alunos de Mestrado, Doutorado e P\u00f3s-Doutorado com v\u00ednculo ativo na UFPR. No caso de solicita\u00e7\u00f5es via conv\u00eanios da Funda\u00e7\u00e3o Arauc\u00e1ria, o discente dever\u00e1 constar tamb\u00e9m como membro do Plano de Trabalho do [&hellip;]<\/p>\n","protected":false},"author":5,"featured_media":0,"parent":2700,"menu_order":0,"comment_status":"closed","ping_status":"closed","template":"","meta":{"footnotes":""},"class_list":["post-8754","page","type-page","status-publish","hentry"],"_links":{"self":[{"href":"https:\/\/ufpr.br\/propg\/wp-json\/wp\/v2\/pages\/8754","targetHints":{"allow":["GET"]}}],"collection":[{"href":"https:\/\/ufpr.br\/propg\/wp-json\/wp\/v2\/pages"}],"about":[{"href":"https:\/\/ufpr.br\/propg\/wp-json\/wp\/v2\/types\/page"}],"author":[{"embeddable":true,"href":"https:\/\/ufpr.br\/propg\/wp-json\/wp\/v2\/users\/5"}],"replies":[{"embeddable":true,"href":"https:\/\/ufpr.br\/propg\/wp-json\/wp\/v2\/comments?post=8754"}],"version-history":[{"count":23,"href":"https:\/\/ufpr.br\/propg\/wp-json\/wp\/v2\/pages\/8754\/revisions"}],"predecessor-version":[{"id":16503,"href":"https:\/\/ufpr.br\/propg\/wp-json\/wp\/v2\/pages\/8754\/revisions\/16503"}],"up":[{"embeddable":true,"href":"https:\/\/ufpr.br\/propg\/wp-json\/wp\/v2\/pages\/2700"}],"wp:attachment":[{"href":"https:\/\/ufpr.br\/propg\/wp-json\/wp\/v2\/media?parent=8754"}],"curies":[{"name":"wp","href":"https:\/\/api.w.org\/{rel}","templated":true}]}}