{"id":7916,"date":"2025-07-16T14:55:28","date_gmt":"2025-07-16T17:55:28","guid":{"rendered":"https:\/\/ufpr.br\/?page=7916"},"modified":"2026-04-13T09:22:23","modified_gmt":"2026-04-13T12:22:23","slug":"comite-assessor-de-iniciacao-cientifica","status":"publish","type":"page","link":"https:\/\/ufpr.br\/propg\/ict\/comite-assessor-de-iniciacao-cientifica\/","title":{"rendered":"Comit\u00ea Assessor de Inicia\u00e7\u00e3o Cient\u00edfica"},"content":{"rendered":"\n<div style=\"height:50px\" aria-hidden=\"true\" class=\"wp-block-spacer\"><\/div>\n\n\n\n<div class=\"wp-block-columns is-layout-flex wp-container-core-columns-is-layout-9d6595d7 wp-block-columns-is-layout-flex\">\n<div class=\"wp-block-column is-layout-flow wp-block-column-is-layout-flow\" style=\"flex-basis:30%\">\n<div class=\"wp-block-columns is-layout-flex wp-container-core-columns-is-layout-9d6595d7 wp-block-columns-is-layout-flex\">\n<div class=\"wp-block-column is-layout-flow wp-block-column-is-layout-flow\">\n<div class=\"wp-block-columns is-layout-flex wp-container-core-columns-is-layout-9d6595d7 wp-block-columns-is-layout-flex\">\n<div class=\"wp-block-column has-background is-layout-flow wp-block-column-is-layout-flow\" style=\"background-color:#e8ecf5\" id=\"topo\">\n<div style=\"height:30px\" aria-hidden=\"true\" class=\"wp-block-spacer\"><\/div>\n\n\n\n<div class=\"wp-block-columns is-not-stacked-on-mobile is-layout-flex wp-container-core-columns-is-layout-9d6595d7 wp-block-columns-is-layout-flex\">\n<div class=\"wp-block-column is-layout-flow wp-block-column-is-layout-flow\" style=\"flex-basis:1px\"><\/div>\n\n\n\n<div class=\"wp-block-column has-white-background-color has-text-color has-background has-link-color wp-elements-c86a3d68b91018e6b598ff1dd71ae59b is-layout-flow wp-block-column-is-layout-flow\" style=\"color:#003c71\">\n<div style=\"height:20px\" aria-hidden=\"true\" class=\"wp-block-spacer\"><\/div>\n\n\n<div class=\"wp-block-image is-style-default\">\n<figure class=\"aligncenter size-full is-resized\" id=\"topo\"><a href=\"#membros\"><img decoding=\"async\" src=\"https:\/\/ufpr.br\/propg\/wp-content\/uploads\/2025\/07\/Icone_Comite_Reuniao_Rosa.png\" alt=\"\" class=\"wp-image-12806\" style=\"object-fit:cover;width:70px;height:70px\" \/><\/a><\/figure><\/div>\n\n\n<p class=\"has-text-align-center has-text-color has-link-color wp-elements-4e2f8eca19a857c957dd2ef555cdc073\" style=\"color:#243673;font-size:14px\"><strong><a href=\"#membros\">Membros<\/a><\/strong><\/p>\n<\/div>\n\n\n\n<div class=\"wp-block-column has-white-background-color has-text-color has-background has-link-color wp-elements-7df868d1c843547e3bc67402f3e03c8a is-layout-flow wp-block-column-is-layout-flow\" style=\"color:#003c71\">\n<div style=\"height:20px\" aria-hidden=\"true\" class=\"wp-block-spacer\"><\/div>\n\n\n<div class=\"wp-block-image is-style-default\">\n<figure class=\"aligncenter size-full is-resized\"><a href=\"#cronograma\"><img decoding=\"async\" src=\"https:\/\/ufpr.br\/propg\/wp-content\/uploads\/2025\/06\/Icone_Calendario_Rosa.png\" alt=\"\" class=\"wp-image-7934\" style=\"width:70px\" \/><\/a><\/figure><\/div>\n\n\n<p class=\"has-text-align-center has-text-color has-link-color wp-elements-1f54237009827a2dc9f5750e43c07a49\" style=\"color:#243673;font-size:14px\"><strong><a href=\"#cronograma\">Cronograma <br>de Reuni\u00f5es<\/a><\/strong><\/p>\n<\/div>\n\n\n\n<div class=\"wp-block-column is-layout-flow wp-block-column-is-layout-flow\" style=\"flex-basis:1px\"><\/div>\n<\/div>\n\n\n\n<hr class=\"wp-block-separator has-text-color has-white-color has-alpha-channel-opacity has-white-background-color has-background is-style-wide\" \/>\n<\/div>\n<\/div>\n<\/div>\n<\/div>\n<\/div>\n\n\n\n<div class=\"wp-block-column is-layout-flow wp-block-column-is-layout-flow\" style=\"flex-basis:65%\">\n<div class=\"wp-block-columns is-layout-flex wp-container-core-columns-is-layout-9d6595d7 wp-block-columns-is-layout-flex\">\n<div class=\"wp-block-column is-layout-flow wp-block-column-is-layout-flow\">\n<blockquote class=\"wp-block-quote is-layout-flow wp-block-quote-is-layout-flow\">\n<p><strong>Comit\u00ea Assessor de Inicia\u00e7\u00e3o&nbsp;Cient\u00edfica (CAIC)&nbsp;<\/strong><\/p>\n\n\n\n<p>Formado por representantes de cada Setor da UFPR, indicados pela dire\u00e7\u00e3o dos Setores.<\/p>\n\n\n\n<p>\u00c9 o \u00f3rg\u00e3o assessor da Coordenadoria de Inicia\u00e7\u00e3o Cient\u00edfica e Tecnol\u00f3gica da PRPPG, destinado a subsidiar e acompanhar a pol\u00edtica e as atividades de inicia\u00e7\u00e3o cient\u00edfica da UFPR.<\/p>\n<\/blockquote>\n\n\n\n<div style=\"height:25px\" aria-hidden=\"true\" class=\"wp-block-spacer\"><\/div>\n\n\n\n<hr class=\"wp-block-separator has-text-color has-alpha-channel-opacity has-background is-style-wide\" style=\"background-color:#e8ecf5;color:#e8ecf5\" \/>\n\n\n\n<p><a href=\"https:\/\/soc.ufpr.br\/wp-content\/uploads\/2020\/05\/RESOLU%C3%87%C3%83O-N%C2%BA-25-2020-%E2%80%93-CEPE.pdf\" target=\"_blank\" rel=\"noreferrer noopener\">RESOLU\u00c7\u00c3O N\u00ba 25\/20-CEPE<\/a>&nbsp;\u2013 Cria e regulamenta o funcionamento do Comit\u00ea Assessor de Pesquisa (CAPq), do Comit\u00ea Assessor de Inicia\u00e7\u00e3o Cient\u00edfica (CAIC), dos Comit\u00eas Setoriais de Pesquisa (CSPq) e estabelece crit\u00e9rios para sua composi\u00e7\u00e3o, atribui\u00e7\u00e3o e d\u00e1 outras provid\u00eancias.<\/p>\n\n\n\n<hr class=\"wp-block-separator has-text-color has-alpha-channel-opacity has-background is-style-wide\" style=\"background-color:#e8ecf5;color:#e8ecf5\" \/>\n\n\n\n<div style=\"height:15px\" aria-hidden=\"true\" class=\"wp-block-spacer\"><\/div>\n\n\n\n<hr class=\"wp-block-separator has-alpha-channel-opacity is-style-dots\" \/>\n\n\n\n<div style=\"height:25px\" aria-hidden=\"true\" class=\"wp-block-spacer\"><\/div>\n\n\n\n<h2 class=\"wp-block-heading has-text-align-left has-background has-medium-font-size\" id=\"membros\" style=\"background-color:#e8ecf5\">MEMBROS<\/h2>\n\n\n\n<hr class=\"wp-block-separator has-text-color has-alpha-channel-opacity has-background is-style-wide\" style=\"background-color:#e8ecf5;color:#e8ecf5\" \/>\n\n\n\n<figure class=\"wp-block-table is-style-stripes\"><table><thead><tr><th>N.<\/th><th>MEMBRO TITULAR<\/th><th>MEMBRO SUPLENTE<\/th><th>SETOR<\/th><\/tr><\/thead><tbody><tr><td>1<\/td><td>Marcelo Garson Braule Pinto<\/td><td>Yasmin Fabris<\/td><td>Artes, Comunica\u00e7\u00e3o e Design<\/td><\/tr><tr><td>2<\/td><td>Felipe Bonini da Luz<\/td><td>Andrey Pereira Acosta<\/td><td>Ci\u00eancias Agr\u00e1rias<\/td><\/tr><tr><td>3<\/td><td>Kaleb Pretto Gatto<\/td><td>Fab\u00edola Iagher<\/td><td>Ci\u00eancias Biol\u00f3gicas<\/td><\/tr><tr><td>4<\/td><td>Daiane Cristina Pazin<\/td><td>Fernanda Tomiotto Pellissier<\/td><td>Ci\u00eancias da Sa\u00fade<\/td><\/tr><tr><td>5<\/td><td>Claudinei Taborda da Silveira<\/td><td>Christian Gonzalo Pilapanta Amagua<\/td><td>Ci\u00eancias da Terra<\/td><\/tr><tr><td>6<\/td><td>Thiago de Lima Prado<\/td><td>Christian Wittee Lopes<\/td><td>Ci\u00eancias Exatas<\/td><\/tr><tr><td>7<\/td><td>Leandro Benedini Brusadin<\/td><td>Jaime Santos Junior<\/td><td>Ci\u00eancias Humanas<\/td><\/tr><tr><td>8<\/td><td>William Soares Pugliese<\/td><td>Marco Aur\u00e9lio Serau J\u00fanior<\/td><td>Ci\u00eancias Jur\u00eddicas<\/td><\/tr><tr><td>9<\/td><td>Luani de Liz Souza<\/td><td>Jefferson Souza Santos<\/td><td>Educa\u00e7\u00e3o<\/td><\/tr><tr><td>10<\/td><td>Maria Val\u00e9ria da Costa<\/td><td>Cleci Korbes<\/td><td>Educa\u00e7\u00e3o Profissional e Tecnol\u00f3gica<\/td><\/tr><tr><td>11<\/td><td>Daniel \u00c2ngelo Longhi<\/td><td>Valqu\u00edria de Moraes Silva Ribeiro<\/td><td>Jandaia do Sul<\/td><\/tr><tr><td>12<\/td><td>Carla Krupczak<\/td><td>Eliane Regina Crestani Tortola<\/td><td>Litoral<\/td><\/tr><tr><td>13<\/td><td>Andrei Camponogara<\/td><td>Daniel Henrique Marco Detzel<\/td><td>Tecnologia<\/td><\/tr><tr><td>14<\/td><td>Valeria Ghisloti Iared<\/td><td>Elisabete Takiuchi<\/td><td>Palotina<\/td><\/tr><tr><td>15<\/td><td>K\u00eania Barreiro de Souza<\/td><td>\u00a0Jos\u00e9 Felipe Araujo de Almeida<\/td><td>Sociais Aplicadas<\/td><\/tr><tr><td>16<\/td><td>Henrique Machado Kroetz<\/td><td>Simone Mendon\u00e7a dos Santos<\/td><td>CEM<\/td><\/tr><tr><td>17<\/td><td>K\u00e1dima Nayara Teixeira<\/td><td>Heloisa Deola Confortim<\/td><td>Toledo<\/td><\/tr><tr><td>18  <\/td><td>Cristiane Sinimbu Sanchez<\/td><td>Sibelle Trevisan Disaro<\/td><td>TAE<\/td><\/tr><\/tbody><\/table><figcaption class=\"wp-element-caption\"><strong>Atualizado em 13\/04\/2026<\/strong><\/figcaption><\/figure>\n\n\n\n<p class=\"has-text-color has-link-color wp-elements-d54f3e06e46ccb349d694cc34849e759\" style=\"color:#243673\"><strong><a href=\"#topo\" title=\"\">Voltar ao topo<\/a><\/strong><\/p>\n<\/div>\n<\/div>\n\n\n\n<hr class=\"wp-block-separator has-alpha-channel-opacity is-style-dots\" \/>\n\n\n\n<div style=\"height:50px\" aria-hidden=\"true\" class=\"wp-block-spacer\"><\/div>\n\n\n\n<div class=\"wp-block-columns is-layout-flex wp-container-core-columns-is-layout-9d6595d7 wp-block-columns-is-layout-flex\">\n<div class=\"wp-block-column is-layout-flow wp-block-column-is-layout-flow\">\n<h2 class=\"wp-block-heading has-text-align-left has-background has-medium-font-size\" id=\"cronograma\" style=\"background-color:#e8ecf5\">CRONOGRAMA DE REUNI\u00d5ES &#8211; 2026<\/h2>\n\n\n\n<hr class=\"wp-block-separator has-text-color has-alpha-channel-opacity has-background is-style-wide\" style=\"background-color:#e8ecf5;color:#e8ecf5\" \/>\n\n\n\n<figure class=\"wp-block-table is-style-stripes\"><table><thead><tr><th><\/th><th><strong>M\u00eas<\/strong><\/th><th><strong>Data<\/strong><\/th><th><strong>Hor\u00e1rio<\/strong><\/th><\/tr><\/thead><tbody><tr><td>1<\/td><td>FEVEREIRO<\/td><td>27\/02 (sexta-feira)<\/td><td>14h \u00e0s16h<\/td><\/tr><tr><td>2<\/td><td>MAR\u00c7O<\/td><td>27\/03 (sexta-feira)<\/td><td>14h \u00e0s16h<\/td><\/tr><tr><td>3<\/td><td>ABRIL<\/td><td>24\/04 (sexta-feira)<br>&#8211;  <em>Reuni\u00e3o com Comit\u00ea Externo CNPq<\/em><br>&#8211;  <em>Homologa\u00e7\u00e3o dos resultados da classifica\u00e7\u00e3o<\/em><\/td><td>14h \u00e0s16h<\/td><\/tr><tr><td>4<\/td><td>MAIO<\/td><td>22\/05 (sexta-feira)<\/td><td>14h \u00e0s16h<\/td><\/tr><tr><td>5<\/td><td>JUNHO<\/td><td>26\/06 (sexta-feira)<\/td><td>14h \u00e0s16h<\/td><\/tr><tr><td>6<\/td><td>JULHO<\/td><td>31\/07 (sexta-feira)<\/td><td>14h \u00e0s16h<\/td><\/tr><tr><td>7<\/td><td>AGOSTO<\/td><td>28\/08 (sexta-feira)<\/td><td>14h \u00e0s16h<\/td><\/tr><tr><td>8<\/td><td>SETEMBRO<\/td><td>25\/09 (sexta-feira)<\/td><td>14h \u00e0s16h<\/td><\/tr><tr><td>9<\/td><td>OUTUBRO<\/td><td>30\/10 (sexta-feira)<\/td><td>14h \u00e0s16h<\/td><\/tr><tr><td>10<\/td><td>NOVEMBRO<\/td><td>27\/11 (sexta-feira)<\/td><td>14h \u00e0s16h<\/td><\/tr><tr><td>11<\/td><td>DEZEMBRO<\/td><td>11\/12 (sexta-feira)<\/td><td>14h \u00e0s16h<\/td><\/tr><\/tbody><\/table><\/figure>\n\n\n\n<div style=\"height:25px\" aria-hidden=\"true\" class=\"wp-block-spacer\"><\/div>\n\n\n\n<p class=\"has-text-color has-link-color wp-elements-35347cca6bfe07bb2bf966001a1b447f\" style=\"color:#243673\"><strong><a href=\"#topo\" title=\"\">Voltar ao topo<\/a><\/strong><\/p>\n<\/div>\n<\/div>\n<\/div>\n\n\n\n<div class=\"wp-block-column is-layout-flow wp-block-column-is-layout-flow\" style=\"flex-basis:5%\"><\/div>\n<\/div>\n","protected":false},"excerpt":{"rendered":"<p>Membros Cronograma de Reuni\u00f5es Comit\u00ea Assessor de Inicia\u00e7\u00e3o&nbsp;Cient\u00edfica (CAIC)&nbsp; Formado por representantes de cada Setor da UFPR, indicados pela dire\u00e7\u00e3o dos Setores. \u00c9 o \u00f3rg\u00e3o assessor da Coordenadoria de Inicia\u00e7\u00e3o Cient\u00edfica e Tecnol\u00f3gica da PRPPG, destinado a subsidiar e acompanhar a pol\u00edtica e as atividades de inicia\u00e7\u00e3o cient\u00edfica da UFPR. RESOLU\u00c7\u00c3O N\u00ba 25\/20-CEPE&nbsp;\u2013 Cria e [&hellip;]<\/p>\n","protected":false},"author":5,"featured_media":0,"parent":7557,"menu_order":0,"comment_status":"closed","ping_status":"closed","template":"","meta":{"footnotes":""},"class_list":["post-7916","page","type-page","status-publish","hentry"],"_links":{"self":[{"href":"https:\/\/ufpr.br\/propg\/wp-json\/wp\/v2\/pages\/7916","targetHints":{"allow":["GET"]}}],"collection":[{"href":"https:\/\/ufpr.br\/propg\/wp-json\/wp\/v2\/pages"}],"about":[{"href":"https:\/\/ufpr.br\/propg\/wp-json\/wp\/v2\/types\/page"}],"author":[{"embeddable":true,"href":"https:\/\/ufpr.br\/propg\/wp-json\/wp\/v2\/users\/5"}],"replies":[{"embeddable":true,"href":"https:\/\/ufpr.br\/propg\/wp-json\/wp\/v2\/comments?post=7916"}],"version-history":[{"count":24,"href":"https:\/\/ufpr.br\/propg\/wp-json\/wp\/v2\/pages\/7916\/revisions"}],"predecessor-version":[{"id":52197,"href":"https:\/\/ufpr.br\/propg\/wp-json\/wp\/v2\/pages\/7916\/revisions\/52197"}],"up":[{"embeddable":true,"href":"https:\/\/ufpr.br\/propg\/wp-json\/wp\/v2\/pages\/7557"}],"wp:attachment":[{"href":"https:\/\/ufpr.br\/propg\/wp-json\/wp\/v2\/media?parent=7916"}],"curies":[{"name":"wp","href":"https:\/\/api.w.org\/{rel}","templated":true}]}}