{"id":7552,"date":"2025-07-14T20:57:45","date_gmt":"2025-07-14T23:57:45","guid":{"rendered":"https:\/\/ufpr.br\/?page=7552"},"modified":"2025-07-14T20:58:38","modified_gmt":"2025-07-14T23:58:38","slug":"especializacao-e-residencia","status":"publish","type":"page","link":"https:\/\/ufpr.br\/propg\/udc\/especializacao-e-residencia\/","title":{"rendered":"Especializa\u00e7\u00e3o e Resid\u00eancia"},"content":{"rendered":"\n<p>Em breve mais informa\u00e7\u00f5es.<\/p>\n","protected":false},"excerpt":{"rendered":"<p>Em breve mais informa\u00e7\u00f5es.<\/p>\n","protected":false},"author":5,"featured_media":0,"parent":6949,"menu_order":0,"comment_status":"closed","ping_status":"closed","template":"","meta":{"footnotes":""},"class_list":["post-7552","page","type-page","status-publish","hentry"],"_links":{"self":[{"href":"https:\/\/ufpr.br\/propg\/wp-json\/wp\/v2\/pages\/7552","targetHints":{"allow":["GET"]}}],"collection":[{"href":"https:\/\/ufpr.br\/propg\/wp-json\/wp\/v2\/pages"}],"about":[{"href":"https:\/\/ufpr.br\/propg\/wp-json\/wp\/v2\/types\/page"}],"author":[{"embeddable":true,"href":"https:\/\/ufpr.br\/propg\/wp-json\/wp\/v2\/users\/5"}],"replies":[{"embeddable":true,"href":"https:\/\/ufpr.br\/propg\/wp-json\/wp\/v2\/comments?post=7552"}],"version-history":[{"count":3,"href":"https:\/\/ufpr.br\/propg\/wp-json\/wp\/v2\/pages\/7552\/revisions"}],"predecessor-version":[{"id":51747,"href":"https:\/\/ufpr.br\/propg\/wp-json\/wp\/v2\/pages\/7552\/revisions\/51747"}],"up":[{"embeddable":true,"href":"https:\/\/ufpr.br\/propg\/wp-json\/wp\/v2\/pages\/6949"}],"wp:attachment":[{"href":"https:\/\/ufpr.br\/propg\/wp-json\/wp\/v2\/media?parent=7552"}],"curies":[{"name":"wp","href":"https:\/\/api.w.org\/{rel}","templated":true}]}}

Especialização e Residência

<p>Em breve mais informações.</p>
