{"id":7470,"date":"2025-07-14T11:50:34","date_gmt":"2025-07-14T14:50:34","guid":{"rendered":"https:\/\/ufpr.br\/?page=7470"},"modified":"2025-12-29T14:05:44","modified_gmt":"2025-12-29T17:05:44","slug":"reconhecimento-de-diplomas-estrangeiros","status":"publish","type":"page","link":"https:\/\/ufpr.br\/propg\/udc\/reconhecimento-de-diplomas-estrangeiros\/","title":{"rendered":"Reconhecimento de Diplomas Estrangeiros"},"content":{"rendered":"\n<div style=\"height:50px\" aria-hidden=\"true\" class=\"wp-block-spacer\"><\/div>\n\n\n\n<div class=\"wp-block-columns is-layout-flex wp-container-core-columns-is-layout-9d6595d7 wp-block-columns-is-layout-flex\">\n<div class=\"wp-block-column is-layout-flow wp-block-column-is-layout-flow\" style=\"flex-basis:15%\">\n<div style=\"height:15px\" aria-hidden=\"true\" class=\"wp-block-spacer\"><\/div>\n\n\n<div class=\"wp-block-image\">\n<figure class=\"aligncenter size-full is-resized\" id=\"topo\"><img decoding=\"async\" src=\"https:\/\/ufpr.br\/propg\/wp-content\/uploads\/2025\/06\/Icone_ReconhecimentoDiplomas_Rosa.png\" alt=\"\" class=\"wp-image-7904\" style=\"width:100px\"\/><\/figure><\/div><\/div>\n\n\n\n<div class=\"wp-block-column is-layout-flow wp-block-column-is-layout-flow\" style=\"flex-basis:1%\"><\/div>\n\n\n\n<div class=\"wp-block-column is-layout-flow wp-block-column-is-layout-flow\" style=\"flex-basis:63%\">\n<blockquote class=\"wp-block-quote is-layout-flow wp-block-quote-is-layout-flow\">\n<h2 class=\"wp-block-heading\">Portal de Reconhecimento de Diplomas Estrangeiros<\/h2>\n\n\n\n<hr class=\"wp-block-separator has-text-color has-alpha-channel-opacity has-background is-style-wide\" style=\"background-color:#e8ecf5;color:#e8ecf5\"\/>\n\n\n\n<p>P\u00f3s-gradua\u00e7\u00e3o S<em>tricto Sensu&nbsp;<\/em>(mestrado e doutorado)<\/p>\n\n\n\n<div style=\"height:15px\" aria-hidden=\"true\" class=\"wp-block-spacer\"><\/div>\n<\/blockquote>\n\n\n\n<div style=\"height:50px\" aria-hidden=\"true\" class=\"wp-block-spacer\"><\/div>\n\n\n\n<h2 class=\"wp-block-heading has-text-align-left has-background has-medium-font-size\" style=\"background-color:#e8ecf5\">ORIENTA\u00c7\u00d5ES PR\u00c9-REGISTRO<\/h2>\n\n\n\n<hr class=\"wp-block-separator has-text-color has-alpha-channel-opacity has-background is-style-wide\" style=\"background-color:#e8ecf5;color:#e8ecf5\"\/>\n\n\n\n<ol class=\"wp-block-list\">\n<li>S\u00e3o suscet\u00edveis de reconhecimento pela UFPR os diplomas que atendam aos crit\u00e9rios de admissibilidade definidos na\u00a0<a href=\"https:\/\/ufpr.br\/propg\/wp-content\/uploads\/2025\/07\/cepe0717.pdf\" target=\"_blank\" rel=\"noreferrer noopener\">Resolu\u00e7\u00e3o n\u00ba 07\/2017<\/a> \u2013 CEPE;<\/li>\n<\/ol>\n\n\n\n<ol start=\"2\" class=\"wp-block-list\">\n<li>A submiss\u00e3o da solicita\u00e7\u00e3o de reconhecimento de diploma de mestrado\/doutorado e seu acompanhamento ser\u00e3o exclusivamente de forma eletr\u00f4nica atrav\u00e9s do&nbsp;<a href=\"https:\/\/sistemas.ufpr.br\/\" target=\"_blank\" rel=\"noreferrer noopener\">Sistema Integrado de Gest\u00e3o Acad\u00eamica da UFPR \u2013 SIGA<\/a>&nbsp;\u2013&nbsp; com acesso neste portal;<\/li>\n<\/ol>\n\n\n\n<ol start=\"3\" class=\"wp-block-list\">\n<li>N\u00e3o haver\u00e1 an\u00e1lise pr\u00e9via dos documentos exigidos. \u00c9 de responsabilidade do interessado garantir que todos atendam \u00e0s normas vigentes, previstas na\u00a0<a href=\"https:\/\/ufpr.br\/propg\/wp-content\/uploads\/2025\/07\/portaria-08-fevereiro-de-2023-prppg.pdf\" target=\"_blank\" rel=\"noreferrer noopener\">Portaria 08 fevereiro de 2023 \u2013 PROPG<\/a><a href=\"http:\/\/www.prppg.ufpr.br\/site\/wp-content\/uploads\/2019\/07\/portaria-08-de-2023-1.pdf\">;<\/a><\/li>\n<\/ol>\n\n\n\n<ol start=\"4\" class=\"wp-block-list\">\n<li>N\u00e3o haver\u00e1 atendimento presencial para esta demanda. Em caso de d\u00favidas encaminh\u00e1-las por meio do endere\u00e7o&nbsp;<strong>reconhecimento@ufpr.br<\/strong>;<\/li>\n<\/ol>\n\n\n\n<ol start=\"5\" class=\"wp-block-list\">\n<li>A Pr\u00f3-Reitoria de P\u00f3s-Gradua\u00e7\u00e3o (PROPG) n\u00e3o \u00e9 respons\u00e1vel pela An\u00e1lise do M\u00e9rito. Ap\u00f3s encaminhamento do pedido ao Programa de P\u00f3s-Gradua\u00e7\u00e3o escolhido, cabe \u00e0quele prestar esclarecimentos quanto ao andamento deste.<\/li>\n<\/ol>\n\n\n\n<hr class=\"wp-block-separator has-text-color has-alpha-channel-opacity has-background is-style-wide\" style=\"background-color:#e8ecf5;color:#e8ecf5\"\/>\n\n\n\n<p>**<strong>AVISO: quaisquer dificuldades em rela\u00e7\u00e3o ao cadastramento do pedido de Reconhecimento na plataforma SIGA dever\u00e3o ser comunicadas via e-mail \u2013 reconhecimento@ufpr.br&nbsp;\u2013 para averigua\u00e7\u00e3o da equipe respons\u00e1vel. <\/strong><br><strong>Pedimos que n\u00e3o seja efetuado nenhum procedimento por conta pr\u00f3pria.<\/strong><\/p>\n\n\n\n<hr class=\"wp-block-separator has-text-color has-alpha-channel-opacity has-background is-style-wide\" style=\"background-color:#e8ecf5;color:#e8ecf5\"\/>\n\n\n\n<div style=\"height:20px\" aria-hidden=\"true\" class=\"wp-block-spacer\"><\/div>\n\n\n\n<hr class=\"wp-block-separator has-alpha-channel-opacity is-style-dots\"\/>\n\n\n\n<div style=\"height:25px\" aria-hidden=\"true\" class=\"wp-block-spacer\"><\/div>\n\n\n\n<h2 class=\"wp-block-heading has-text-align-left has-background has-medium-font-size\" style=\"background-color:#e8ecf5\">PASSOS INICIAIS<\/h2>\n\n\n\n<hr class=\"wp-block-separator has-text-color has-alpha-channel-opacity has-background is-style-wide\" style=\"background-color:#e8ecf5;color:#e8ecf5\"\/>\n\n\n\n<p>Leia atentamente a\u00a0<a href=\"https:\/\/ufpr.br\/propg\/wp-content\/uploads\/2025\/07\/cepe0717.pdf\" target=\"_blank\" rel=\"noreferrer noopener\">Resolu\u00e7\u00e3o n\u00ba 07\/2017 \u2013 CEPE<\/a>\u00a0e acesse as\u00a0<a href=\"https:\/\/ufpr.br\/propg\/cpgss\/programas-mestrado-doutorado\/\" target=\"_blank\" rel=\"noreferrer noopener\">p\u00e1ginas dos cursos de mestrado e doutorado da UFPR<\/a>\u00a0para avaliar suas linhas de pesquisa, objetivos, propostas curriculares, de forma a estabelecer a correspond\u00eancia entre seu curso a ser reconhecido e o respectivo Programa de P\u00f3s-Gradua\u00e7\u00e3o da UFPR.<\/p>\n\n\n\n<p>Os diplomas expedidos por estabelecimentos estrangeiros devem corresponder aos t\u00edtulos conferidos, na mesma \u00e1rea de conhecimento e em n\u00edvel equivalente, aos cursos de P\u00f3s-Gradua\u00e7\u00e3o ofertados pela UFPR e que j\u00e1 tiverem discentes titulados no n\u00edvel solicitado. Os t\u00edtulos de Mestre e Doutor obtidos na modalidade Educa\u00e7\u00e3o \u00e0 Dist\u00e2ncia somente ser\u00e3o aceitos para reconhecimento nas \u00e1reas em que a UFPR possua curso no mesmo n\u00edvel e modalidade (Art. 3\u00ba da Resolu\u00e7\u00e3o 07\/17).<\/p>\n\n\n\n<ul class=\"wp-block-list\">\n<li>Acesse aqui as\u00a0<a href=\"https:\/\/ufpr.br\/propg\/cpgss\/programas-mestrado-doutorado\/\" target=\"_blank\" rel=\"noreferrer noopener\">p\u00e1ginas dos cursos de mestrado e doutorado da UFPR<\/a>\u00a0(clique sobre o nome do Programa de P\u00f3s-Gradua\u00e7\u00e3o para ter acesso ao site de cada um);<\/li>\n<\/ul>\n\n\n\n<ul class=\"wp-block-list\">\n<li>Acesse aqui:\u00a0Posi\u00e7\u00e3o do n\u00famero de <a href=\"https:\/\/ufpr.br\/propg\/wp-content\/uploads\/2025\/12\/vagas-base-agosto-2025.pdf\" target=\"_blank\" rel=\"noreferrer noopener\">vagas base Agosto-2025<\/a>. <\/li>\n<\/ul>\n\n\n\n<ul class=\"wp-block-list\">\n<li>Veja a rela\u00e7\u00e3o completa de documentos exigidos para a submiss\u00e3o do processo:\u00a0<a href=\"https:\/\/ufpr.br\/propg\/wp-content\/uploads\/2025\/07\/documentos-para-reconhecimento-de-diploma.pdf\" target=\"_blank\" rel=\"noreferrer noopener\">Documentos<\/a>\u00a0\u00a0<\/li>\n<\/ul>\n\n\n\n<hr class=\"wp-block-separator has-text-color has-alpha-channel-opacity has-background is-style-wide\" style=\"background-color:#e8ecf5;color:#e8ecf5\"\/>\n\n\n\n<ul style=\"background-color:#f0f0f0\" class=\"wp-block-list has-background\">\n<li>Acesse aqui o tutorial com instru\u00e7\u00f5es para pagamento das\u00a0<a href=\"https:\/\/ufpr.br\/propg\/wp-content\/uploads\/2025\/07\/taxas-referentes-a-processo-de-reconhecimento-de-diplomas-1.pdf\" target=\"_blank\" rel=\"noreferrer noopener\">TAXAS REFERENTES A PROCESSO DE RECONHECIMENTO DE DIPLOMAS<\/a>.<br><br>1. <strong>Taxa para Inscri\u00e7\u00e3o e Submiss\u00e3o<\/strong> do processo de reconhecimento. <mark style=\"background-color:rgba(0, 0, 0, 0)\" class=\"has-inline-color has-vivid-red-color\"><strong>(Esta taxa deve ser recolhida para realizar a inscri\u00e7\u00e3o <\/strong><\/mark><strong><mark style=\"background-color:rgba(0, 0, 0, 0)\" class=\"has-inline-color has-black-color\">AP\u00d3S<\/mark><\/strong><mark style=\"background-color:rgba(0, 0, 0, 0)\" class=\"has-inline-color has-vivid-red-color\"><strong> a homologa\u00e7\u00e3o dos documentos pela PROPG).<\/strong><\/mark><br><br>2. <strong>Taxa de Registro de Diploma Reconhecido<\/strong>  <mark style=\"background-color:rgba(0, 0, 0, 0)\" class=\"has-inline-color has-vivid-red-color\"><strong>(Esta taxa somente dever\u00e1 ser recolhida, ao final do processo, <\/strong><\/mark><strong><mark style=\"background-color:rgba(0, 0, 0, 0)\" class=\"has-inline-color has-black-color\">caso o diploma tenha sido deferido<\/mark><\/strong><mark style=\"background-color:rgba(0, 0, 0, 0)\" class=\"has-inline-color has-vivid-red-color\"><strong> pelo Programa de P\u00f3s-Gradua\u00e7\u00e3o)<\/strong><\/mark>.<br><br><strong>OBSERVA\u00c7\u00c3O:<\/strong> as taxas recolhidas n\u00e3o s\u00e3o reembols\u00e1veis<\/li>\n<\/ul>\n\n\n\n<hr class=\"wp-block-separator has-text-color has-alpha-channel-opacity has-background is-style-wide\" style=\"background-color:#e8ecf5;color:#e8ecf5\"\/>\n\n\n\n<ul class=\"wp-block-list\">\n<li>Acesse aqui a\u00a0<a href=\"https:\/\/ufpr.br\/propg\/wp-content\/uploads\/2025\/07\/lista-de-todos-os-diplomas-reconhecidos-ufpr-16-08-2022.pdf\" target=\"_blank\" rel=\"noreferrer noopener\">listagem de todos os diplomas estrangeiros de mestrado e doutorado reconhecidos pela UFPR<\/a>\u00a0(atualizado em 16.08.2022)<\/li>\n<\/ul>\n\n\n\n<hr class=\"wp-block-separator has-text-color has-alpha-channel-opacity has-background is-style-wide\" style=\"background-color:#e8ecf5;color:#e8ecf5\"\/>\n\n\n\n<p>**<strong>AVISO: a Pr\u00f3-Reitoria de P\u00f3s-Gradua\u00e7\u00e3o n\u00e3o \u00e9 respons\u00e1vel pela An\u00e1lise do M\u00e9rito. Ap\u00f3s encaminhamento do pedido ao Programa de P\u00f3s-Gradua\u00e7\u00e3o escolhido, cabe \u00e0quele prestar esclarecimentos quanto ao andamento deste. <\/strong><a href=\"https:\/\/ufpr.br\/propg\/wp-content\/uploads\/2025\/07\/vagas-para-reconhecimento-de-diplomas-31-01-2025.pdf\" target=\"_blank\" rel=\"noreferrer noopener\">vagas-para-reconhecimento-de-diplomas-31-01-2025.pdf<\/a><\/p>\n\n\n\n<hr class=\"wp-block-separator has-text-color has-alpha-channel-opacity has-background is-style-wide\" style=\"background-color:#e8ecf5;color:#e8ecf5\"\/>\n\n\n\n<div style=\"height:15px\" aria-hidden=\"true\" class=\"wp-block-spacer\"><\/div>\n\n\n\n<hr class=\"wp-block-separator has-alpha-channel-opacity is-style-dots\"\/>\n\n\n\n<div style=\"height:25px\" aria-hidden=\"true\" class=\"wp-block-spacer\"><\/div>\n\n\n\n<h2 class=\"wp-block-heading has-text-align-left has-background has-medium-font-size\" style=\"background-color:#e8ecf5\">CADASTRANDO O PEDIDO DE RECONHECIMENTO<\/h2>\n\n\n\n<hr class=\"wp-block-separator has-text-color has-alpha-channel-opacity has-background is-style-wide\" style=\"background-color:#e8ecf5;color:#e8ecf5\"\/>\n\n\n\n<ol class=\"wp-block-list\">\n<li>Verifique se h\u00e1 vagas para o Programa de P\u00f3s-Gradua\u00e7\u00e3o escolhido;<\/li>\n<\/ol>\n\n\n\n<ol start=\"2\" class=\"wp-block-list\">\n<li>Ter em m\u00e3os, em arquivos digitais, os documentos\u00a0<strong>rigorosamente<\/strong>\u00a0de acordo com o disposto na\u00a0<a href=\"https:\/\/ufpr.br\/propg\/wp-content\/uploads\/2025\/07\/portaria-08-fevereiro-de-2023-prppg.pdf\" target=\"_blank\" rel=\"noreferrer noopener\">Portaria 08 fevereiro de 2023 \u2013 PROPG<\/a><\/li>\n<\/ol>\n\n\n\n<div class=\"wp-block-columns is-layout-flex wp-container-core-columns-is-layout-9d6595d7 wp-block-columns-is-layout-flex\">\n<div class=\"wp-block-column is-layout-flow wp-block-column-is-layout-flow\" style=\"flex-basis:2%\"><\/div>\n\n\n\n<div class=\"wp-block-column is-layout-flow wp-block-column-is-layout-flow\" style=\"flex-basis:98%\">\n<ul class=\"wp-block-list\">\n<li>Cada item referente aos documentos comprobat\u00f3rios dever\u00e1 estar contido em um \u00fanico arquivo de tamanho m\u00e1ximo de 50MB para cada arquivo\/documento, em formato PDF;<\/li>\n<\/ul>\n<\/div>\n<\/div>\n\n\n\n<ol start=\"3\" class=\"wp-block-list\">\n<li>Preencher o&nbsp;<a href=\"https:\/\/siga.ufpr.br\/siga\/visitante\/reconhecimentodiploma\/fichadeinscricao.jsp\" target=\"_blank\" rel=\"noreferrer noopener\">Formul\u00e1rio de Inscri\u00e7\u00e3o<\/a>&nbsp;e anexar todos os arquivos solicitados;<\/li>\n<\/ol>\n\n\n\n<ol start=\"4\" class=\"wp-block-list\">\n<li>Aguardar a homologa\u00e7\u00e3o da documenta\u00e7\u00e3o pela PROPG, atrav\u00e9s da Unidade de Diplomas e Certificados- UDC, por&nbsp;<em>e-mail<\/em>&nbsp;cadastrado no formul\u00e1rio de inscri\u00e7\u00e3o dentro do processo na Plataforma SIGA;<\/li>\n<\/ol>\n\n\n\n<ol start=\"5\" class=\"wp-block-list\">\n<li>Emitir, no s\u00edtio do Tesouro Nacional, a Guia de Recolhimento da Uni\u00e3o \u2013 GRU, recolhendo o valor correspondente;<\/li>\n<\/ol>\n\n\n\n<div class=\"wp-block-columns is-layout-flex wp-container-core-columns-is-layout-9d6595d7 wp-block-columns-is-layout-flex\">\n<div class=\"wp-block-column is-layout-flow wp-block-column-is-layout-flow\" style=\"flex-basis:2%\"><\/div>\n\n\n\n<div class=\"wp-block-column is-layout-flow wp-block-column-is-layout-flow\" style=\"flex-basis:98%\">\n<ul class=\"wp-block-list\">\n<li>A taxa somente dever\u00e1 ser recolhida <strong>AP\u00d3S<\/strong> a homologa\u00e7\u00e3o da PROPG (confer\u00eancia do check-list documental, verificando se os documentos foram inseridos corretamente no sistema e se poder\u00e3o ser encaminhados para a an\u00e1lise do Programa de P\u00f3s-Gradua\u00e7\u00e3o);<\/li>\n<\/ul>\n\n\n\n<ul class=\"wp-block-list\">\n<li>Aguarde a equipe da UDC ( Unidade de Diplomas e Certificados), da PROPG, dar a orienta\u00e7\u00e3o para que voc\u00ea efetue eventuais corre\u00e7\u00f5es (troca de formato de arquivo, complementa\u00e7\u00e3o dos dados) ou para que voc\u00ea recolha o valor da taxa;<\/li>\n<\/ul>\n\n\n\n<ul class=\"wp-block-list\">\n<li>Acesse\u00a0<a href=\"https:\/\/ufpr.br\/propg\/wp-content\/uploads\/2025\/07\/taxas-referentes-a-processo-de-reconhecimento-de-diplomas-1.pdf\" target=\"_blank\" rel=\"noreferrer noopener\">TAXAS REFERENTES A PROCESSO DE RECONHECIMENTO DE DIPLOMAS (1)<\/a>\u00a0 \u2013 tutorial para preencher o cadastro de pagamento.<\/li>\n<\/ul>\n<\/div>\n<\/div>\n\n\n\n<ol start=\"6\" class=\"wp-block-list\">\n<li>Ap\u00f3s envio do comprovante de recolhimento da taxa de submiss\u00e3o, a UDC encaminhar\u00e1 o pedido de Reconhecimento para o Programa de P\u00f3s-Gradua\u00e7\u00e3o escolhido pelo solicitante, a ser apreciado de acordo com os prazos estabelecidos na Resolu\u00e7\u00e3o 07\/2017-CEPE;<\/li>\n<\/ol>\n\n\n\n<ol start=\"7\" class=\"wp-block-list\">\n<li>Passado o per\u00edodo de an\u00e1lise e homologa\u00e7\u00e3o do pedido, ser\u00e3o enviados \u00e0 UDC o parecer da comiss\u00e3o avaliadora e a ata de homologa\u00e7\u00e3o do Colegiado:<\/li>\n<\/ol>\n\n\n\n<div class=\"wp-block-columns is-layout-flex wp-container-core-columns-is-layout-9d6595d7 wp-block-columns-is-layout-flex\">\n<div class=\"wp-block-column is-layout-flow wp-block-column-is-layout-flow\" style=\"flex-basis:2%\"><\/div>\n\n\n\n<div class=\"wp-block-column is-layout-flow wp-block-column-is-layout-flow\" style=\"flex-basis:98%\">\n<ul class=\"wp-block-list\">\n<li>Em caso de parecer favor\u00e1vel, ser\u00e1 encaminhado ao solicitante o pedido de recolhimento da taxa de registro.<\/li>\n<\/ul>\n\n\n\n<ul class=\"wp-block-list\">\n<li>Em caso de parecer desfavor\u00e1vel, ser\u00e1 encaminhado ao solicitante o parecer da comiss\u00e3o e a partir deste ser\u00e1 dado o prazo de at\u00e9 10 dias para apresenta\u00e7\u00e3o de recurso, conforme previsto na Resolu\u00e7\u00e3o 07\/2017-CEPE.<\/li>\n<\/ul>\n<\/div>\n<\/div>\n\n\n\n<div style=\"height:15px\" aria-hidden=\"true\" class=\"wp-block-spacer\"><\/div>\n\n\n\n<hr class=\"wp-block-separator has-alpha-channel-opacity is-style-dots\"\/>\n\n\n\n<div style=\"height:25px\" aria-hidden=\"true\" class=\"wp-block-spacer\"><\/div>\n\n\n\n<h2 class=\"wp-block-heading has-text-align-left has-background has-medium-font-size\" style=\"background-color:#e8ecf5\">RETIRADA<\/h2>\n\n\n\n<hr class=\"wp-block-separator has-text-color has-alpha-channel-opacity has-background is-style-wide\" style=\"background-color:#e8ecf5;color:#e8ecf5\"\/>\n\n\n\n<p>A retirada do Certificado de Reconhecimento, emitido ap\u00f3s deferimento do M\u00e9rito e recolhimento da taxa de registro, poder\u00e1 ser feita pelos seguintes:<\/p>\n\n\n\n<ul class=\"wp-block-list\">\n<li>Requerente: munido de documento de identifica\u00e7\u00e3o com foto;<\/li>\n<\/ul>\n\n\n\n<ul class=\"wp-block-list\">\n<li>Terceiros: munidos de documento de identifica\u00e7\u00e3o com foto e procura\u00e7\u00e3o com firma reconhecida em cart\u00f3rio. Esta procura\u00e7\u00e3o pode ser simples, contendo, pelo menos: nome, RG e data de nascimento de ambas as partes, bem como informar o motivo da autoriza\u00e7\u00e3o \u2013 retirar Certificado de Reconhecimento.<\/li>\n<\/ul>\n\n\n\n<div style=\"height:15px\" aria-hidden=\"true\" class=\"wp-block-spacer\"><\/div>\n\n\n\n<hr class=\"wp-block-separator has-alpha-channel-opacity is-style-dots\"\/>\n\n\n\n<div style=\"height:25px\" aria-hidden=\"true\" class=\"wp-block-spacer\"><\/div>\n\n\n\n<h2 class=\"wp-block-heading\">ATEN\u00c7\u00c3O<\/h2>\n\n\n\n<hr class=\"wp-block-separator has-text-color has-alpha-channel-opacity has-background is-style-wide\" style=\"background-color:#e8ecf5;color:#e8ecf5\"\/>\n\n\n\n<p>Para fazer a homologa\u00e7\u00e3o, a PROPG avalia estritamente se os documentos listados ao Art. 4\u00ba da\u00a0<strong>Portaria PROPG 8-A\/2023<\/strong>\u00a0foram inseridos nos respectivos campos do formul\u00e1rio eletr\u00f4nico do SIGA e se estes documentos est\u00e3o leg\u00edveis e de acordo com a legisla\u00e7\u00e3o. <\/p>\n\n\n\n<p>A PROPG respeita a declara\u00e7\u00e3o do interessado quanto \u00e0 natureza das informa\u00e7\u00f5es contidas nestes documentos. Desta forma, se o interessado declara que aquela informa\u00e7\u00e3o apresentada para o documento dos itens atende ao solicitado, por for\u00e7a de Resolu\u00e7\u00e3o a PROPG n\u00e3o pode fazer an\u00e1lise do m\u00e9rito, apenas atestar que o documento foi alimentado no SIGA, que est\u00e1 leg\u00edvel e que o\u00a0<strong>demandante solicita a an\u00e1lise do pedido pelo programa. \u00a0<\/strong><\/p>\n\n\n\n<p>N\u00e3o cabe \u00e0 \u00a0PROPG indicar se a documenta\u00e7\u00e3o apresentada pelo candidato \u00e9\u00a0suficiente ou n\u00e3o para o reconhecimento do t\u00edtulo; a an\u00e1lise da Pr\u00f3-Reitoria limita-se \u00e0 observa\u00e7\u00e3o de instru\u00e7\u00e3o do processo, com a inser\u00e7\u00e3o dos arquivos eletr\u00f4nicos no formul\u00e1rio do sistema SIGA. <\/p>\n\n\n\n<p>Toda a avalia\u00e7\u00e3o sobre a solicita\u00e7\u00e3o, incluindo a an\u00e1lise da documenta\u00e7\u00e3o apresentada, \u00e9 prerrogativa do Programa de P\u00f3s-Gradua\u00e7\u00e3o, que poder\u00e1 solicitar esclarecimentos, complementa\u00e7\u00e3o das informa\u00e7\u00f5es e novos documentos ao candidato.<\/p>\n\n\n\n<div style=\"height:25px\" aria-hidden=\"true\" class=\"wp-block-spacer\"><\/div>\n\n\n\n<div class=\"wp-block-buttons is-content-justification-center is-layout-flex wp-container-core-buttons-is-layout-16018d1d wp-block-buttons-is-layout-flex\">\n<div class=\"wp-block-button\"><a class=\"wp-block-button__link has-background wp-element-button\" href=\"https:\/\/siga.ufpr.br\/siga\/visitante\/reconhecimentodiploma\/fichadeinscricao.jsp\" style=\"border-radius:10px;background-color:#a3567f\" target=\"_blank\" rel=\"noreferrer noopener\"><strong>Formul\u00e1rio de Inscri\u00e7\u00e3o para Submiss\u00e3o de <\/strong><br><strong>Reconhecimento de Diploma Stricto Sensu<\/strong><\/a><\/div>\n<\/div>\n\n\n\n<div style=\"height:30px\" aria-hidden=\"true\" class=\"wp-block-spacer\"><\/div>\n\n\n\n<hr class=\"wp-block-separator has-alpha-channel-opacity is-style-dots\"\/>\n\n\n\n<div style=\"height:25px\" aria-hidden=\"true\" class=\"wp-block-spacer\"><\/div>\n\n\n\n<h2 class=\"wp-block-heading\">D\u00daVIDAS?<\/h2>\n\n\n\n<hr class=\"wp-block-separator has-text-color has-alpha-channel-opacity has-background is-style-wide\" style=\"background-color:#e8ecf5;color:#e8ecf5\"\/>\n\n\n\n<p>Envie um e-mail para:&nbsp;<strong>reconhecimento@ufpr.br<\/strong><\/p>\n\n\n\n<p>Atendimento presencial : Ter\u00e7as e sextas feiras das 9h \u00e0s 12h e das 14h \u00e0s 17h.<\/p>\n\n\n\n<hr class=\"wp-block-separator has-text-color has-alpha-channel-opacity has-background is-style-wide\" style=\"background-color:#e8ecf5;color:#e8ecf5\"\/>\n\n\n\n<p class=\"has-text-color has-link-color wp-elements-16631d866001ae142cbdd3786f7ccd26\" style=\"color:#243673\"><strong><a title=\"\" href=\"#topo\">Voltar ao topo<\/a><\/strong><\/p>\n<\/div>\n\n\n\n<div class=\"wp-block-column is-layout-flow wp-block-column-is-layout-flow\" style=\"flex-basis:2%\"><\/div>\n\n\n\n<div class=\"wp-block-column is-layout-flow wp-block-column-is-layout-flow\" style=\"flex-basis:20%\">\n<div class=\"wp-block-columns is-layout-flex wp-container-core-columns-is-layout-9d6595d7 wp-block-columns-is-layout-flex\">\n<div class=\"wp-block-column is-vertically-aligned-top has-background is-layout-flow wp-block-column-is-layout-flow\" style=\"background-color:#e8ecf5;flex-basis:100%\">\n<h2 class=\"wp-block-heading has-text-align-center\">Conhe\u00e7a<br>Tamb\u00e9m<\/h2>\n\n\n\n<hr class=\"wp-block-separator has-text-color has-white-color has-alpha-channel-opacity has-white-background-color has-background is-style-wide\"\/>\n\n\n\n<div class=\"wp-block-columns is-not-stacked-on-mobile is-layout-flex wp-container-core-columns-is-layout-9d6595d7 wp-block-columns-is-layout-flex\">\n<div class=\"wp-block-column is-layout-flow wp-block-column-is-layout-flow\" style=\"flex-basis:1px\"><\/div>\n\n\n\n<div class=\"wp-block-column has-white-background-color has-text-color has-background has-link-color wp-elements-9e0d6261c66318666bb6a7196189dffc is-layout-flow wp-block-column-is-layout-flow\" style=\"color:#003c71\">\n<div style=\"height:20px\" aria-hidden=\"true\" class=\"wp-block-spacer\"><\/div>\n\n\n<div class=\"wp-block-image is-style-default\">\n<figure class=\"aligncenter size-full is-resized\" id=\"topo\"><a href=\"https:\/\/ufpr.br\/propg\/udc\/legislacao\/\"><img decoding=\"async\" src=\"https:\/\/ufpr.br\/propg\/wp-content\/uploads\/2025\/06\/Icone_Documentos_Rosa.png\" alt=\"\" class=\"wp-image-6154\" style=\"object-fit:cover;width:70px;height:70px\"\/><\/a><\/figure><\/div>\n\n\n<p class=\"has-text-align-center has-text-color has-link-color wp-elements-ef3f2b253270b281d2f246c56147d2f4\" style=\"color:#243673;font-size:14px\"><strong><a href=\"https:\/\/ufpr.br\/propg\/udc\/legislacao\/\">Legisla\u00e7\u00e3o<\/a><\/strong><\/p>\n<\/div>\n\n\n\n<div class=\"wp-block-column is-layout-flow wp-block-column-is-layout-flow\" style=\"flex-basis:1px\"><\/div>\n<\/div>\n\n\n\n<hr class=\"wp-block-separator has-text-color has-white-color has-alpha-channel-opacity has-white-background-color has-background is-style-wide\"\/>\n<\/div>\n<\/div>\n<\/div>\n<\/div>\n","protected":false},"excerpt":{"rendered":"<p>Portal de Reconhecimento de Diplomas Estrangeiros P\u00f3s-gradua\u00e7\u00e3o Stricto Sensu&nbsp;(mestrado e doutorado) ORIENTA\u00c7\u00d5ES PR\u00c9-REGISTRO **AVISO: quaisquer dificuldades em rela\u00e7\u00e3o ao cadastramento do pedido de Reconhecimento na plataforma SIGA dever\u00e3o ser comunicadas via e-mail \u2013 reconhecimento@ufpr.br&nbsp;\u2013 para averigua\u00e7\u00e3o da equipe respons\u00e1vel. Pedimos que n\u00e3o seja efetuado nenhum procedimento por conta pr\u00f3pria. PASSOS INICIAIS Leia atentamente a\u00a0Resolu\u00e7\u00e3o n\u00ba [&hellip;]<\/p>\n","protected":false},"author":5,"featured_media":0,"parent":6949,"menu_order":0,"comment_status":"closed","ping_status":"closed","template":"","meta":{"footnotes":""},"class_list":["post-7470","page","type-page","status-publish","hentry"],"_links":{"self":[{"href":"https:\/\/ufpr.br\/propg\/wp-json\/wp\/v2\/pages\/7470","targetHints":{"allow":["GET"]}}],"collection":[{"href":"https:\/\/ufpr.br\/propg\/wp-json\/wp\/v2\/pages"}],"about":[{"href":"https:\/\/ufpr.br\/propg\/wp-json\/wp\/v2\/types\/page"}],"author":[{"embeddable":true,"href":"https:\/\/ufpr.br\/propg\/wp-json\/wp\/v2\/users\/5"}],"replies":[{"embeddable":true,"href":"https:\/\/ufpr.br\/propg\/wp-json\/wp\/v2\/comments?post=7470"}],"version-history":[{"count":91,"href":"https:\/\/ufpr.br\/propg\/wp-json\/wp\/v2\/pages\/7470\/revisions"}],"predecessor-version":[{"id":47063,"href":"https:\/\/ufpr.br\/propg\/wp-json\/wp\/v2\/pages\/7470\/revisions\/47063"}],"up":[{"embeddable":true,"href":"https:\/\/ufpr.br\/propg\/wp-json\/wp\/v2\/pages\/6949"}],"wp:attachment":[{"href":"https:\/\/ufpr.br\/propg\/wp-json\/wp\/v2\/media?parent=7470"}],"curies":[{"name":"wp","href":"https:\/\/api.w.org\/{rel}","templated":true}]}}