{"id":7352,"date":"2025-07-13T19:21:25","date_gmt":"2025-07-13T22:21:25","guid":{"rendered":"https:\/\/ufpr.br\/?page=7352"},"modified":"2025-12-29T11:54:12","modified_gmt":"2025-12-29T14:54:12","slug":"mestrado-e-doutorado","status":"publish","type":"page","link":"https:\/\/ufpr.br\/propg\/udc\/mestrado-e-doutorado\/","title":{"rendered":"Mestrado e Doutorado"},"content":{"rendered":"\n<div style=\"height:50px\" aria-hidden=\"true\" class=\"wp-block-spacer\"><\/div>\n\n\n\n<div class=\"wp-block-columns is-layout-flex wp-container-core-columns-is-layout-9d6595d7 wp-block-columns-is-layout-flex\">\n<div class=\"wp-block-column is-layout-flow wp-block-column-is-layout-flow\" style=\"flex-basis:15%\"><div class=\"wp-block-image\">\n<figure class=\"aligncenter size-full is-resized\" id=\"topo\"><img decoding=\"async\" src=\"https:\/\/ufpr.br\/propg\/wp-content\/uploads\/2024\/08\/Icone_Diploma_Rosa.png\" alt=\"\" class=\"wp-image-6123\" style=\"width:100px\"\/><\/figure><\/div><\/div>\n\n\n\n<div class=\"wp-block-column is-layout-flow wp-block-column-is-layout-flow\" style=\"flex-basis:1%\"><\/div>\n\n\n\n<div class=\"wp-block-column is-layout-flow wp-block-column-is-layout-flow\" style=\"flex-basis:63%\">\n<blockquote class=\"wp-block-quote is-layout-flow wp-block-quote-is-layout-flow\">\n<p>A <strong>Unidade de Diplomas e Certificados (UDC)<\/strong> da Pr\u00f3-Reitoria de P\u00f3s-Gradua\u00e7\u00e3o \u00e9 respons\u00e1vel pela emiss\u00e3o e registro dos diplomas de Mestrado e Doutorado, de acordo com a legisla\u00e7\u00e3o vigente.<\/p>\n\n\n\n<p>\u00c9 de responsabilidade de cada secretaria de Programa de P\u00f3s-Gradua\u00e7\u00e3o enviar \u00e0 UDC todos os documentos exigidos para a emiss\u00e3o do diplomas.<\/p>\n\n\n\n<p>O prazo para emiss\u00e3o dos diplomas \u00e9 de 60 dias em m\u00e9dia, contados a partir do recebimento do processo na UDC, desde que este esteja instru\u00eddo corretamente<em>.&nbsp;<\/em>Este prazo pode ser superior ou n\u00e3o \u00e0 expectativa informada, a depender da disponibilidade das demais partes em atend\u00ea-la.<\/p>\n<\/blockquote>\n\n\n\n<div style=\"height:50px\" aria-hidden=\"true\" class=\"wp-block-spacer\"><\/div>\n\n\n\n<h2 class=\"wp-block-heading has-text-align-left has-background has-medium-font-size\" style=\"background-color:#e8ecf5\">PROCESSO DE REGISTRO E EMISS\u00c3O DE DIPLOMAS<\/h2>\n\n\n\n<hr class=\"wp-block-separator has-text-color has-alpha-channel-opacity has-background is-style-wide\" style=\"background-color:#e8ecf5;color:#e8ecf5\"\/>\n\n\n\n<p>Conforme mencionado anteriormente, <strong>a secretaria de cada Programa de P\u00f3s-Gradua\u00e7\u00e3o<\/strong> enviar\u00e1, atrav\u00e9s do sistema <strong>SIGA<\/strong>, o pedido de emiss\u00e3o de diplomas de Mestrado e Doutorado. Este dever\u00e1 conter os seguintes documentos:<\/p>\n\n\n\n<ol class=\"wp-block-list\">\n<li>Ata de defesa, assinada por todos os membros da banca;<\/li>\n<\/ol>\n\n\n\n<ol start=\"2\" class=\"wp-block-list\">\n<li>Trabalho de conclus\u00e3o de curso;<\/li>\n<\/ol>\n\n\n\n<ol start=\"3\" class=\"wp-block-list\">\n<li>Recibo de Dep\u00f3sito Legal na Biblioteca;<\/li>\n<\/ol>\n\n\n\n<ol start=\"4\" class=\"wp-block-list\">\n<li>Documento de identidade do aluno: RG e CPF (para brasileiros) e RNE e CPF (para estrangeiros). <strong>Observa\u00e7\u00e3o<\/strong>: N\u00e3o ser\u00e1 aceita Carteira Nacional de Habilita\u00e7\u00e3o \u2013 CNH, uma vez que este documento n\u00e3o apresenta todos os dados necess\u00e1rios para registro do diploma;<\/li>\n<\/ol>\n\n\n\n<ol start=\"5\" class=\"wp-block-list\">\n<li>Diploma de Gradua\u00e7\u00e3o, para ambas as titula\u00e7\u00f5es, frente e verso;<\/li>\n<\/ol>\n\n\n\n<ol start=\"6\" class=\"wp-block-list\">\n<li>Diploma de Mestrado, para titula\u00e7\u00f5es em Doutorado, frente e verso;<\/li>\n<\/ol>\n\n\n\n<ol start=\"7\" class=\"wp-block-list\">\n<li>Certid\u00e3o de D\u00e9bito Negativo junto a Biblioteca do setor;<\/li>\n<\/ol>\n\n\n\n<ol start=\"8\" class=\"wp-block-list\">\n<li>Of\u00edcio do Coordenador solicitando o diploma;<\/li>\n<\/ol>\n\n\n\n<ol start=\"9\" class=\"wp-block-list\">\n<li>Hist\u00f3rico escolar com especifica\u00e7\u00e3o das disciplinas e dura\u00e7\u00e3o do curso, carga hor\u00e1ria de cada disciplina, graus, conceitos de aprova\u00e7\u00e3o e comprova\u00e7\u00e3o de cr\u00e9ditos obtidos em cada disciplina, bem como a tipifica\u00e7\u00e3o e o aproveitamento de est\u00e1gio e outras atividades de pesquisa e extens\u00e3o, quando couber, emitido pelo SIGA;<\/li>\n<\/ol>\n\n\n\n<ol start=\"10\" class=\"wp-block-list\">\n<li>Certificado de sufici\u00eancia em l\u00edngua estrangeira, de acordo com o regimento de cada programa.<\/li>\n<\/ol>\n\n\n\n<hr class=\"wp-block-separator has-text-color has-alpha-channel-opacity has-background is-style-wide\" style=\"background-color:#e8ecf5;color:#e8ecf5\"\/>\n\n\n\n<p>No processo de solicita\u00e7\u00e3o do diploma, <strong>ap\u00f3s o cadastro pelo Programa de P\u00f3s-Gradua\u00e7\u00e3o<\/strong>, o <strong>discente<\/strong> dever\u00e1 acessar o <strong>Portal do Egresso<\/strong>, no sistema <strong>SIGA<\/strong>, e conferir seus dados cadastrais na op\u00e7\u00e3o \u201cDiploma\u201d. Apenas ap\u00f3s confirmar as informa\u00e7\u00f5es no processo, este ser\u00e1 enviado \u00e0 UDC.<\/p>\n\n\n\n<hr class=\"wp-block-separator has-text-color has-alpha-channel-opacity has-background is-style-wide\" style=\"background-color:#e8ecf5;color:#e8ecf5\"\/>\n\n\n\n<p><strong>Observa\u00e7\u00e3o<\/strong>: em caso de d\u00favidas ou impossibilidade de concluir esta etapa, o discente dever\u00e1 contatar a secretaria da p\u00f3s-gradua\u00e7\u00e3o.<\/p>\n\n\n\n<hr class=\"wp-block-separator has-text-color has-alpha-channel-opacity has-background is-style-wide\" style=\"background-color:#e8ecf5;color:#e8ecf5\"\/>\n\n\n\n<p>Durante o andamento do processo de emiss\u00e3o do diploma seu&nbsp;<em><strong>status&nbsp;<\/strong><\/em>sofrer\u00e1 altera\u00e7\u00f5es, o qual pode ser acompanhado atrav\u00e9s do SIGA. S\u00e3o eles:<\/p>\n\n\n\n<ul class=\"wp-block-list\">\n<li><strong>Aguardando Confer\u00eancia do Discente<\/strong>: o pedido foi cadastrado e aguarda a confer\u00eancia dos dados cadastrais por parte do discente;<\/li>\n<\/ul>\n\n\n\n<ul class=\"wp-block-list\">\n<li><strong>Discente solicitou corre\u00e7\u00f5es<\/strong>: discente solicitou corre\u00e7\u00f5es \u00e0 secretaria da p\u00f3s-gradua\u00e7\u00e3o;<\/li>\n<\/ul>\n\n\n\n<ul class=\"wp-block-list\">\n<li><strong>Solicitado a PROPG<\/strong>: discente confirmou seus dados no processo e este foi enviado \u00e0 UDC;<\/li>\n<\/ul>\n\n\n\n<ul class=\"wp-block-list\">\n<li><strong>Em Dilig\u00eancia<\/strong>: UDC verificou necessidade de corre\u00e7\u00f5es no processo, a serem atendidas pela secretaria da p\u00f3s-gradua\u00e7\u00e3o;<\/li>\n<\/ul>\n\n\n\n<ul class=\"wp-block-list\">\n<li><strong>Registrado<\/strong>: UDC confirmou os dados e documentos para registro do diploma, estando apto a ser emitido;<\/li>\n<\/ul>\n\n\n\n<ul class=\"wp-block-list\">\n<li><strong>Emitido<\/strong>: UDC emitiu o diploma, o qual ser\u00e1 enviado para assinatura do Reitor;<\/li>\n<\/ul>\n\n\n\n<ul class=\"wp-block-list\">\n<li><strong>Encaminhado para o Reitor<\/strong>: diploma foi enviado para assinatura do Reitor;<\/li>\n<\/ul>\n\n\n\n<ul class=\"wp-block-list\">\n<li><strong>Dispon\u00edvel para Retirada<\/strong>: diploma foi assinado pelo Reitor, devolvido \u00e0 UDC, e est\u00e1 dispon\u00edvel para retirada. O discente receber\u00e1 e-mail autom\u00e1tico do SIGA informando esta disponibilidade.<\/li>\n<\/ul>\n\n\n\n<hr class=\"wp-block-separator has-text-color has-alpha-channel-opacity has-background is-style-wide\" style=\"background-color:#e8ecf5;color:#e8ecf5\"\/>\n\n\n\n<p><a href=\"https:\/\/ufpr.br\/propg\/wp-content\/uploads\/2024\/12\/fluxograma-de-emisso-de-diplomas.pdf\" target=\"_blank\" rel=\"noreferrer noopener\">Fluxograma Processual<\/a><\/p>\n\n\n\n<hr class=\"wp-block-separator has-text-color has-alpha-channel-opacity has-background is-style-wide\" style=\"background-color:#e8ecf5;color:#e8ecf5\"\/>\n\n\n\n<div style=\"height:40px\" aria-hidden=\"true\" class=\"wp-block-spacer\"><\/div>\n\n\n\n<div style=\"height:20px\" aria-hidden=\"true\" class=\"wp-block-spacer\"><\/div>\n\n\n\n<hr class=\"wp-block-separator has-alpha-channel-opacity is-style-dots\"\/>\n\n\n\n<div style=\"height:25px\" aria-hidden=\"true\" class=\"wp-block-spacer\"><\/div>\n\n\n\n<h2 class=\"wp-block-heading has-text-align-left has-background has-medium-font-size\" style=\"background-color:#e8ecf5\">RETIRADA DE DIPLOMAS<\/h2>\n\n\n\n<hr class=\"wp-block-separator has-text-color has-alpha-channel-opacity has-background is-style-wide\" style=\"background-color:#e8ecf5;color:#e8ecf5\"\/>\n\n\n\n<p>A retirada de diplomas poder\u00e1 ser feita pelos seguintes:<\/p>\n\n\n\n<ul class=\"wp-block-list\">\n<li><strong>Discente<\/strong>: munido de documento de identifica\u00e7\u00e3o com foto;<\/li>\n<\/ul>\n\n\n\n<ul class=\"wp-block-list\">\n<li><strong>Terceiros<\/strong>: munidos de documento de identifica\u00e7\u00e3o com foto e procura\u00e7\u00e3o com firma reconhecida em cart\u00f3rio. Esta procura\u00e7\u00e3o pode ser simples, contendo, pelo menos: nome, RG e data de nascimento de ambas as partes, bem como informar o motivo da autoriza\u00e7\u00e3o \u2013 retirar diploma de Mestrado\/Doutorado em (<em>nome do Programa de P\u00f3s-Gradua\u00e7\u00e3o<\/em>);<\/li>\n<\/ul>\n\n\n\n<ul class=\"wp-block-list\">\n<li><strong>Coordenador(a) da P\u00f3s-Gradua\u00e7\u00e3o<\/strong>: comparecer \u00e0 UDC e registrar a retirada atrav\u00e9s de senha pessoal no SIGA;<\/li>\n<\/ul>\n\n\n\n<ul class=\"wp-block-list\">\n<li><strong>Vice-Coordenador(a) da P\u00f3s-Gradua\u00e7\u00e3o<\/strong>: comparecer \u00e0 UDC e registrar a retirada atrav\u00e9s de senha pessoal no SIGA;<\/li>\n<\/ul>\n\n\n\n<p><strong>Secret\u00e1rio(a) da P\u00f3s-Gradua\u00e7\u00e3o<\/strong>: comparecer \u00e0 UDC e registrar a retirada atrav\u00e9s de senha pessoal no SIGA.<\/p>\n\n\n\n<hr class=\"wp-block-separator has-text-color has-alpha-channel-opacity has-background is-style-wide\" style=\"background-color:#e8ecf5;color:#e8ecf5\"\/>\n\n\n\n<p class=\"has-text-color has-link-color wp-elements-16631d866001ae142cbdd3786f7ccd26\" style=\"color:#243673\"><strong><a title=\"\" href=\"#topo\">Voltar ao topo<\/a><\/strong><\/p>\n<\/div>\n\n\n\n<div class=\"wp-block-column is-layout-flow wp-block-column-is-layout-flow\" style=\"flex-basis:1%\"><\/div>\n\n\n\n<div class=\"wp-block-column is-layout-flow wp-block-column-is-layout-flow\" style=\"flex-basis:20%\">\n<div class=\"wp-block-columns is-layout-flex wp-container-core-columns-is-layout-9d6595d7 wp-block-columns-is-layout-flex\">\n<div class=\"wp-block-column is-vertically-aligned-top has-background is-layout-flow wp-block-column-is-layout-flow\" style=\"background-color:#e8ecf5;flex-basis:100%\">\n<h2 class=\"wp-block-heading has-text-align-center\">Conhe\u00e7a<br>Tamb\u00e9m<\/h2>\n\n\n\n<hr class=\"wp-block-separator has-text-color has-white-color has-alpha-channel-opacity has-white-background-color has-background is-style-wide\"\/>\n\n\n\n<div class=\"wp-block-columns is-not-stacked-on-mobile is-layout-flex wp-container-core-columns-is-layout-9d6595d7 wp-block-columns-is-layout-flex\">\n<div class=\"wp-block-column is-layout-flow wp-block-column-is-layout-flow\" style=\"flex-basis:1px\"><\/div>\n\n\n\n<div class=\"wp-block-column has-white-background-color has-text-color has-background has-link-color wp-elements-9e0d6261c66318666bb6a7196189dffc is-layout-flow wp-block-column-is-layout-flow\" style=\"color:#003c71\">\n<div style=\"height:20px\" aria-hidden=\"true\" class=\"wp-block-spacer\"><\/div>\n\n\n<div class=\"wp-block-image is-style-default\">\n<figure class=\"aligncenter size-full is-resized\" id=\"topo\"><a href=\"https:\/\/ufpr.br\/propg\/udc\/legislacao\/\"><img decoding=\"async\" src=\"https:\/\/ufpr.br\/propg\/wp-content\/uploads\/2025\/06\/Icone_Documentos_Rosa.png\" alt=\"\" class=\"wp-image-6154\" style=\"object-fit:cover;width:70px;height:70px\"\/><\/a><\/figure><\/div>\n\n\n<p class=\"has-text-align-center has-text-color has-link-color wp-elements-ef3f2b253270b281d2f246c56147d2f4\" style=\"color:#243673;font-size:14px\"><strong><a href=\"https:\/\/ufpr.br\/propg\/udc\/legislacao\/\">Legisla\u00e7\u00e3o<\/a><\/strong><\/p>\n<\/div>\n\n\n\n<div class=\"wp-block-column is-layout-flow wp-block-column-is-layout-flow\" style=\"flex-basis:1px\"><\/div>\n<\/div>\n\n\n\n<hr class=\"wp-block-separator has-text-color has-white-color has-alpha-channel-opacity has-white-background-color has-background is-style-wide\"\/>\n<\/div>\n<\/div>\n<\/div>\n<\/div>\n","protected":false},"excerpt":{"rendered":"<p>A Unidade de Diplomas e Certificados (UDC) da Pr\u00f3-Reitoria de P\u00f3s-Gradua\u00e7\u00e3o \u00e9 respons\u00e1vel pela emiss\u00e3o e registro dos diplomas de Mestrado e Doutorado, de acordo com a legisla\u00e7\u00e3o vigente. \u00c9 de responsabilidade de cada secretaria de Programa de P\u00f3s-Gradua\u00e7\u00e3o enviar \u00e0 UDC todos os documentos exigidos para a emiss\u00e3o do diplomas. O prazo para emiss\u00e3o [&hellip;]<\/p>\n","protected":false},"author":5,"featured_media":0,"parent":6949,"menu_order":0,"comment_status":"closed","ping_status":"closed","template":"","meta":{"footnotes":""},"class_list":["post-7352","page","type-page","status-publish","hentry"],"_links":{"self":[{"href":"https:\/\/ufpr.br\/propg\/wp-json\/wp\/v2\/pages\/7352","targetHints":{"allow":["GET"]}}],"collection":[{"href":"https:\/\/ufpr.br\/propg\/wp-json\/wp\/v2\/pages"}],"about":[{"href":"https:\/\/ufpr.br\/propg\/wp-json\/wp\/v2\/types\/page"}],"author":[{"embeddable":true,"href":"https:\/\/ufpr.br\/propg\/wp-json\/wp\/v2\/users\/5"}],"replies":[{"embeddable":true,"href":"https:\/\/ufpr.br\/propg\/wp-json\/wp\/v2\/comments?post=7352"}],"version-history":[{"count":20,"href":"https:\/\/ufpr.br\/propg\/wp-json\/wp\/v2\/pages\/7352\/revisions"}],"predecessor-version":[{"id":47016,"href":"https:\/\/ufpr.br\/propg\/wp-json\/wp\/v2\/pages\/7352\/revisions\/47016"}],"up":[{"embeddable":true,"href":"https:\/\/ufpr.br\/propg\/wp-json\/wp\/v2\/pages\/6949"}],"wp:attachment":[{"href":"https:\/\/ufpr.br\/propg\/wp-json\/wp\/v2\/media?parent=7352"}],"curies":[{"name":"wp","href":"https:\/\/api.w.org\/{rel}","templated":true}]}}