{"id":7214,"date":"2025-07-10T21:20:37","date_gmt":"2025-07-11T00:20:37","guid":{"rendered":"https:\/\/ufpr.br\/?page=7214"},"modified":"2025-12-23T14:40:14","modified_gmt":"2025-12-23T17:40:14","slug":"servico-de-coffee-break","status":"publish","type":"page","link":"https:\/\/ufpr.br\/propg\/uceo\/compras\/servico-de-coffee-break\/","title":{"rendered":"Servi\u00e7o de Coffee Break"},"content":{"rendered":"\n<div style=\"height:50px\" aria-hidden=\"true\" class=\"wp-block-spacer\"><\/div>\n\n\n\n<div class=\"wp-block-columns is-layout-flex wp-container-core-columns-is-layout-9d6595d7 wp-block-columns-is-layout-flex\">\n<div class=\"wp-block-column is-layout-flow wp-block-column-is-layout-flow\" style=\"flex-basis:15%\"><div class=\"wp-block-image\">\n<figure class=\"aligncenter size-full is-resized\" id=\"topo\"><img decoding=\"async\" src=\"https:\/\/ufpr.br\/propg\/wp-content\/uploads\/2025\/07\/Icone_CoffeBreak_Rosa.png\" alt=\"\" class=\"wp-image-11535\" style=\"width:100px\"\/><\/figure><\/div><\/div>\n\n\n\n<div class=\"wp-block-column is-layout-flow wp-block-column-is-layout-flow\" style=\"flex-basis:1%\"><\/div>\n\n\n\n<div class=\"wp-block-column is-layout-flow wp-block-column-is-layout-flow\" style=\"flex-basis:80%\">\n<blockquote class=\"wp-block-quote is-layout-flow wp-block-quote-is-layout-flow\">\n<p>A aquisi\u00e7\u00e3o de Servi\u00e7o de Coffee Break pelas unidades da UFPR \u00e9 feito junto a fornecedor licitado via Preg\u00e3o Eletr\u00f4nico.<\/p>\n\n\n\n<p>Os preg\u00f5es vigentes no \u00e2mbito da UFPR podem ser consultados no site da&nbsp;<a href=\"https:\/\/proad.ufpr.br\/licitacoes\/upcl\/pregoes-vigentes\/\" target=\"_blank\" rel=\"noreferrer noopener\">Coordenadoria de Licita\u00e7\u00f5es e Contrata\u00e7\u00f5es, da Pr\u00f3 Reitoria de Or\u00e7amento e Administra\u00e7\u00e3o da UFPR (CLIC\/PROAD)<\/a>.<\/p>\n\n\n\n<p>Todos os documentos externos e digitalizados anexados ao processo dever\u00e3o ser autenticados digitalmente por quem os incluiu. Os documentos origin\u00e1rios do SEI dever\u00e3o ser assinados digitalmente.<\/p>\n<\/blockquote>\n\n\n\n<div style=\"height:50px\" aria-hidden=\"true\" class=\"wp-block-spacer\"><\/div>\n\n\n\n<h2 class=\"wp-block-heading has-text-align-left has-background has-medium-font-size\" style=\"background-color:#e8ecf5\">ABERTURA DO PROCESSO<\/h2>\n\n\n\n<hr class=\"wp-block-separator has-text-color has-alpha-channel-opacity has-background is-style-wide\" style=\"background-color:#e8ecf5;color:#e8ecf5\"\/>\n\n\n\n<ul class=\"wp-block-list\">\n<li>Abrir processo SEI do tipo:&nbsp;<strong>Or\u00e7amento e Finan\u00e7as: Pagamento a Pessoa Jur\u00eddica<\/strong>;<\/li>\n<\/ul>\n\n\n\n<ul class=\"wp-block-list\">\n<li>Especifica\u00e7\u00e3o: N\u00famero e ano do preg\u00e3o e vig\u00eancia (conforme informado no site de preg\u00f5es vigentes da PROAD);<\/li>\n<\/ul>\n\n\n\n<ul class=\"wp-block-list\">\n<li>Interessados: Incluir apenas a raz\u00e3o social ou CNPJ do fornecedor;<\/li>\n<\/ul>\n\n\n\n<ul class=\"wp-block-list\">\n<li>Encaminhar of\u00edcio destinado \u00e0 Pr\u00f3 Reitora da PROPG informando a justificativa do pedido e o evento para o qual se destina;<\/li>\n<\/ul>\n\n\n\n<ul class=\"wp-block-list\">\n<li>Incluir documentos comprobat\u00f3rios do evento a ser atendido (convite, folder, etc);<\/li>\n<\/ul>\n\n\n\n<ul class=\"wp-block-list\">\n<li>Ap\u00f3s a an\u00e1lise e aprova\u00e7\u00e3o do pedido pela Pr\u00f3 Reitora, a demanda ser\u00e1 encaminhada para continuidade da aquisi\u00e7\u00e3o;<\/li>\n<\/ul>\n\n\n\n<ul class=\"wp-block-list\">\n<li>Incluir documento modelo SEI \u201cOR\u00c7. FIN: Preg\u00e3o (PROPG)\u201d preenchido integralmente e assinado pelo(a) do coordenador(a) do conv\u00eanio (se Funda\u00e7\u00e3o Arauc\u00e1ria) ou PPG (se PROAP);<\/li>\n<\/ul>\n\n\n\n<ul class=\"wp-block-list\">\n<li>Inserir documento modelo SEI \u201cLicita\u00e7\u00e3o: Autoriza\u00e7\u00e3o para Empenho\u201d, assinado pelo solicitante;<\/li>\n<\/ul>\n\n\n\n<ul class=\"wp-block-list\">\n<li>Caso a solicita\u00e7\u00e3o seja com recursos de Conv\u00eanio da Funda\u00e7\u00e3o Arauc\u00e1ria, anexar o Plano de Trabalho;<\/li>\n<\/ul>\n\n\n\n<ul class=\"wp-block-list\">\n<li>Enviar processo para UFPR\/R\/PROAD\/CLIC\/UPCL para verifica\u00e7\u00e3o de saldo no preg\u00e3o e autoriza\u00e7\u00e3o para empenhamento;<\/li>\n<\/ul>\n\n\n\n<ul class=\"wp-block-list\">\n<li>Ap\u00f3s retorno do processo pela UPCL, tramitar \u00e0 UFPR\/R\/PROPG\/UCEO.<\/li>\n<\/ul>\n\n\n\n<div style=\"height:20px\" aria-hidden=\"true\" class=\"wp-block-spacer\"><\/div>\n\n\n\n<hr class=\"wp-block-separator has-alpha-channel-opacity is-style-dots\"\/>\n\n\n\n<div style=\"height:25px\" aria-hidden=\"true\" class=\"wp-block-spacer\"><\/div>\n\n\n\n<h2 class=\"wp-block-heading has-text-align-left has-background has-medium-font-size\" style=\"background-color:#e8ecf5\">EMPENHO E PAGAMENTO<\/h2>\n\n\n\n<hr class=\"wp-block-separator has-text-color has-alpha-channel-opacity has-background is-style-wide\" style=\"background-color:#e8ecf5;color:#e8ecf5\"\/>\n\n\n\n<ul class=\"wp-block-list\">\n<li>Ap\u00f3s o registro de empenho, pela UCEO, o processo ser\u00e1 devolvido \u00e0 unidade solicitante com despacho contendo as orienta\u00e7\u00f5es a serem seguidas quanto \u00e0 continuidade da aquisi\u00e7\u00e3o;<\/li>\n<\/ul>\n\n\n\n<ul class=\"wp-block-list\">\n<li>Cabe \u00e0 unidade solicitante entrar em contato com o fornecedor para confirma\u00e7\u00e3o de recebimento da autoriza\u00e7\u00e3o de empenho, bem como para a negocia\u00e7\u00e3o relativa \u00e0 presta\u00e7\u00e3o do servi\u00e7o;<\/li>\n<\/ul>\n\n\n\n<ul class=\"wp-block-list\">\n<li>No ato do recebimento, verificar se o servi\u00e7o prestado confere com o empenho registrado e a nota fiscal. Em caso de diverg\u00eancia, informar ao fornecedor.<\/li>\n<\/ul>\n\n\n\n<hr class=\"wp-block-separator has-text-color has-alpha-channel-opacity has-background is-style-wide\" style=\"background-color:#e8ecf5;color:#e8ecf5\"\/>\n\n\n\n<h2 class=\"wp-block-heading\">Ap\u00f3s o recebimento do material, anexar ao processo:<\/h2>\n\n\n\n<div style=\"height:15px\" aria-hidden=\"true\" class=\"wp-block-spacer\"><\/div>\n\n\n\n<ul class=\"wp-block-list\">\n<li><strong>Nota Fiscal<\/strong>: Leg\u00edvel, sem rasuras, em formato PDF. Devem constar a especifica\u00e7\u00e3o do produto, quantidade, valores, dados banc\u00e1rios (ver orienta\u00e7\u00e3o abaixo) e reten\u00e7\u00f5es dos impostos federais (caso n\u00e3o seja optante do Simples Nacional \u2013 ver orienta\u00e7\u00e3o abaixo). O valor da Nota Fiscal deve ser exatamente igual ao do empenho (exceto se o empenho for do tipo estimativo);<\/li>\n<\/ul>\n\n\n\n<ul class=\"wp-block-list\">\n<li><strong>Dados banc\u00e1rios para pagamento<\/strong>: devem constar na Nota Fiscal ou em documento timbrado e assinado pelo fornecedor. N\u00e3o informar via despacho. A Universidade n\u00e3o faz pagamentos por boletos ou duplicatas;<\/li>\n<\/ul>\n\n\n\n<ul class=\"wp-block-list\">\n<li><strong>Reten\u00e7\u00f5es dos Impostos Federais<\/strong>: Caso o fornecedor n\u00e3o seja optante do Simples Nacional, devem constar na Nota Fiscal ou em Carta de Corre\u00e7\u00e3o, as reten\u00e7\u00f5es dos Impostos Federais, informando necessariamente o imposto, a al\u00edquota e o valor retido. Exemplo: IRPJ (1,20%) R$ 5,75, CSLL (1%) R$ 2,01, PIS (0,65%) R$ 3,70, COFINS (3%) R$ 10,50. Devem constar as informa\u00e7\u00f5es relativas aos 4 impostos federais (IR, CSLL, PIS e COFINS). Eventuais isen\u00e7\u00f5es devem ser informadas e fundamentadas;<\/li>\n<\/ul>\n\n\n\n<ul class=\"wp-block-list\">\n<li><strong>Atesto<\/strong>: documento SEI \u201cOR\u00c7.FIN: Atesto de Documentos Fiscais\u201d assinado preferencialmente pelo(a) coordenador(a) do conv\u00eanio ou PPG. A data do atesto sempre deve ser igual ou posterior a da emiss\u00e3o da Nota Fiscal;<\/li>\n<\/ul>\n\n\n\n<ul class=\"wp-block-list\">\n<li><strong>Anexo IV da Instru\u00e7\u00e3o Normativa 1234\/2012 da Receita Federal:&nbsp;<\/strong>somente no caso de fornecedores optantes do Simples Nacional. Este documento \u00e9 emitido pelo Fornecedor, em data igual ou posterior \u00e0 emiss\u00e3o da Nota Fiscal, devendo estar assinado e nominal \u00e0 Universidade Federal do Paran\u00e1.&nbsp;<strong>No caso de o fornecedor ser entidade sem fins lucrativos, este documento \u00e9 substitu\u00eddo pelo Anexo III da IN 1.234 da Receita Federal<\/strong>;<\/li>\n<\/ul>\n\n\n\n<ul class=\"wp-block-list\">\n<li>Ao receber o processo, a UCEO\/PROPG far\u00e1 a consulta das certid\u00f5es de regularidade do fornecedor. Caso haja alguma certid\u00e3o fora da validade, e n\u00e3o seja poss\u00edvel a atualiza\u00e7\u00e3o da mesma em s\u00edtio eletr\u00f4nico, o processo ser\u00e1 devolvido ao solicitante para que providencie a mesma junto ao fornecedor;<\/li>\n<\/ul>\n\n\n\n<ul class=\"wp-block-list\">\n<li>No caso de falta de algum dos documentos listados ou constatada necessidade de corre\u00e7\u00e3o, a UCEO\/PROPG devolver\u00e1 o processo ao demandante para regulariza\u00e7\u00e3o.<\/li>\n<\/ul>\n\n\n\n<hr class=\"wp-block-separator has-text-color has-alpha-channel-opacity has-background is-style-wide\" style=\"background-color:#e8ecf5;color:#e8ecf5\"\/>\n\n\n\n<p><strong>Ao tramitar o processo para a UCEO\/PROPG, o mesmo deve estar conclu\u00eddo em outras unidades (desmarcar a op\u00e7\u00e3o \u201cmanter processo aberto na unidade atual\u201d).<\/strong><\/p>\n\n\n\n<hr class=\"wp-block-separator has-text-color has-alpha-channel-opacity has-background is-style-wide\" style=\"background-color:#e8ecf5;color:#e8ecf5\"\/>\n\n\n\n<p><strong>Todos os documentos do processo devem ser assinados ou autenticados.<\/strong><\/p>\n\n\n\n<hr class=\"wp-block-separator has-text-color has-alpha-channel-opacity has-background is-style-wide\" style=\"background-color:#e8ecf5;color:#e8ecf5\"\/>\n\n\n\n<p class=\"has-text-color has-link-color wp-elements-16631d866001ae142cbdd3786f7ccd26\" style=\"color:#243673\"><strong><a title=\"\" href=\"#topo\">Voltar ao topo<\/a><\/strong><\/p>\n<\/div>\n\n\n\n<div class=\"wp-block-column is-layout-flow wp-block-column-is-layout-flow\" style=\"flex-basis:4%\"><\/div>\n<\/div>\n","protected":false},"excerpt":{"rendered":"<p>A aquisi\u00e7\u00e3o de Servi\u00e7o de Coffee Break pelas unidades da UFPR \u00e9 feito junto a fornecedor licitado via Preg\u00e3o Eletr\u00f4nico. Os preg\u00f5es vigentes no \u00e2mbito da UFPR podem ser consultados no site da&nbsp;Coordenadoria de Licita\u00e7\u00f5es e Contrata\u00e7\u00f5es, da Pr\u00f3 Reitoria de Or\u00e7amento e Administra\u00e7\u00e3o da UFPR (CLIC\/PROAD). Todos os documentos externos e digitalizados anexados ao [&hellip;]<\/p>\n","protected":false},"author":5,"featured_media":0,"parent":7075,"menu_order":0,"comment_status":"closed","ping_status":"closed","template":"","meta":{"footnotes":""},"class_list":["post-7214","page","type-page","status-publish","hentry"],"_links":{"self":[{"href":"https:\/\/ufpr.br\/propg\/wp-json\/wp\/v2\/pages\/7214","targetHints":{"allow":["GET"]}}],"collection":[{"href":"https:\/\/ufpr.br\/propg\/wp-json\/wp\/v2\/pages"}],"about":[{"href":"https:\/\/ufpr.br\/propg\/wp-json\/wp\/v2\/types\/page"}],"author":[{"embeddable":true,"href":"https:\/\/ufpr.br\/propg\/wp-json\/wp\/v2\/users\/5"}],"replies":[{"embeddable":true,"href":"https:\/\/ufpr.br\/propg\/wp-json\/wp\/v2\/comments?post=7214"}],"version-history":[{"count":11,"href":"https:\/\/ufpr.br\/propg\/wp-json\/wp\/v2\/pages\/7214\/revisions"}],"predecessor-version":[{"id":46958,"href":"https:\/\/ufpr.br\/propg\/wp-json\/wp\/v2\/pages\/7214\/revisions\/46958"}],"up":[{"embeddable":true,"href":"https:\/\/ufpr.br\/propg\/wp-json\/wp\/v2\/pages\/7075"}],"wp:attachment":[{"href":"https:\/\/ufpr.br\/propg\/wp-json\/wp\/v2\/media?parent=7214"}],"curies":[{"name":"wp","href":"https:\/\/api.w.org\/{rel}","templated":true}]}}