{"id":7075,"date":"2025-07-10T09:02:07","date_gmt":"2025-07-10T12:02:07","guid":{"rendered":"https:\/\/ufpr.br\/?page=7075"},"modified":"2025-12-23T13:56:38","modified_gmt":"2025-12-23T16:56:38","slug":"compras","status":"publish","type":"page","link":"https:\/\/ufpr.br\/propg\/uceo\/compras\/","title":{"rendered":"Compras"},"content":{"rendered":"\n<div style=\"height:50px\" aria-hidden=\"true\" class=\"wp-block-spacer\"><\/div>\n\n\n\n<div class=\"wp-block-columns is-layout-flex wp-container-core-columns-is-layout-9d6595d7 wp-block-columns-is-layout-flex\">\n<div class=\"wp-block-column is-layout-flow wp-block-column-is-layout-flow\" style=\"flex-basis:15%\">\n<div style=\"height:25px\" aria-hidden=\"true\" class=\"wp-block-spacer\"><\/div>\n\n\n<div class=\"wp-block-image\">\n<figure class=\"aligncenter size-full is-resized\" id=\"topo\"><img decoding=\"async\" src=\"https:\/\/ufpr.br\/propg\/wp-content\/uploads\/2025\/06\/Icone_Compras_Rosa.png\" alt=\"\" class=\"wp-image-9834\" style=\"width:100px\"\/><\/figure><\/div><\/div>\n\n\n\n<div class=\"wp-block-column is-layout-flow wp-block-column-is-layout-flow\" style=\"flex-basis:1%\"><\/div>\n\n\n\n<div class=\"wp-block-column is-layout-flow wp-block-column-is-layout-flow\" style=\"flex-basis:80%\">\n<h2 class=\"wp-block-heading\">Orienta\u00e7\u00f5es para solicita\u00e7\u00e3o de Compras de Bens ou Servi\u00e7os<\/h2>\n\n\n\n<div style=\"height:15px\" aria-hidden=\"true\" class=\"wp-block-spacer\"><\/div>\n\n\n\n<blockquote class=\"wp-block-quote is-layout-flow wp-block-quote-is-layout-flow\">\n<p>Desde 1\u00ba de abril de 2023, os processos de compras de materiais de consumo, materiais permanentes e de servi\u00e7os via preg\u00e3o, dispensa, inexigibilidade e importa\u00e7\u00e3o s\u00e3o regidos pela Lei 14.133\/2021 (em substitui\u00e7\u00e3o \u00e0 Lei 8.666\/1993), com disposi\u00e7\u00f5es das Instru\u00e7\u00f5es Normativas&nbsp;<a href=\"https:\/\/www.gov.br\/compras\/pt-br\/acesso-a-informacao\/legislacao\/instrucoes-normativas\/instrucao-normativa-seges-me-no-65-de-7-de-julho-de-2021\" target=\"_blank\" rel=\"noreferrer noopener\">065\/2021<\/a>&nbsp;e&nbsp;<a href=\"https:\/\/www.gov.br\/compras\/pt-br\/acesso-a-informacao\/legislacao\/instrucoes-normativas\/instrucao-normativa-seges-me-no-67-de-8-de-julho-de-2021\" target=\"_blank\" rel=\"noreferrer noopener\">067\/2021<\/a>&nbsp;do Minist\u00e9rio da Economia.<\/p>\n<\/blockquote>\n\n\n\n<div style=\"height:25px\" aria-hidden=\"true\" class=\"wp-block-spacer\"><\/div>\n\n\n\n<hr class=\"wp-block-separator has-text-color has-alpha-channel-opacity has-background is-style-wide\" style=\"background-color:#e8ecf5;color:#e8ecf5\"\/>\n\n\n\n<p>Em rela\u00e7\u00e3o especificamente \u00e0s compras por dispensa e inexigibilidade no \u00e2mbito da UFPR, as mesmas s\u00e3o regulamentadas, desde 1\u00ba de abril de 2025, pela Instru\u00e7\u00e3o Normativa 01\/2025 da CLIC\/PROAD.<\/p>\n\n\n\n<ul class=\"wp-block-list\">\n<li><a href=\"https:\/\/www.planalto.gov.br\/ccivil_03\/_ato2019-2022\/2021\/lei\/l14133.htm\" target=\"_blank\" rel=\"noreferrer noopener\">Lei 14.133\/2021&nbsp;<\/a><\/li>\n<\/ul>\n\n\n\n<ul class=\"wp-block-list\">\n<li><a href=\"https:\/\/ufpr.br\/propg\/wp-content\/uploads\/2025\/07\/sei_7612913_instrucao_normativa.pdf\" target=\"_blank\" rel=\"noreferrer noopener\">Instru\u00e7\u00e3o Normativa 01\/2025 CLIC\/PROAD\/UFPR, de 01 de abril de 2025<\/a><\/li>\n<\/ul>\n\n\n\n<hr class=\"wp-block-separator has-text-color has-alpha-channel-opacity has-background is-style-wide\" style=\"background-color:#e8ecf5;color:#e8ecf5\"\/>\n\n\n\n<div style=\"height:25px\" aria-hidden=\"true\" class=\"wp-block-spacer\"><\/div>\n\n\n\n<h2 class=\"wp-block-heading\">Solicita\u00e7\u00e3o de Cart\u00e3o Pesquisador &#8211; PROPG (para execu\u00e7\u00e3o do PROAP)<\/h2>\n\n\n\n<div style=\"height:15px\" aria-hidden=\"true\" class=\"wp-block-spacer\"><\/div>\n\n\n\n<ul class=\"wp-block-list\">\n<li><a href=\"https:\/\/ufpr.br\/propg\/wp-content\/uploads\/2025\/10\/resolucao-no-20-25-coplad.pdf\" target=\"_blank\" rel=\"noreferrer noopener\">Resolu\u00e7\u00e3o 20\/2025 \u2013 COPLAD<\/a>\u00a0(institui o Cart\u00e3o Pesquisador na UFPR)<\/li>\n<\/ul>\n\n\n\n<ul class=\"wp-block-list\">\n<li><a href=\"https:\/\/ufpr.br\/propg\/wp-content\/uploads\/2025\/10\/sei_8036520_oficio_1-1.pdf\" target=\"_blank\" rel=\"noreferrer noopener\">Of\u00edcio Circular 001\/2025 \u2013 PROPG<\/a>\u00a0(Regulamenta o Cart\u00e3o Pesquisador no \u00e2mbito da PROPG e para o PROAP)<\/li>\n<\/ul>\n\n\n\n<ul class=\"wp-block-list\">\n<li><a href=\"https:\/\/ufpr.br\/propg\/wp-content\/uploads\/2025\/10\/planilha-planejamento-proap-ppg-2-1.xlsx\" target=\"_blank\" rel=\"noreferrer noopener\">Planilha para Planejamento da Cota PROAP dos PPGs<\/a><\/li>\n<\/ul>\n\n\n\n<ul class=\"wp-block-list\">\n<li><a href=\"https:\/\/ufpr.br\/propg\/wp-content\/uploads\/2025\/10\/687aa2d79ae884-8146527301-propg-solicitacao-de-cartao-pesquisador-proap.docx\" target=\"_blank\" rel=\"noreferrer noopener\">Formul\u00e1rio de Solicita\u00e7\u00e3o do Cart\u00e3o Pesquisador<\/a>\u00a0 PROPG (Formul\u00e1rio SEI \u201cPROPG: Solicita\u00e7\u00e3o de Cart\u00e3o Pesquisador \u2013 PROAP\u201d)<\/li>\n<\/ul>\n\n\n\n<ul class=\"wp-block-list\">\n<li><a href=\"https:\/\/ufpr.br\/propg\/wp-content\/uploads\/2025\/10\/687aa2d7986479-4107596402-propg-prestacao-de-contas-cartao-pesquisador-proap.docx\" target=\"_blank\" rel=\"noreferrer noopener\">Formul\u00e1rio de Presta\u00e7\u00e3o de Contas<\/a>\u00a0\u2013 Cart\u00e3o Pesquisador PROPG (Formul\u00e1rio SEI \u201cPROPG: Presta\u00e7\u00e3o de Contas \u2013 Cart\u00e3o Pesquisador \u2013 PROAP\u201d)<\/li>\n<\/ul>\n\n\n\n<ul class=\"wp-block-list\">\n<li><a href=\"https:\/\/ufpr.br\/propg\/wp-content\/uploads\/2025\/10\/687aa2d79596d0-7519245203-propg-relatorio-de-execucao-cartao-pesquisador-proap.docx\" target=\"_blank\" rel=\"noreferrer noopener\">Formul\u00e1rio Relat\u00f3rio de Execu\u00e7\u00e3o<\/a>\u00a0\u2013 Cart\u00e3o Pesquisador PROPG (Formul\u00e1rio SEI \u201cPROPG: Relat\u00f3rio de Execu\u00e7\u00e3o \u2013 Cart\u00e3o Pesquisador \u2013 PROAP\u201d)<\/li>\n<\/ul>\n\n\n\n<div style=\"height:20px\" aria-hidden=\"true\" class=\"wp-block-spacer\"><\/div>\n\n\n\n<hr class=\"wp-block-separator has-text-color has-alpha-channel-opacity has-background is-style-wide\" style=\"background-color:#e8ecf5;color:#e8ecf5\"\/>\n\n\n\n<div style=\"height:25px\" aria-hidden=\"true\" class=\"wp-block-spacer\"><\/div>\n\n\n\n<p>Abaixo, est\u00e3o os links com orienta\u00e7\u00f5es para abertura de cada tipo de processo de aquisi\u00e7\u00e3o de bens\/materiais\/servi\u00e7os, com execu\u00e7\u00e3o via UCEO\/PROPG (n\u00e3o \u00e9 aplic\u00e1vel para execu\u00e7\u00e3o de demandas via FUNPAR ou Cart\u00e3o Pesquisador):<\/p>\n\n\n\n<div style=\"height:25px\" aria-hidden=\"true\" class=\"wp-block-spacer\"><\/div>\n\n\n\n<div class=\"wp-block-columns has-background is-layout-flex wp-container-core-columns-is-layout-9d6595d7 wp-block-columns-is-layout-flex\" style=\"background-color:#e8ecf5\">\n<div class=\"wp-block-column has-background is-layout-flow wp-block-column-is-layout-flow\" style=\"background-color:#e8ecf5;flex-basis:50%\">\n<div style=\"height:25px\" aria-hidden=\"true\" class=\"wp-block-spacer\"><\/div>\n\n\n\n<div class=\"wp-block-columns is-not-stacked-on-mobile is-layout-flex wp-container-core-columns-is-layout-9d6595d7 wp-block-columns-is-layout-flex\">\n<div class=\"wp-block-column has-white-background-color has-text-color has-background has-link-color wp-elements-3770e98f13e25c5f7ba1c17f004bab8c is-layout-flow wp-block-column-is-layout-flow\" style=\"color:#003c71\">\n<div style=\"height:20px\" aria-hidden=\"true\" class=\"wp-block-spacer\"><\/div>\n\n\n<div class=\"wp-block-image is-style-default\">\n<figure class=\"aligncenter size-full is-resized\"><a href=\"https:\/\/ufpr.br\/propg\/uceo\/compras\/pregao-eletronico\/\"><img decoding=\"async\" src=\"https:\/\/ufpr.br\/propg\/wp-content\/uploads\/2025\/07\/Icone_PregaoEletronico_Rosa.png\" alt=\"\" class=\"wp-image-11490\" style=\"object-fit:cover;width:70px;height:70px\"\/><\/a><\/figure><\/div>\n\n\n<p class=\"has-text-align-center has-text-color has-link-color wp-elements-e58f5ca2f4ca1304be1ba8af6c1845e7\" style=\"color:#243673;font-size:14px\"><strong><a href=\"https:\/\/ufpr.br\/propg\/uceo\/compras\/pregao-eletronico\/\">Preg\u00e3o Eletr\u00f4nico<\/a><\/strong><\/p>\n<\/div>\n\n\n\n<div class=\"wp-block-column has-white-background-color has-text-color has-background has-link-color wp-elements-4cd97a925438d84b7f176f670517c5b3 is-layout-flow wp-block-column-is-layout-flow\" style=\"color:#003c71\">\n<div style=\"height:20px\" aria-hidden=\"true\" class=\"wp-block-spacer\"><\/div>\n\n\n<div class=\"wp-block-image is-style-default\">\n<figure class=\"aligncenter size-full is-resized\" id=\"topo\"><a href=\"https:\/\/ufpr.br\/propg\/uceo\/compras\/material-de-consumo\/\"><img decoding=\"async\" src=\"https:\/\/ufpr.br\/propg\/wp-content\/uploads\/2025\/07\/Icone_MaterialConsumo_Rosa.png\" alt=\"\" class=\"wp-image-11494\" style=\"object-fit:cover;width:70px;height:70px\"\/><\/a><\/figure><\/div>\n\n\n<p class=\"has-text-align-center has-text-color has-link-color wp-elements-cf42e1d3c71ab7213f9a9ef3ce8d2640\" style=\"color:#243673;font-size:14px\"><a href=\"https:\/\/ufpr.br\/propg\/uceo\/compras\/material-de-consumo\/\"><strong>Material de Consumo <\/strong><br><strong>(via Dispensa)<\/strong><\/a><\/p>\n\n\n\n<div style=\"height:10px\" aria-hidden=\"true\" class=\"wp-block-spacer\"><\/div>\n<\/div>\n<\/div>\n<\/div>\n\n\n\n<div class=\"wp-block-column has-background is-layout-flow wp-block-column-is-layout-flow\" style=\"background-color:#e8ecf5;flex-basis:50%\">\n<div style=\"height:25px\" aria-hidden=\"true\" class=\"wp-block-spacer\"><\/div>\n\n\n\n<div class=\"wp-block-columns is-not-stacked-on-mobile is-layout-flex wp-container-core-columns-is-layout-9d6595d7 wp-block-columns-is-layout-flex\">\n<div class=\"wp-block-column has-white-background-color has-text-color has-background has-link-color wp-elements-0dcfcf783a0fb8529878cb061da9a336 is-layout-flow wp-block-column-is-layout-flow\" style=\"color:#003c71\">\n<div style=\"height:20px\" aria-hidden=\"true\" class=\"wp-block-spacer\"><\/div>\n\n\n<div class=\"wp-block-image is-style-default\">\n<figure class=\"aligncenter size-full is-resized\"><a href=\"https:\/\/ufpr.br\/propg\/uceo\/compras\/material-permanente\/\"><img decoding=\"async\" src=\"https:\/\/ufpr.br\/propg\/wp-content\/uploads\/2025\/07\/Icone_MaterialPermanente_Rosa.png\" alt=\"\" class=\"wp-image-11496\" style=\"width:80px\"\/><\/a><\/figure><\/div>\n\n\n<p class=\"has-text-align-center has-text-color has-link-color wp-elements-4e9d67e41ecbddbeb773dc246f49a370\" style=\"color:#243673;font-size:14px\"><a href=\"https:\/\/ufpr.br\/propg\/uceo\/compras\/material-permanente\/\"><strong>Material Permanente <\/strong><br><strong>(via Dispensa)<\/strong><\/a><\/p>\n<\/div>\n\n\n\n<div class=\"wp-block-column has-white-background-color has-text-color has-background has-link-color wp-elements-1e1696d6c42b1737e1ad54fe22d94ee5 is-layout-flow wp-block-column-is-layout-flow\" style=\"color:#003c71\">\n<div style=\"height:20px\" aria-hidden=\"true\" class=\"wp-block-spacer\"><\/div>\n\n\n<div class=\"wp-block-image is-style-default\">\n<figure class=\"aligncenter size-full is-resized\" id=\"topo\"><a href=\"https:\/\/ufpr.br\/propg\/uceo\/compras\/servicos-de-terceiros\/\"><img decoding=\"async\" src=\"https:\/\/ufpr.br\/propg\/wp-content\/uploads\/2025\/07\/Icone_ServicosTerceiros_Rosa.png\" alt=\"\" class=\"wp-image-11516\" style=\"object-fit:cover;width:70px;height:70px\"\/><\/a><\/figure><\/div>\n\n\n<p class=\"has-text-align-center has-text-color has-link-color wp-elements-ada592c387702a6290b7101901368fe2\" style=\"color:#243673;font-size:14px\"><a href=\"https:\/\/ufpr.br\/propg\/uceo\/compras\/servicos-de-terceiros\/\"><strong>Servi\u00e7os de Terceiros <\/strong><br><strong>(via Dispensa)<\/strong><\/a><\/p>\n<\/div>\n<\/div>\n<\/div>\n<\/div>\n\n\n\n<div class=\"wp-block-columns has-background is-layout-flex wp-container-core-columns-is-layout-9d6595d7 wp-block-columns-is-layout-flex\" style=\"background-color:#e8ecf5\">\n<div class=\"wp-block-column has-background is-layout-flow wp-block-column-is-layout-flow\" style=\"background-color:#e8ecf5;flex-basis:50%\">\n<div style=\"height:25px\" aria-hidden=\"true\" class=\"wp-block-spacer\"><\/div>\n\n\n\n<div class=\"wp-block-columns is-not-stacked-on-mobile is-layout-flex wp-container-core-columns-is-layout-9d6595d7 wp-block-columns-is-layout-flex\">\n<div class=\"wp-block-column has-white-background-color has-text-color has-background has-link-color wp-elements-84e08222f4db22be620cd56e1848fa4f is-layout-flow wp-block-column-is-layout-flow\" style=\"color:#003c71\">\n<div style=\"height:20px\" aria-hidden=\"true\" class=\"wp-block-spacer\"><\/div>\n\n\n<div class=\"wp-block-image is-style-default\">\n<figure class=\"aligncenter size-full is-resized\"><a href=\"https:\/\/ufpr.br\/propg\/uceo\/compras\/inexigibilidade\/\"><img decoding=\"async\" src=\"https:\/\/ufpr.br\/propg\/wp-content\/uploads\/2025\/07\/Icone_ComprasInexigibilidade_Rosa.png\" alt=\"\" class=\"wp-image-11522\" style=\"object-fit:cover;width:70px;height:70px\"\/><\/a><\/figure><\/div>\n\n\n<p class=\"has-text-align-center has-text-color has-link-color wp-elements-35cd7d77c16b9a3b12b3d19bc171526a\" style=\"color:#243673;font-size:14px\"><strong><a href=\"https:\/\/ufpr.br\/propg\/uceo\/compras\/inexigibilidade\/\">Inexigibilidade<\/a><\/strong><\/p>\n<\/div>\n\n\n\n<div class=\"wp-block-column has-white-background-color has-text-color has-background has-link-color wp-elements-eb50be16aab0d7bd1231ffc3c362c84a is-layout-flow wp-block-column-is-layout-flow\" style=\"color:#003c71\">\n<div style=\"height:20px\" aria-hidden=\"true\" class=\"wp-block-spacer\"><\/div>\n\n\n<div class=\"wp-block-image is-style-default\">\n<figure class=\"aligncenter size-full is-resized\" id=\"topo\"><a href=\"https:\/\/ufpr.br\/propg\/uceo\/compras\/pagamento-de-taxa-de-inscricao-em-eventos-docentes\/\"><img decoding=\"async\" src=\"https:\/\/ufpr.br\/propg\/wp-content\/uploads\/2025\/07\/Icone_PagamentoTaxas_Rosa.png\" alt=\"\" class=\"wp-image-11525\" style=\"object-fit:cover;width:70px;height:70px\"\/><\/a><\/figure><\/div>\n\n\n<p class=\"has-text-align-center has-text-color has-link-color wp-elements-887f4250efdb65ae611af08d0e6794e2\" style=\"color:#243673;font-size:14px\"><a href=\"https:\/\/ufpr.br\/propg\/uceo\/compras\/pagamento-de-taxa-de-inscricao-em-eventos-docentes\/\"><strong>Pagamento de Taxa de <\/strong><br><strong>Inscri\u00e7\u00e3o em Eventos <\/strong><br><strong>(para docentes)<\/strong><\/a><\/p>\n<\/div>\n<\/div>\n<\/div>\n\n\n\n<div class=\"wp-block-column has-background is-layout-flow wp-block-column-is-layout-flow\" style=\"background-color:#e8ecf5;flex-basis:50%\">\n<div style=\"height:25px\" aria-hidden=\"true\" class=\"wp-block-spacer\"><\/div>\n\n\n\n<div class=\"wp-block-columns is-not-stacked-on-mobile is-layout-flex wp-container-core-columns-is-layout-9d6595d7 wp-block-columns-is-layout-flex\">\n<div class=\"wp-block-column has-white-background-color has-text-color has-background has-link-color wp-elements-2ee7fb12c5aa7fcf40eb9feb2f15c6e4 is-layout-flow wp-block-column-is-layout-flow\" style=\"color:#003c71\">\n<div style=\"height:20px\" aria-hidden=\"true\" class=\"wp-block-spacer\"><\/div>\n\n\n<div class=\"wp-block-image is-style-default\">\n<figure class=\"aligncenter size-full is-resized\"><a href=\"https:\/\/ufpr.br\/propg\/uceo\/compras\/ressarcimentos\/\"><img decoding=\"async\" src=\"https:\/\/ufpr.br\/propg\/wp-content\/uploads\/2025\/07\/Icone_Ressarcimentos_Rosa.png\" alt=\"\" class=\"wp-image-11529\" style=\"width:80px\"\/><\/a><\/figure><\/div>\n\n\n<p class=\"has-text-align-center has-text-color has-link-color wp-elements-828295b3e6234d6bb467beba07cb3869\" style=\"color:#243673;font-size:14px\"><strong><a href=\"https:\/\/ufpr.br\/propg\/uceo\/compras\/ressarcimentos\/\">Ressarcimentos<\/a><\/strong><\/p>\n<\/div>\n\n\n\n<div class=\"wp-block-column has-white-background-color has-text-color has-background has-link-color wp-elements-36003364f978cab2e05964153bb12a8a is-layout-flow wp-block-column-is-layout-flow\" style=\"color:#003c71\">\n<div style=\"height:20px\" aria-hidden=\"true\" class=\"wp-block-spacer\"><\/div>\n\n\n<div class=\"wp-block-image is-style-default\">\n<figure class=\"aligncenter size-full is-resized\" id=\"topo\"><a href=\"https:\/\/ufpr.br\/propg\/uceo\/compras\/servico-de-coffee-break\/\"><img decoding=\"async\" src=\"https:\/\/ufpr.br\/propg\/wp-content\/uploads\/2025\/07\/Icone_CoffeBreak_Rosa.png\" alt=\"\" class=\"wp-image-11535\" style=\"object-fit:cover;width:70px;height:70px\"\/><\/a><\/figure><\/div>\n\n\n<p class=\"has-text-align-center has-text-color has-link-color wp-elements-f87ad19aa6380fb151cd9def8a3370b2\" style=\"color:#243673;font-size:14px\"><a href=\"https:\/\/ufpr.br\/propg\/uceo\/compras\/servico-de-coffee-break\/\"><strong>Servi\u00e7o de <\/strong><br><strong>Coffee Break<\/strong><\/a><\/p>\n\n\n\n<div style=\"height:25px\" aria-hidden=\"true\" class=\"wp-block-spacer\"><\/div>\n<\/div>\n<\/div>\n<\/div>\n<\/div>\n\n\n\n<hr class=\"wp-block-separator has-text-color has-alpha-channel-opacity has-background is-style-wide\" style=\"background-color:#e8ecf5;color:#e8ecf5\"\/>\n\n\n\n<p class=\"has-text-color has-link-color wp-elements-16631d866001ae142cbdd3786f7ccd26\" style=\"color:#243673\"><strong><a title=\"\" href=\"#topo\">Voltar ao topo<\/a><\/strong><\/p>\n<\/div>\n\n\n\n<div class=\"wp-block-column is-layout-flow wp-block-column-is-layout-flow\" style=\"flex-basis:4%\"><\/div>\n<\/div>\n","protected":false},"excerpt":{"rendered":"<p>Orienta\u00e7\u00f5es para solicita\u00e7\u00e3o de Compras de Bens ou Servi\u00e7os Desde 1\u00ba de abril de 2023, os processos de compras de materiais de consumo, materiais permanentes e de servi\u00e7os via preg\u00e3o, dispensa, inexigibilidade e importa\u00e7\u00e3o s\u00e3o regidos pela Lei 14.133\/2021 (em substitui\u00e7\u00e3o \u00e0 Lei 8.666\/1993), com disposi\u00e7\u00f5es das Instru\u00e7\u00f5es Normativas&nbsp;065\/2021&nbsp;e&nbsp;067\/2021&nbsp;do Minist\u00e9rio da Economia. Em rela\u00e7\u00e3o especificamente [&hellip;]<\/p>\n","protected":false},"author":5,"featured_media":0,"parent":2700,"menu_order":0,"comment_status":"closed","ping_status":"closed","template":"","meta":{"footnotes":""},"class_list":["post-7075","page","type-page","status-publish","hentry"],"_links":{"self":[{"href":"https:\/\/ufpr.br\/propg\/wp-json\/wp\/v2\/pages\/7075","targetHints":{"allow":["GET"]}}],"collection":[{"href":"https:\/\/ufpr.br\/propg\/wp-json\/wp\/v2\/pages"}],"about":[{"href":"https:\/\/ufpr.br\/propg\/wp-json\/wp\/v2\/types\/page"}],"author":[{"embeddable":true,"href":"https:\/\/ufpr.br\/propg\/wp-json\/wp\/v2\/users\/5"}],"replies":[{"embeddable":true,"href":"https:\/\/ufpr.br\/propg\/wp-json\/wp\/v2\/comments?post=7075"}],"version-history":[{"count":72,"href":"https:\/\/ufpr.br\/propg\/wp-json\/wp\/v2\/pages\/7075\/revisions"}],"predecessor-version":[{"id":46926,"href":"https:\/\/ufpr.br\/propg\/wp-json\/wp\/v2\/pages\/7075\/revisions\/46926"}],"up":[{"embeddable":true,"href":"https:\/\/ufpr.br\/propg\/wp-json\/wp\/v2\/pages\/2700"}],"wp:attachment":[{"href":"https:\/\/ufpr.br\/propg\/wp-json\/wp\/v2\/media?parent=7075"}],"curies":[{"name":"wp","href":"https:\/\/api.w.org\/{rel}","templated":true}]}}