{"id":6675,"date":"2025-06-18T09:55:57","date_gmt":"2025-06-18T12:55:57","guid":{"rendered":"https:\/\/ufpr.br\/?page=6675"},"modified":"2025-12-23T16:27:00","modified_gmt":"2025-12-23T19:27:00","slug":"saldos-proap","status":"publish","type":"page","link":"https:\/\/ufpr.br\/propg\/uceo\/saldos-proap\/","title":{"rendered":"Saldos e Informa\u00e7\u00f5es &#8211; PROAP"},"content":{"rendered":"\n<div style=\"height:50px\" aria-hidden=\"true\" class=\"wp-block-spacer\"><\/div>\n\n\n\n<div class=\"wp-block-columns is-layout-flex wp-container-core-columns-is-layout-9d6595d7 wp-block-columns-is-layout-flex\">\n<div class=\"wp-block-column is-layout-flow wp-block-column-is-layout-flow\" style=\"flex-basis:15%\"><div class=\"wp-block-image\">\n<figure class=\"aligncenter size-full is-resized\" id=\"topo\"><img decoding=\"async\" src=\"https:\/\/ufpr.br\/propg\/wp-content\/uploads\/2025\/06\/Icone_Saldos_Rosa.png\" alt=\"\" class=\"wp-image-9854\" style=\"width:100px\"\/><\/figure><\/div><\/div>\n\n\n\n<div class=\"wp-block-column is-layout-flow wp-block-column-is-layout-flow\" style=\"flex-basis:1%\"><\/div>\n\n\n\n<div class=\"wp-block-column is-layout-flow wp-block-column-is-layout-flow\" style=\"flex-basis:80%\">\n<blockquote class=\"wp-block-quote is-layout-flow wp-block-quote-is-layout-flow\">\n<p>O PROAP\/CAPES promove a forma\u00e7\u00e3o de recursos humanos de alto n\u00edvel, atendendo a necessidades espec\u00edficas das institui\u00e7\u00f5es p\u00fablicas que oferecem programas de P\u00f3s-gradua\u00e7\u00e3o Stricto Sensu (mestrado e doutorado). Para verificar detalhes do PROAP e regulamento, consulte o seguinte&nbsp;<a href=\"https:\/\/www.gov.br\/capes\/pt-br\/acesso-a-informacao\/acoes-e-programas\/bolsas\/bolsas-no-pais\/proap\" target=\"_blank\" rel=\"noreferrer noopener\">link<\/a>.<\/p>\n<\/blockquote>\n\n\n\n<div style=\"height:40px\" aria-hidden=\"true\" class=\"wp-block-spacer\"><\/div>\n\n\n\n<p>O Programa de Apoio \u00e0 P\u00f3s-Gradua\u00e7\u00e3o (PROAP) \u00e9 regulamentado pela\u202f<a href=\"http:\/\/www.ieb.usp.br\/wp-content\/uploads\/sites\/127\/2016\/05\/PROAP-PORTARIA-CAPES-156-de-28-novembro-2014.pdf\" target=\"_blank\" rel=\"noreferrer noopener\">Portaria N\u00b0 156, de 28 de novembro de 2014<\/a>\u202f do Governo Federal e se destina a proporcionar melhores condi\u00e7\u00f5es aos cursos de p\u00f3s-gradua\u00e7\u00e3o mantidos por institui\u00e7\u00f5es p\u00fablicas.&nbsp;&nbsp;<\/p>\n\n\n\n<p>A UCEO\/PROPG realiza a execu\u00e7\u00e3o dos recursos para os Programas de P\u00f3s Gradua\u00e7\u00e3o avaliados com notas 4 ou 5 pela CAPES. Os PPGs com notas 6 e 7 s\u00e3o financiados pelo PROEX, cuja a execu\u00e7\u00e3o \u00e9 feita pelos pr\u00f3prios coordenadores dos PPGs (a UCEO\/PRPOG n\u00e3o participa desta execu\u00e7\u00e3o).\u00a0<\/p>\n\n\n\n<div style=\"height:25px\" aria-hidden=\"true\" class=\"wp-block-spacer\"><\/div>\n\n\n\n<hr class=\"wp-block-separator has-text-color has-alpha-channel-opacity has-background is-style-wide\" style=\"background-color:#e8ecf5;color:#e8ecf5\"\/>\n\n\n\n<h2 class=\"wp-block-heading\">S\u00e3o despesas executadas com recursos PROAP:&nbsp;<\/h2>\n\n\n\n<div style=\"height:25px\" aria-hidden=\"true\" class=\"wp-block-spacer\"><\/div>\n\n\n\n<ul class=\"wp-block-list\">\n<li>Passagens A\u00e9reas Nacionais e Internacionais;&nbsp;<\/li>\n<\/ul>\n\n\n\n<ul class=\"wp-block-list\">\n<li>Passagens Rodovi\u00e1rias;&nbsp;<\/li>\n<\/ul>\n\n\n\n<ul class=\"wp-block-list\">\n<li>Di\u00e1rias Nacionais e Internacionais para servidores;&nbsp;<\/li>\n<\/ul>\n\n\n\n<ul class=\"wp-block-list\">\n<li>Di\u00e1rias para Colaboradores Eventuais;&nbsp;<\/li>\n<\/ul>\n\n\n\n<ul class=\"wp-block-list\">\n<li>Aux\u00edlio Financeiro a Estudante;&nbsp;<\/li>\n<\/ul>\n\n\n\n<ul class=\"wp-block-list\">\n<li>Aux\u00edlio Financeiro a Pesquisador;&nbsp;<\/li>\n<\/ul>\n\n\n\n<ul class=\"wp-block-list\">\n<li>Aquisi\u00e7\u00e3o de Materiais de Consumo;&nbsp;<\/li>\n<\/ul>\n\n\n\n<ul class=\"wp-block-list\">\n<li>Aquisi\u00e7\u00e3o de Servi\u00e7os de Terceiros.&nbsp;<\/li>\n<\/ul>\n\n\n\n<hr class=\"wp-block-separator has-text-color has-alpha-channel-opacity has-background is-style-wide\" style=\"background-color:#e8ecf5;color:#e8ecf5\"\/>\n\n\n\n<p>N\u00e3o s\u00e3o executadas compras de Materiais Permanentes\/Equipamentos.&nbsp;<\/p>\n\n\n\n<hr class=\"wp-block-separator has-text-color has-alpha-channel-opacity has-background is-style-wide\" style=\"background-color:#e8ecf5;color:#e8ecf5\"\/>\n\n\n\n<p><strong>OBS<\/strong>: Para aquisi\u00e7\u00e3o de servi\u00e7os de Coffee-Break, \u00e9 necess\u00e1rio anexar justificativa da pertin\u00eancia da despesa e sua ader\u00eancia \u00e0 atividade acad\u00eamica. Tal justificativa deve ser elaborada pelo solicitante e ser\u00e1 submetida \u00e0 an\u00e1lise\/aprova\u00e7\u00e3o pelo Pr\u00f3 Reitor da PROPG.\u00a0<\/p>\n\n\n\n<hr class=\"wp-block-separator has-text-color has-alpha-channel-opacity has-background is-style-wide\" style=\"background-color:#e8ecf5;color:#e8ecf5\"\/>\n\n\n\n<div style=\"height:20px\" aria-hidden=\"true\" class=\"wp-block-spacer\"><\/div>\n\n\n\n<hr class=\"wp-block-separator has-alpha-channel-opacity is-style-dots\"\/>\n\n\n\n<div style=\"height:25px\" aria-hidden=\"true\" class=\"wp-block-spacer\"><\/div>\n\n\n\n<h2 class=\"wp-block-heading has-text-align-left has-background has-medium-font-size\" style=\"background-color:#e8ecf5\">DOCUMENTOS IMPORTANTES<\/h2>\n\n\n\n<hr class=\"wp-block-separator has-text-color has-alpha-channel-opacity has-background is-style-wide\" style=\"background-color:#e8ecf5;color:#e8ecf5\"\/>\n\n\n\n<p><a href=\"https:\/\/ufpr.br\/propg\/wp-content\/uploads\/2025\/10\/instrucao-normativa-01-2025-propg-auxilio-a-estudante.pdf\" target=\"_blank\" rel=\"noreferrer noopener\">INSTRU\u00c7\u00c3O NORMATIVA 01\/2025 \u2013 UCEO\/PROPG \u2013 Aux\u00edlio Financeiro a Estudantes<\/a>\u00a0(publicado em 09\/09\/2025)<\/p>\n\n\n\n<p><a href=\"https:\/\/ufpr.br\/propg\/wp-content\/uploads\/2025\/06\/sei_7612913_instrucao_normativa-1.pdf\" target=\"_blank\" rel=\"noreferrer noopener\">INSTRU\u00c7\u00c3O NORMATIVA 01\/2025 \u2013 CLIC\/PROAD<\/a>\u00a0\u2013 Processos de Dispensa de Licita\u00e7\u00e3o\/Inexigibilidade sob a Nova Lei de Licita\u00e7\u00f5es \u2013 Lei 14.133\/2021 no \u00e2mbito da UFPR (em vigor desde 01\/04\/2025)<\/p>\n\n\n\n<hr class=\"wp-block-separator has-text-color has-alpha-channel-opacity has-background is-style-wide\" style=\"background-color:#e8ecf5;color:#e8ecf5\"\/>\n\n\n\n<p><a href=\"https:\/\/ufpr.br\/propg\/uceo\/compras\/\" target=\"_blank\" rel=\"noreferrer noopener\">Orienta\u00e7\u00f5es para processos de Aquisi\u00e7\u00e3o de Bens\/Servi\u00e7os<\/a>\u00a0(Execu\u00e7\u00e3o via UFPR)<\/p>\n\n\n\n<div style=\"height:20px\" aria-hidden=\"true\" class=\"wp-block-spacer\"><\/div>\n\n\n\n<hr class=\"wp-block-separator has-alpha-channel-opacity is-style-dots\"\/>\n\n\n\n<div style=\"height:25px\" aria-hidden=\"true\" class=\"wp-block-spacer\"><\/div>\n\n\n\n<h2 class=\"wp-block-heading has-text-align-left has-background has-medium-font-size\" style=\"background-color:#e8ecf5\">SOLICITA\u00c7\u00c3O DE CART\u00c3O PESQUISADOR &#8211; PROPG (EXCLUSIVAMENTE PROAP)<\/h2>\n\n\n\n<hr class=\"wp-block-separator has-text-color has-alpha-channel-opacity has-background is-style-wide\" style=\"background-color:#e8ecf5;color:#e8ecf5\"\/>\n\n\n\n<ul class=\"wp-block-list\">\n<li><a href=\"https:\/\/ufpr.br\/propg\/wp-content\/uploads\/2025\/10\/resolucao-no-20-25-coplad.pdf\" target=\"_blank\" rel=\"noreferrer noopener\">Resolu\u00e7\u00e3o 20\/2025 \u2013 COPLAD<\/a>\u00a0(institui o Cart\u00e3o Pesquisador na UFPR)<\/li>\n<\/ul>\n\n\n\n<ul class=\"wp-block-list\">\n<li><a href=\"https:\/\/ufpr.br\/propg\/wp-content\/uploads\/2025\/10\/sei_8036520_oficio_1-1.pdf\" target=\"_blank\" rel=\"noreferrer noopener\">Of\u00edcio Circular 001\/2025 \u2013 PROPG<\/a>\u00a0(Regulamenta o Cart\u00e3o Pesquisador no \u00e2mbito da PROPG e para o PROAP)<\/li>\n<\/ul>\n\n\n\n<ul class=\"wp-block-list\">\n<li><a href=\"https:\/\/ufpr.br\/propg\/wp-content\/uploads\/2025\/10\/planilha-planejamento-proap-ppg-2-1.xlsx\" target=\"_blank\" rel=\"noreferrer noopener\">Planilha para Planejamento da Cota PROAP dos PPGs<\/a><\/li>\n<\/ul>\n\n\n\n<ul class=\"wp-block-list\">\n<li><strong>Solicita\u00e7\u00e3o do Cart\u00e3o Pesquisador<\/strong> \u2013 Formul\u00e1rio SEI \u201c<strong>PROPG: Cart\u00e3o PROAP \u2013 Solicita\u00e7\u00e3o Cart\u00e3o<\/strong>\u201d<\/li>\n<\/ul>\n\n\n\n<ul class=\"wp-block-list\">\n<li><strong>Presta\u00e7\u00e3o de Contas<\/strong> \u2013 Formul\u00e1rio SEI \u201c<strong>PROPG: Cart\u00e3o PROAP \u2013 Presta\u00e7\u00e3o de Contas<\/strong>\u201d<\/li>\n<\/ul>\n\n\n\n<ul class=\"wp-block-list\">\n<li><strong>Relat\u00f3rio de Execu\u00e7\u00e3o<\/strong>\u00a0\u2013 Formul\u00e1rio SEI \u201c<strong>PROPG: Cart\u00e3o PROAP \u2013 Relat\u00f3rio de Execu\u00e7\u00e3o<\/strong>\u201d<\/li>\n<\/ul>\n\n\n\n<div style=\"height:20px\" aria-hidden=\"true\" class=\"wp-block-spacer\"><\/div>\n\n\n\n<h2 class=\"wp-block-heading\">Tutoriais<\/h2>\n\n\n\n<div style=\"height:15px\" aria-hidden=\"true\" class=\"wp-block-spacer\"><\/div>\n\n\n\n<ul class=\"wp-block-list\">\n<li><a href=\"https:\/\/ufprbr0-my.sharepoint.com\/:v:\/g\/personal\/dalglish_fernando_ufpr_br\/ETBL5Voi0WJFp4K68eYD-5IBI21b3Y6sSoZbmSunsCFozA?e=TDZ0so\" target=\"_blank\" rel=\"noreferrer noopener\">Abertura e Instru\u00e7\u00e3o do processo de solicita\u00e7\u00e3o do Cart\u00e3o Pesquisador<\/a><\/li>\n<\/ul>\n\n\n\n<ul class=\"wp-block-list\">\n<li><a href=\"https:\/\/ufprbr0-my.sharepoint.com\/:v:\/g\/personal\/dalglish_fernando_ufpr_br\/EUQUDdiVwcRFrbSkkmiANKcB044QzC4hd6xYdSwhFdZjOA?e=9QQpcB\" target=\"_blank\" rel=\"noreferrer noopener\">Preenchimento da planilha de aplica\u00e7\u00e3o financeira \u2013 PROAP (Exclusivamente despesas do Cart\u00e3o Pesquisador)<\/a><\/li>\n<\/ul>\n\n\n\n<hr class=\"wp-block-separator has-text-color has-alpha-channel-opacity has-background is-style-wide\" style=\"background-color:#e8ecf5;color:#e8ecf5\"\/>\n\n\n\n<div style=\"height:20px\" aria-hidden=\"true\" class=\"wp-block-spacer\"><\/div>\n\n\n\n<hr class=\"wp-block-separator has-alpha-channel-opacity is-style-dots\"\/>\n\n\n\n<div style=\"height:25px\" aria-hidden=\"true\" class=\"wp-block-spacer\"><\/div>\n\n\n\n<div class=\"wp-block-columns is-layout-flex wp-container-core-columns-is-layout-9d6595d7 wp-block-columns-is-layout-flex\">\n<div class=\"wp-block-column has-background is-layout-flow wp-block-column-is-layout-flow\" style=\"background-color:#f0f0f0\">\n<hr class=\"wp-block-separator has-text-color has-white-color has-alpha-channel-opacity has-white-background-color has-background is-style-wide\"\/>\n\n\n\n<h2 class=\"wp-block-heading has-background has-medium-font-size\" style=\"background-color:#f1f1f1\">Cronograma de Encerramento do Exerc\u00edcio Financeiro 2025 <br>PRAZOS FINAIS<\/h2>\n\n\n\n<hr class=\"wp-block-separator has-text-color has-white-color has-alpha-channel-opacity has-white-background-color has-background is-style-wide\"\/>\n\n\n\n<ul class=\"wp-block-list\">\n<li><strong><mark style=\"background-color:rgba(0, 0, 0, 0)\" class=\"has-inline-color has-vivid-red-color\">10\/10\/2025<\/mark><\/strong>: Para as solicita\u00e7\u00f5es de compras via Dispensa ou Inexigibilidade (para execu\u00e7\u00e3o via UFPR) &#8211; <strong><mark style=\"background-color:rgba(0, 0, 0, 0)\" class=\"has-inline-color has-vivid-red-color\">ENCERRADO<\/mark><\/strong>;<\/li>\n<\/ul>\n\n\n\n<ul class=\"wp-block-list\">\n<li><strong><mark style=\"background-color:rgba(0, 0, 0, 0)\" class=\"has-inline-color has-vivid-red-color\">24\/10\/2025<\/mark><\/strong>: Para as solicita\u00e7\u00f5es de aquisi\u00e7\u00e3o interna na UFPR (CENTRAN, Almoxarifado, etc.) &#8211; <strong><mark style=\"background-color:rgba(0, 0, 0, 0)\" class=\"has-inline-color has-vivid-red-color\">ENCERRADO<\/mark><\/strong>;<\/li>\n<\/ul>\n\n\n\n<ul class=\"wp-block-list\">\n<li><strong><mark style=\"background-color:rgba(0, 0, 0, 0)\" class=\"has-inline-color has-vivid-red-color\">24\/10\/2025<\/mark><\/strong>: Para as solicita\u00e7\u00f5es de compras via Preg\u00e3o Eletr\u00f4nico (para execu\u00e7\u00e3o via UFPR) &#8211; <strong><mark style=\"background-color:rgba(0, 0, 0, 0)\" class=\"has-inline-color has-vivid-red-color\">ENCERRADO<\/mark><\/strong>;<\/li>\n<\/ul>\n\n\n\n<ul class=\"wp-block-list\">\n<li><strong><mark style=\"background-color:rgba(0, 0, 0, 0)\" class=\"has-inline-color has-vivid-red-color\">24\/10\/2025<\/mark><\/strong>: Para os pedidos de Ressarcimentos e Aux\u00edlio Financeiro a Estudante\/Pesquisador para eventos ocorridos entre 01\/01\/2025 e 31\/08\/2025 &#8211; <strong><mark style=\"background-color:rgba(0, 0, 0, 0)\" class=\"has-inline-color has-vivid-red-color\">ENCERRADO<\/mark><\/strong>;<\/li>\n<\/ul>\n\n\n\n<ul class=\"wp-block-list\">\n<li><strong><mark style=\"background-color:rgba(0, 0, 0, 0)\" class=\"has-inline-color has-vivid-red-color\">21\/11\/2025<\/mark><\/strong>: Data final para o recebimento de bens, materiais e servi\u00e7os no ano de 2025 &#8211; <strong><mark style=\"background-color:rgba(0, 0, 0, 0)\" class=\"has-inline-color has-vivid-red-color\">ENCERRADO<\/mark><\/strong>;<\/li>\n<\/ul>\n\n\n\n<ul class=\"wp-block-list\">\n<li><strong><mark style=\"background-color:rgba(0, 0, 0, 0)\" class=\"has-inline-color has-vivid-red-color\">24\/11\/2025<\/mark><\/strong>: Para as solicita\u00e7\u00f5es de Passagens e Di\u00e1rias &#8211; <strong><mark style=\"background-color:rgba(0, 0, 0, 0)\" class=\"has-inline-color has-vivid-red-color\">ENCERRADO<\/mark><\/strong>;<\/li>\n<\/ul>\n\n\n\n<ul class=\"wp-block-list\">\n<li><strong><mark style=\"background-color:rgba(0, 0, 0, 0)\" class=\"has-inline-color has-vivid-red-color\">24\/11\/2025<\/mark><\/strong>: Para as solicita\u00e7\u00f5es de Aux\u00edlio Financeiro a Estudante\/Pesquisador para eventos a ocorrer entre 01\/09\/2025 e 31\/12\/2025 &#8211; <strong><mark style=\"background-color:rgba(0, 0, 0, 0)\" class=\"has-inline-color has-vivid-red-color\">ENCERRADO<\/mark><\/strong>;<\/li>\n<\/ul>\n\n\n\n<ul class=\"wp-block-list\">\n<li><strong><mark style=\"background-color:rgba(0, 0, 0, 0)\" class=\"has-inline-color has-vivid-red-color\">26\/11\/2025<\/mark><\/strong>: Para envio dos processos para pagamento ainda em 2025 &#8211; <strong><mark style=\"background-color:rgba(0, 0, 0, 0)\" class=\"has-inline-color has-vivid-red-color\">ENCERRADO<\/mark><\/strong>;<\/li>\n<\/ul>\n\n\n\n<ul class=\"wp-block-list\">\n<li><strong><mark style=\"background-color:rgba(0, 0, 0, 0)\" class=\"has-inline-color has-vivid-red-color\">27\/11\/2025 a 10\/12\/2025<\/mark><\/strong>: Per\u00edodo para indica\u00e7\u00e3o, pelos PPGs e coordenadores(as) de conv\u00eanios, dos empenhos a serem inscritos em Restos a Pagar (RAP), visando recebimento dos itens em 2026 &#8211; <strong><mark style=\"background-color:rgba(0, 0, 0, 0)\" class=\"has-inline-color has-vivid-red-color\">ENCERRADO<\/mark><\/strong>.<\/li>\n<\/ul>\n\n\n\n<hr class=\"wp-block-separator has-text-color has-white-color has-alpha-channel-opacity has-white-background-color has-background is-style-wide\"\/>\n<\/div>\n<\/div>\n\n\n\n<div class=\"wp-block-columns is-layout-flex wp-container-core-columns-is-layout-9d6595d7 wp-block-columns-is-layout-flex\">\n<div class=\"wp-block-column has-background is-layout-flow wp-block-column-is-layout-flow\" style=\"background-color:#f0f0f0\">\n<hr class=\"wp-block-separator has-text-color has-white-color has-alpha-channel-opacity has-white-background-color has-background is-style-wide\"\/>\n\n\n\n<h2 class=\"wp-block-heading has-background has-medium-font-size\" style=\"background-color:#f1f1f1\">Prazos Adicionais  <br>CART\u00c3O PESQUISADOR PROAP<\/h2>\n\n\n\n<hr class=\"wp-block-separator has-text-color has-white-color has-alpha-channel-opacity has-white-background-color has-background is-style-wide\"\/>\n\n\n\n<ul class=\"wp-block-list\">\n<li><strong><mark style=\"background-color:rgba(0, 0, 0, 0)\" class=\"has-inline-color has-vivid-red-color\">31\/10\/2025<\/mark><\/strong>: Prazo final para solicita\u00e7\u00e3o do Cart\u00e3o ou pedidos de recarga do saldo &#8211; <strong><mark style=\"background-color:rgba(0, 0, 0, 0)\" class=\"has-inline-color has-vivid-red-color\">ENCERRADO<\/mark><\/strong>;<\/li>\n<\/ul>\n\n\n\n<ul class=\"wp-block-list\">\n<li><strong><mark style=\"background-color:rgba(0, 0, 0, 0)\" class=\"has-inline-color has-vivid-red-color\">28\/11\/2025<\/mark><\/strong>: Prazo limite para envio da Presta\u00e7\u00e3o de Contas Parcial do Cart\u00e3o PROAP 2025 \u00e0 UCEO\/PROPG &#8211; <strong><mark style=\"background-color:rgba(0, 0, 0, 0)\" class=\"has-inline-color has-vivid-red-color\">ENCERRADO<\/mark><\/strong>;<\/li>\n<\/ul>\n\n\n\n<ul class=\"wp-block-list\">\n<li><strong>01\/01\/2026 a 20\/03\/2026<\/strong>: Per\u00edodo para utiliza\u00e7\u00e3o do Cart\u00e3o PROAP em 2026, referente ao PROAP 2025;<\/li>\n<\/ul>\n\n\n\n<ul class=\"wp-block-list\">\n<li><strong>31\/03\/2026<\/strong>: Prazo limite para envio da Presta\u00e7\u00e3o de Contas Final do Cart\u00e3o PROAP 2025 \u00e0 UCEO\/PROPG.<\/li>\n<\/ul>\n\n\n\n<hr class=\"wp-block-separator has-text-color has-white-color has-alpha-channel-opacity has-white-background-color has-background is-style-wide\"\/>\n<\/div>\n<\/div>\n\n\n\n<div style=\"height:10px\" aria-hidden=\"true\" class=\"wp-block-spacer\"><\/div>\n\n\n\n<hr class=\"wp-block-separator has-alpha-channel-opacity is-style-dots\"\/>\n\n\n\n<div style=\"height:25px\" aria-hidden=\"true\" class=\"wp-block-spacer\"><\/div>\n\n\n\n<h2 class=\"wp-block-heading has-text-align-left has-background has-medium-font-size\" style=\"background-color:#e8ecf5\">SALDOS<\/h2>\n\n\n\n<hr class=\"wp-block-separator has-text-color has-alpha-channel-opacity has-background is-style-wide\" style=\"background-color:#e8ecf5;color:#e8ecf5\"\/>\n\n\n\n<p><a href=\"https:\/\/ufpr.br\/propg\/wp-content\/uploads\/2025\/12\/proap-07-11-25.xlsx\" target=\"_blank\" rel=\"noreferrer noopener\">Saldos PROAP 2025<\/a>\u00a0\u2013 Atualizado em 07\/11\/2025<\/p>\n\n\n\n<p><a href=\"https:\/\/ufprbr0.sharepoint.com\/:x:\/r\/sites\/UCEOPRPPG\/Documentos%20Compartilhados\/General\/PROAP%202024\/Controle%20Saldos%20PROAP%202024.xlsx?d=wef3b4d47d4c54f63a2ba4072b5093db4&amp;csf=1&amp;web=1&amp;e=By8ctO\">Saldos PROAP 2024<\/a> <mark style=\"background-color:#fcb900\" class=\"has-inline-color\">(pede login UFPR)<\/mark><\/p>\n\n\n\n<p><a href=\"https:\/\/ufprbr0.sharepoint.com\/:x:\/s\/UCEOPRPPG\/EYv_30sDQilMuaqj97sDt7kBxkvdnu6NE6NMsoDR1ByZ3w?e=6HsxEF\">Saldos PROAP 2023<\/a> <mark style=\"background-color:#fcb900\" class=\"has-inline-color\">(pede login UFPR)<\/mark><\/p>\n\n\n\n<p><a href=\"https:\/\/ufpr.br\/propg\/wp-content\/uploads\/2025\/06\/proap-2022.xlsx\" target=\"_blank\" rel=\"noreferrer noopener\">Saldos PROAP 2022<\/a><\/p>\n\n\n\n<p><a href=\"https:\/\/ufpr.br\/propg\/wp-content\/uploads\/2025\/06\/proap-2021-para-site.xlsx\" target=\"_blank\" rel=\"noreferrer noopener\">Saldos PROAP 2021<\/a>&nbsp;<\/p>\n\n\n\n<p><a href=\"https:\/\/ufpr.br\/propg\/wp-content\/uploads\/2025\/06\/proap-2020-1.xlsx\" target=\"_blank\" rel=\"noreferrer noopener\">Saldos PROAP 2020<\/a>&nbsp;<\/p>\n\n\n\n<p><a href=\"https:\/\/ufpr.br\/propg\/wp-content\/uploads\/2025\/06\/proap-2019-1.xlsx\" target=\"_blank\" rel=\"noreferrer noopener\">Saldos PROAP 2019<\/a><\/p>\n\n\n\n<p><a href=\"https:\/\/ufpr.br\/propg\/wp-content\/uploads\/2025\/06\/cpia-de-proap-20-12-atualizado.xlsx\" target=\"_blank\" rel=\"noreferrer noopener\">Saldos PROAP 2018<\/a><\/p>\n\n\n\n<hr class=\"wp-block-separator has-text-color has-alpha-channel-opacity has-background is-style-wide\" style=\"background-color:#e8ecf5;color:#e8ecf5\"\/>\n\n\n\n<p class=\"has-text-color has-link-color wp-elements-35347cca6bfe07bb2bf966001a1b447f\" style=\"color:#243673\"><strong><a href=\"#topo\" title=\"\">Voltar ao topo<\/a><\/strong><\/p>\n<\/div>\n\n\n\n<div class=\"wp-block-column is-layout-flow wp-block-column-is-layout-flow\" style=\"flex-basis:4%\"><\/div>\n<\/div>\n","protected":false},"excerpt":{"rendered":"<p>O PROAP\/CAPES promove a forma\u00e7\u00e3o de recursos humanos de alto n\u00edvel, atendendo a necessidades espec\u00edficas das institui\u00e7\u00f5es p\u00fablicas que oferecem programas de P\u00f3s-gradua\u00e7\u00e3o Stricto Sensu (mestrado e doutorado). Para verificar detalhes do PROAP e regulamento, consulte o seguinte&nbsp;link. O Programa de Apoio \u00e0 P\u00f3s-Gradua\u00e7\u00e3o (PROAP) \u00e9 regulamentado pela\u202fPortaria N\u00b0 156, de 28 de novembro de [&hellip;]<\/p>\n","protected":false},"author":5,"featured_media":0,"parent":2700,"menu_order":0,"comment_status":"closed","ping_status":"closed","template":"","meta":{"footnotes":""},"class_list":["post-6675","page","type-page","status-publish","hentry"],"_links":{"self":[{"href":"https:\/\/ufpr.br\/propg\/wp-json\/wp\/v2\/pages\/6675","targetHints":{"allow":["GET"]}}],"collection":[{"href":"https:\/\/ufpr.br\/propg\/wp-json\/wp\/v2\/pages"}],"about":[{"href":"https:\/\/ufpr.br\/propg\/wp-json\/wp\/v2\/types\/page"}],"author":[{"embeddable":true,"href":"https:\/\/ufpr.br\/propg\/wp-json\/wp\/v2\/users\/5"}],"replies":[{"embeddable":true,"href":"https:\/\/ufpr.br\/propg\/wp-json\/wp\/v2\/comments?post=6675"}],"version-history":[{"count":70,"href":"https:\/\/ufpr.br\/propg\/wp-json\/wp\/v2\/pages\/6675\/revisions"}],"predecessor-version":[{"id":47001,"href":"https:\/\/ufpr.br\/propg\/wp-json\/wp\/v2\/pages\/6675\/revisions\/47001"}],"up":[{"embeddable":true,"href":"https:\/\/ufpr.br\/propg\/wp-json\/wp\/v2\/pages\/2700"}],"wp:attachment":[{"href":"https:\/\/ufpr.br\/propg\/wp-json\/wp\/v2\/media?parent=6675"}],"curies":[{"name":"wp","href":"https:\/\/api.w.org\/{rel}","templated":true}]}}