{"id":6636,"date":"2025-06-17T21:27:01","date_gmt":"2025-06-18T00:27:01","guid":{"rendered":"https:\/\/ufpr.br\/?page=6636"},"modified":"2025-08-12T08:44:26","modified_gmt":"2025-08-12T11:44:26","slug":"turmas-ofertadas","status":"publish","type":"page","link":"https:\/\/ufpr.br\/propg\/cpgss\/turmas-ofertadas\/","title":{"rendered":"Turmas Ofertadas &#8211; Disciplinas Stricto Sensu"},"content":{"rendered":"\n<div style=\"height:50px\" aria-hidden=\"true\" class=\"wp-block-spacer\"><\/div>\n\n\n\n<div class=\"wp-block-columns is-layout-flex wp-container-core-columns-is-layout-9d6595d7 wp-block-columns-is-layout-flex\">\n<div class=\"wp-block-column is-layout-flow wp-block-column-is-layout-flow\" style=\"flex-basis:20%\"><div class=\"wp-block-image\">\n<figure class=\"aligncenter size-full is-resized\"><img decoding=\"async\" src=\"https:\/\/ufpr.br\/propg\/wp-content\/uploads\/2025\/06\/Icone_Turma_Rosa.png\" alt=\"\" class=\"wp-image-7894\" style=\"width:120px\"\/><\/figure><\/div><\/div>\n\n\n\n<div class=\"wp-block-column is-layout-flow wp-block-column-is-layout-flow\" style=\"flex-basis:70%\">\n<blockquote class=\"wp-block-quote is-layout-flow wp-block-quote-is-layout-flow\">\n<p>Ser\u00e1 poss\u00edvel filtrar os resultados por programa de p\u00f3s-gradua\u00e7\u00e3o e n\u00edvel (mestrado, doutorado ou ambos) , al\u00e9m de selecionar as turmas que estejam em per\u00edodo de matr\u00edculas ou em per\u00edodo de aulas. Clicando no bot\u00e3o \u201cvisualizar\u201d \u00e9 poss\u00edvel consultar os docentes respons\u00e1veis, a ementa e a bibliografia de cada turma ofertada em determinada disciplina.<\/p>\n<\/blockquote>\n\n\n\n<div style=\"height:50px\" aria-hidden=\"true\" class=\"wp-block-spacer\"><\/div>\n\n\n\n<div class=\"wp-block-buttons is-content-justification-center is-layout-flex wp-container-core-buttons-is-layout-16018d1d wp-block-buttons-is-layout-flex\">\n<div class=\"wp-block-button\"><a class=\"wp-block-button__link has-background wp-element-button\" href=\"https:\/\/siga.ufpr.br\/siga\/visitante\/ConsultarTurmas?operacao=buscarTurmas\" style=\"border-radius:10px;background-color:#a3567f\" target=\"_blank\" rel=\"noreferrer noopener\"><strong>Clique aqui para consultar as turmas ofertadas<\/strong><\/a><\/div>\n<\/div>\n<\/div>\n\n\n\n<div class=\"wp-block-column is-layout-flow wp-block-column-is-layout-flow\" style=\"flex-basis:10%\"><\/div>\n<\/div>\n\n\n\n<p><\/p>\n","protected":false},"excerpt":{"rendered":"<p>Ser\u00e1 poss\u00edvel filtrar os resultados por programa de p\u00f3s-gradua\u00e7\u00e3o e n\u00edvel (mestrado, doutorado ou ambos) , al\u00e9m de selecionar as turmas que estejam em per\u00edodo de matr\u00edculas ou em per\u00edodo de aulas. Clicando no bot\u00e3o \u201cvisualizar\u201d \u00e9 poss\u00edvel consultar os docentes respons\u00e1veis, a ementa e a bibliografia de cada turma ofertada em determinada disciplina.<\/p>\n","protected":false},"author":5,"featured_media":0,"parent":2756,"menu_order":0,"comment_status":"closed","ping_status":"closed","template":"","meta":{"footnotes":""},"class_list":["post-6636","page","type-page","status-publish","hentry"],"_links":{"self":[{"href":"https:\/\/ufpr.br\/propg\/wp-json\/wp\/v2\/pages\/6636","targetHints":{"allow":["GET"]}}],"collection":[{"href":"https:\/\/ufpr.br\/propg\/wp-json\/wp\/v2\/pages"}],"about":[{"href":"https:\/\/ufpr.br\/propg\/wp-json\/wp\/v2\/types\/page"}],"author":[{"embeddable":true,"href":"https:\/\/ufpr.br\/propg\/wp-json\/wp\/v2\/users\/5"}],"replies":[{"embeddable":true,"href":"https:\/\/ufpr.br\/propg\/wp-json\/wp\/v2\/comments?post=6636"}],"version-history":[{"count":17,"href":"https:\/\/ufpr.br\/propg\/wp-json\/wp\/v2\/pages\/6636\/revisions"}],"predecessor-version":[{"id":11511,"href":"https:\/\/ufpr.br\/propg\/wp-json\/wp\/v2\/pages\/6636\/revisions\/11511"}],"up":[{"embeddable":true,"href":"https:\/\/ufpr.br\/propg\/wp-json\/wp\/v2\/pages\/2756"}],"wp:attachment":[{"href":"https:\/\/ufpr.br\/propg\/wp-json\/wp\/v2\/media?parent=6636"}],"curies":[{"name":"wp","href":"https:\/\/api.w.org\/{rel}","templated":true}]}}