{"id":52281,"date":"2026-04-24T11:47:23","date_gmt":"2026-04-24T14:47:23","guid":{"rendered":"https:\/\/ufpr.br\/propg\/?page_id=52281"},"modified":"2026-04-24T16:35:38","modified_gmt":"2026-04-24T19:35:38","slug":"edital-05-2026-propg-sae-e-p4e","status":"publish","type":"page","link":"https:\/\/ufpr.br\/propg\/editais\/edital-05-2026-propg-sae-e-p4e\/","title":{"rendered":"Edital 05\/2026-PROPG\/SAE e P4E"},"content":{"rendered":"\n<p><strong>Programa de Assist\u00eancia Estudantil para a P\u00f3s-Gradua\u00e7\u00e3o Stricto Sensu (PAEPG)<\/strong><\/p>\n\n\n\n<div style=\"height:50px\" aria-hidden=\"true\" class=\"wp-block-spacer\"><\/div>\n\n\n\n<div class=\"wp-block-buttons is-layout-flex wp-block-buttons-is-layout-flex\">\n<div class=\"wp-block-button\"><a class=\"wp-block-button__link has-white-color has-vivid-cyan-blue-background-color has-text-color has-background has-link-color wp-element-button\" href=\"https:\/\/ufpr.br\/propg\/sae\/programa-de-assistencia-estudantil-da-pos-graduacao-paepg\/\"><strong>PAEPG<\/strong><\/a><\/div>\n<\/div>\n\n\n\n<div style=\"height:50px\" aria-hidden=\"true\" class=\"wp-block-spacer\"><\/div>\n\n\n\n<h2 class=\"wp-block-heading has-cyan-bluish-gray-background-color has-background\">Edital<\/h2>\n\n\n\n<div style=\"height:50px\" aria-hidden=\"true\" class=\"wp-block-spacer\"><\/div>\n\n\n\n<ul class=\"wp-block-list\">\n<li class=\"has-medium-font-size\"><a href=\"https:\/\/ufpr.br\/propg\/wp-content\/uploads\/2026\/04\/Edital_05_2026_Versao-Final.pdf\"><strong>Edital 05\/2026 PROPG\/SAE e P4E<\/strong><\/a> (publicado em 24\/04\/26)<\/li>\n<\/ul>\n\n\n\n<p><\/p>\n\n\n\n<ul class=\"wp-block-list\">\n<li class=\"has-medium-font-size\">Anexo I: Modelo de Declara\u00e7\u00e3o de N\u00e3o Ser Bolsista <a href=\"https:\/\/ufpr.br\/propg\/wp-content\/uploads\/2026\/04\/anexo-i-declaracao-de-nao-ser-bolsista-word-1.docx\">\u2b07\ufe0f.docx<\/a> <a href=\"https:\/\/ufpr.br\/propg\/wp-content\/uploads\/2026\/04\/anexo-i-declaracao-de-nao-ser-bolsista-pdf.pdf\">\u2b07\ufe0f.pdf<\/a><\/li>\n<\/ul>\n\n\n\n<div style=\"height:50px\" aria-hidden=\"true\" class=\"wp-block-spacer\"><\/div>\n\n\n\n<h2 class=\"wp-block-heading has-cyan-bluish-gray-background-color has-background\">Inscri\u00e7\u00f5es<\/h2>\n\n\n\n<div style=\"height:50px\" aria-hidden=\"true\" class=\"wp-block-spacer\"><\/div>\n\n\n\n<p><strong>Per\u00edodo de inscri\u00e7\u00f5es<\/strong>: 27\/04\/2026 a 10\/05\/2026<\/p>\n\n\n\n<p class=\"has-medium-font-size\"><strong>Formul\u00e1rio de inscri\u00e7\u00e3o: <\/strong><a href=\"https:\/\/forms.office.com\/r\/PCqHYqyQ8v\">https:\/\/forms.office.com\/r\/PCqHYqyQ8v<\/a><strong><br><\/strong>(requer login e senha institucionais da UFPR \u2013 e-mail @ufpr.br e senha)<\/p>\n\n\n\n<ul class=\"wp-block-list\">\n<li>Tutorial: <a href=\"https:\/\/ufpr.br\/propg\/wp-content\/uploads\/2025\/11\/siga-aluno-de-pos-graduacao_emitir-declaracao-de-matricula-e-outros-documentos.pdf\">Como gerar a declara\u00e7\u00e3o de matr\u00edcula via SIGA<\/a><\/li>\n<\/ul>\n\n\n\n<div style=\"height:50px\" aria-hidden=\"true\" class=\"wp-block-spacer\"><\/div>\n\n\n\n<h2 class=\"wp-block-heading has-cyan-bluish-gray-background-color has-background\">Resultados<\/h2>\n\n\n\n<div style=\"height:50px\" aria-hidden=\"true\" class=\"wp-block-spacer\"><\/div>\n\n\n\n<ul class=\"wp-block-list\">\n<li>conforme cronograma<\/li>\n<\/ul>\n\n\n\n<div style=\"height:50px\" aria-hidden=\"true\" class=\"wp-block-spacer\"><\/div>\n\n\n\n<h2 class=\"wp-block-heading has-cyan-bluish-gray-background-color has-background\">Normas relacionas<\/h2>\n\n\n\n<div style=\"height:50px\" aria-hidden=\"true\" class=\"wp-block-spacer\"><\/div>\n\n\n\n<ul class=\"wp-block-list\">\n<li>Lei n\u00ba 14.914, de 3 de Julho de 2024 \u2013 Institui a Pol\u00edtica Nacional de Assist\u00eancia Estudantil (PNAES): &nbsp;<a href=\"https:\/\/www.planalto.gov.br\/ccivil_03\/_ato2023-2026\/2024\/lei\/L14914.htm\" target=\"_blank\" rel=\"noreferrer noopener\">https:\/\/www.planalto.gov.br\/ccivil_03\/_ato2023-2026\/2024\/lei\/L14914.htm<\/a><br><\/li>\n<\/ul>\n\n\n\n<div style=\"height:50px\" aria-hidden=\"true\" class=\"wp-block-spacer\"><\/div>\n\n\n\n<h2 class=\"wp-block-heading has-cyan-bluish-gray-background-color has-background\">D\u00favidas<\/h2>\n\n\n\n<div style=\"height:50px\" aria-hidden=\"true\" class=\"wp-block-spacer\"><\/div>\n\n\n\n<p>Em caso de d\u00favida envie e-mail para&nbsp;<strong><a href=\"mailto:sae.propg@ufpr.br\">sae.propg@ufpr.br<\/a><\/strong><\/p>\n\n\n\n<div style=\"height:100px\" aria-hidden=\"true\" class=\"wp-block-spacer\"><\/div>\n","protected":false},"excerpt":{"rendered":"<p>Programa de Assist\u00eancia Estudantil para a P\u00f3s-Gradua\u00e7\u00e3o Stricto Sensu (PAEPG) Edital Inscri\u00e7\u00f5es Per\u00edodo de inscri\u00e7\u00f5es: 27\/04\/2026 a 10\/05\/2026 Formul\u00e1rio de inscri\u00e7\u00e3o: https:\/\/forms.office.com\/r\/PCqHYqyQ8v(requer login e senha institucionais da UFPR \u2013 e-mail @ufpr.br e senha) Resultados Normas relacionas D\u00favidas Em caso de d\u00favida envie e-mail para&nbsp;sae.propg@ufpr.br<\/p>\n","protected":false},"author":18,"featured_media":0,"parent":11760,"menu_order":0,"comment_status":"closed","ping_status":"closed","template":"","meta":{"footnotes":""},"class_list":["post-52281","page","type-page","status-publish","hentry"],"_links":{"self":[{"href":"https:\/\/ufpr.br\/propg\/wp-json\/wp\/v2\/pages\/52281","targetHints":{"allow":["GET"]}}],"collection":[{"href":"https:\/\/ufpr.br\/propg\/wp-json\/wp\/v2\/pages"}],"about":[{"href":"https:\/\/ufpr.br\/propg\/wp-json\/wp\/v2\/types\/page"}],"author":[{"embeddable":true,"href":"https:\/\/ufpr.br\/propg\/wp-json\/wp\/v2\/users\/18"}],"replies":[{"embeddable":true,"href":"https:\/\/ufpr.br\/propg\/wp-json\/wp\/v2\/comments?post=52281"}],"version-history":[{"count":8,"href":"https:\/\/ufpr.br\/propg\/wp-json\/wp\/v2\/pages\/52281\/revisions"}],"predecessor-version":[{"id":52352,"href":"https:\/\/ufpr.br\/propg\/wp-json\/wp\/v2\/pages\/52281\/revisions\/52352"}],"up":[{"embeddable":true,"href":"https:\/\/ufpr.br\/propg\/wp-json\/wp\/v2\/pages\/11760"}],"wp:attachment":[{"href":"https:\/\/ufpr.br\/propg\/wp-json\/wp\/v2\/media?parent=52281"}],"curies":[{"name":"wp","href":"https:\/\/api.w.org\/{rel}","templated":true}]}}