{"id":51812,"date":"2026-03-17T13:56:39","date_gmt":"2026-03-17T16:56:39","guid":{"rendered":"https:\/\/ufpr.br\/propg\/?page_id=51812"},"modified":"2026-03-17T13:56:39","modified_gmt":"2026-03-17T16:56:39","slug":"como-criar-e-mail-institucional-ufpr-br","status":"publish","type":"page","link":"https:\/\/ufpr.br\/propg\/cpgss\/tutoriais\/como-criar-e-mail-institucional-ufpr-br\/","title":{"rendered":"Como criar e-mail institucional @ufpr.br"},"content":{"rendered":"\n<p>O aluno(a) regularmente matriculado(a) em mestrado\/doutorado de Programa de P\u00f3s-gradua\u00e7\u00e3o Stricto Sensu (PPG) poder\u00e1 criar um e-mail institucional @ufpr.br seguindo as orienta\u00e7\u00f5es abaixo:<\/p>\n\n\n\n<ol class=\"wp-block-list\">\n<li>Acesse a intranet (<a href=\"https:\/\/intranet.ufpr.br\/\" target=\"_blank\" rel=\"noreferrer noopener\">https:\/\/intranet.ufpr.br\/<\/a>)<\/li>\n\n\n\n<li>No menu lateral esquerdo \u201c<em>Funcionalidades<\/em>\u201c, clique em \u201c<em>Solicitar Email<\/em>\u201c;<\/li>\n\n\n\n<li>Leia atentamente as instru\u00e7\u00f5es, preencha o CPF, sendo apenas os n\u00fameros, e as letras do campo azulado, e clique em \u201c<em>Enviar<\/em>\u201c;<\/li>\n\n\n\n<li>Escolha um dos logins apresentados na tela, informe a senha nos dois campos, preencha o e-mail alternativo \u2013 um endere\u00e7o de e-mail que voc\u00ea tenha acesso, no caso de recupera\u00e7\u00e3o de senha \u2013 e clique em \u201cEnviar\u201d.<\/li>\n<\/ol>\n\n\n<div class=\"wp-block-image\">\n<figure class=\"aligncenter\"><a href=\"https:\/\/www.prppg.ufpr.br\/site\/wp-content\/uploads\/2022\/06\/intranet.jpg\"><img decoding=\"async\" src=\"https:\/\/www.prppg.ufpr.br\/site\/wp-content\/uploads\/2022\/06\/intranet.jpg\" alt=\"\" class=\"wp-image-26612\" \/><\/a><\/figure><\/div>\n\n\n<p>Uma vez que o e-mail seja corretamente solicitado, em 24 horas ele estar\u00e1 completamente configurado e poder\u00e1 ser usado em todas as funcionalidades, inclusive com o Teams.<\/p>\n\n\n\n<p>Caso haja algum problema, entre em contato com a secretaria de seu programa de p\u00f3s-gradua\u00e7\u00e3o para verificar se seu cadastro no Siga est\u00e1 correto e atualizado.<\/p>\n\n\n\n<h4 class=\"wp-block-heading\"><strong>Sou aluno, como acessar o SEI?<\/strong><\/h4>\n\n\n\n<p>O aluno j\u00e1 tem acesso autorizado ao SEI como usu\u00e1rio externo. Utilize o usu\u00e1rio&nbsp;<strong>(com o @ufpr.br)<\/strong>&nbsp;e senha de sua conta de e-mail da UFPR &nbsp;para&nbsp;ter&nbsp;acesso ao sistema.&nbsp;Caso a senha utilizada para o login n\u00e3o valide o acesso, clique em \u201cEsqueci minha senha\u201d, e na tela seguinte coloque seu e-mail,&nbsp;desta maneira o SEI ir\u00e1 gerar uma nova senha e enviar para seu e-mail.&nbsp;<strong>Aten\u00e7\u00e3o<\/strong>:&nbsp;<strong>esta nova senha ser\u00e1 para uso exclusivo no SEI, a senha de acesso a intranet\/webmail permanece&nbsp;inalterada.<\/strong><\/p>\n\n\n\n<p>Clique&nbsp;<a href=\"https:\/\/sei.ufpr.br\/sei\/web\/controlador_externo.php?acao=usuario_externo_logar&amp;id_orgao_acesso_externo=0\" target=\"_blank\" rel=\"noreferrer noopener\">aqui<\/a>&nbsp;para acessar o SEI como usu\u00e1rio externo. Mais informa\u00e7\u00f5es sobre o tema em:<a href=\"https:\/\/cgr.ufpr.br\/portal\/sei_faq\/\">https:\/\/cgr.ufpr.br\/portal\/sei_faq\/<\/a><\/p>\n","protected":false},"excerpt":{"rendered":"<p>O aluno(a) regularmente matriculado(a) em mestrado\/doutorado de Programa de P\u00f3s-gradua\u00e7\u00e3o Stricto Sensu (PPG) poder\u00e1 criar um e-mail institucional @ufpr.br seguindo as orienta\u00e7\u00f5es abaixo: Uma vez que o e-mail seja corretamente solicitado, em 24 horas ele estar\u00e1 completamente configurado e poder\u00e1 ser usado em todas as funcionalidades, inclusive com o Teams. Caso haja algum problema, entre [&hellip;]<\/p>\n","protected":false},"author":18,"featured_media":0,"parent":5927,"menu_order":0,"comment_status":"closed","ping_status":"closed","template":"","meta":{"footnotes":""},"class_list":["post-51812","page","type-page","status-publish","hentry"],"_links":{"self":[{"href":"https:\/\/ufpr.br\/propg\/wp-json\/wp\/v2\/pages\/51812","targetHints":{"allow":["GET"]}}],"collection":[{"href":"https:\/\/ufpr.br\/propg\/wp-json\/wp\/v2\/pages"}],"about":[{"href":"https:\/\/ufpr.br\/propg\/wp-json\/wp\/v2\/types\/page"}],"author":[{"embeddable":true,"href":"https:\/\/ufpr.br\/propg\/wp-json\/wp\/v2\/users\/18"}],"replies":[{"embeddable":true,"href":"https:\/\/ufpr.br\/propg\/wp-json\/wp\/v2\/comments?post=51812"}],"version-history":[{"count":1,"href":"https:\/\/ufpr.br\/propg\/wp-json\/wp\/v2\/pages\/51812\/revisions"}],"predecessor-version":[{"id":51815,"href":"https:\/\/ufpr.br\/propg\/wp-json\/wp\/v2\/pages\/51812\/revisions\/51815"}],"up":[{"embeddable":true,"href":"https:\/\/ufpr.br\/propg\/wp-json\/wp\/v2\/pages\/5927"}],"wp:attachment":[{"href":"https:\/\/ufpr.br\/propg\/wp-json\/wp\/v2\/media?parent=51812"}],"curies":[{"name":"wp","href":"https:\/\/api.w.org\/{rel}","templated":true}]}}