{"id":50610,"date":"2026-02-04T08:59:27","date_gmt":"2026-02-04T11:59:27","guid":{"rendered":"https:\/\/ufpr.br\/propg\/?page_id=50610"},"modified":"2026-04-02T11:30:02","modified_gmt":"2026-04-02T14:30:02","slug":"edital-04-2026-propg-sae","status":"publish","type":"page","link":"https:\/\/ufpr.br\/propg\/editais\/edital-04-2026-propg-sae\/","title":{"rendered":"Edital 04\/2026 PROPG\/SAE"},"content":{"rendered":"\n<div style=\"height:50px\" aria-hidden=\"true\" class=\"wp-block-spacer\"><\/div>\n\n\n\n<div class=\"wp-block-columns is-layout-flex wp-container-core-columns-is-layout-9d6595d7 wp-block-columns-is-layout-flex\">\n<div class=\"wp-block-column is-layout-flow wp-block-column-is-layout-flow\" style=\"flex-basis:20%\" id=\"topo\">\n<div style=\"height:15px\" aria-hidden=\"true\" class=\"wp-block-spacer\"><\/div>\n\n\n<div class=\"wp-block-image\">\n<figure class=\"aligncenter size-full is-resized\"><img decoding=\"async\" src=\"https:\/\/ufpr.br\/propg\/wp-content\/uploads\/2024\/10\/Icone_DocumentosMao_Rosa.png\" alt=\"\" class=\"wp-image-6130\" style=\"width:100px;height:auto\" \/><\/figure><\/div><\/div>\n\n\n\n<div class=\"wp-block-column is-layout-flow wp-block-column-is-layout-flow\" style=\"flex-basis:2%\"><\/div>\n\n\n\n<div class=\"wp-block-column is-layout-flow wp-block-column-is-layout-flow\" style=\"flex-basis:70%\">\n<blockquote class=\"wp-block-quote is-layout-flow wp-block-quote-is-layout-flow\">\n<p>Processo Seletivo para Concess\u00e3o de Bolsas de Mestrado e Doutorado da Chamada N\u00ba 12\/2025 Cnpq Programa Institucional de Bolsas de P\u00f3s-gradua\u00e7\u00e3o (PIBPG) Ciclo 2026<\/p>\n<\/blockquote>\n\n\n\n<div style=\"height:25px\" aria-hidden=\"true\" class=\"wp-block-spacer\"><\/div>\n\n\n\n<div class=\"wp-block-columns is-layout-flex wp-container-core-columns-is-layout-9d6595d7 wp-block-columns-is-layout-flex\">\n<div class=\"wp-block-column is-layout-flow wp-block-column-is-layout-flow\">\n<h2 class=\"wp-block-heading has-text-align-left has-background has-medium-font-size\" style=\"background-color:#e8ecf5\">EDITAL<\/h2>\n\n\n\n<hr class=\"wp-block-separator has-text-color has-alpha-channel-opacity has-background is-style-wide\" style=\"background-color:#e8ecf5;color:#e8ecf5\" \/>\n\n\n\n<ol class=\"wp-block-list\">\n<li><a href=\"https:\/\/ufpr.br\/propg\/wp-content\/uploads\/2026\/02\/edital-04-2026_versaofinal.pdf\" target=\"_blank\" rel=\"noreferrer noopener\">Edital 04\/2026 PROPG\/SAE<\/a> (publicado em 04\/02\/2026)<\/li>\n<\/ol>\n\n\n\n<div style=\"height:50px\" aria-hidden=\"true\" class=\"wp-block-spacer\"><\/div>\n<\/div>\n<\/div>\n\n\n\n<div class=\"wp-block-columns is-layout-flex wp-container-core-columns-is-layout-9d6595d7 wp-block-columns-is-layout-flex\">\n<div class=\"wp-block-column is-layout-flow wp-block-column-is-layout-flow\">\n<h2 class=\"wp-block-heading has-text-align-left has-background has-medium-font-size\" style=\"background-color:#e8ecf5\">RESULTADOS<\/h2>\n\n\n\n<hr class=\"wp-block-separator has-text-color has-alpha-channel-opacity has-background is-style-wide\" style=\"background-color:#e8ecf5;color:#e8ecf5\" \/>\n\n\n\n<ol class=\"wp-block-list\">\n<li><strong><a href=\"https:\/\/ufpr.br\/propg\/wp-content\/uploads\/2026\/03\/resultado-final-edital-04_2026_ajustado.pdf\">Resultado Final retificado<\/a> <\/strong>(publicado em 06\/03\/26)<\/li>\n\n\n\n<li style=\"text-decoration:line-through\"><a href=\"https:\/\/ufpr.br\/propg\/wp-content\/uploads\/2026\/03\/resultado-final-edital-04_2026.pdf\">Resultado final<\/a> (publicado em 05\/03\/26) \u2013 sem efeito<\/li>\n\n\n\n<li><a href=\"https:\/\/ufpr.br\/propg\/wp-content\/uploads\/2026\/03\/resultado-parcial-edital-04_2026.pdf\">Resultado parcial<\/a> (publicado em 26\/02\/26)<\/li>\n<\/ol>\n\n\n\n<div style=\"height:50px\" aria-hidden=\"true\" class=\"wp-block-spacer\"><\/div>\n<\/div>\n<\/div>\n\n\n\n<div class=\"wp-block-columns is-layout-flex wp-container-core-columns-is-layout-9d6595d7 wp-block-columns-is-layout-flex\">\n<div class=\"wp-block-column is-layout-flow wp-block-column-is-layout-flow\">\n<h2 class=\"wp-block-heading has-text-align-left has-background has-medium-font-size\" style=\"background-color:#e8ecf5\">FORMUL\u00c1RIOS E MODELOS<\/h2>\n\n\n\n<hr class=\"wp-block-separator has-text-color has-alpha-channel-opacity has-background is-style-wide\" style=\"background-color:#e8ecf5;color:#e8ecf5\" \/>\n\n\n\n<ul class=\"wp-block-list\">\n<li>Anexo I \u2013 <a href=\"https:\/\/ufpr.br\/propg\/wp-content\/uploads\/2026\/02\/anexoi-proposta.docx\" target=\"_blank\" rel=\"noreferrer noopener\">Proposta do Programa de P\u00f3s-Gradua\u00e7\u00e3o<\/a><\/li>\n<\/ul>\n\n\n\n<ul class=\"wp-block-list\">\n<li>Relat\u00f3rio de Bolsistas do PPG emitido a partir da Plataforma Sucupira, referente ao ano base 2025 \u2013 Ver tutorial para emitir de seu PPG: <a href=\"https:\/\/sites.google.com\/view\/tutorialsucupira\/relat%C3%B3rios\/discentes-bolsistas\" target=\"_blank\" rel=\"noreferrer noopener\">https:\/\/sites.google.com\/view\/tutorialsucupira\/relat%C3%B3rios\/discentes-bolsistas<\/a><\/li>\n<\/ul>\n\n\n\n<ul class=\"wp-block-list\">\n<li>Anexo II \u2013 <a href=\"https:\/\/ufpr.br\/propg\/wp-content\/uploads\/2026\/02\/anexoii-plano-de-trabalho-discente.docx\" target=\"_blank\" rel=\"noreferrer noopener\">plano de trabalho do discente benefici\u00e1rio<\/a><\/li>\n<\/ul>\n\n\n\n<div style=\"height:50px\" aria-hidden=\"true\" class=\"wp-block-spacer\"><\/div>\n<\/div>\n<\/div>\n\n\n\n<div class=\"wp-block-columns is-layout-flex wp-container-core-columns-is-layout-9d6595d7 wp-block-columns-is-layout-flex\">\n<div class=\"wp-block-column is-layout-flow wp-block-column-is-layout-flow\">\n<h2 class=\"wp-block-heading has-text-align-left has-background has-medium-font-size\" style=\"background-color:#e8ecf5\">NORMAS RELACIONADAS<\/h2>\n\n\n\n<hr class=\"wp-block-separator has-text-color has-alpha-channel-opacity has-background is-style-wide\" style=\"background-color:#e8ecf5;color:#e8ecf5\" \/>\n\n\n\n<ol class=\"wp-block-list\">\n<li>Chamada p\u00fablica CNPq N\u00ba 12\/2025 Programa institucional de bolsas de p\u00f3s-gradua\u00e7\u00e3o (PIBPG) CICLO 2025: <a href=\"http:\/\/memoria2.cnpq.br\/web\/guest\/chamadas-publicas?p_p_id=resultadosportlet_WAR_resultadoscnpqportlet_INSTANCE_0ZaM&amp;filtro=abertas&amp;detalha=chamadaDivulgada&amp;idDivulgacao=13065\" target=\"_blank\" rel=\"noreferrer noopener\">http:\/\/memoria2.cnpq.br\/web\/guest\/chamadas-publicas?p_p_id=resultadosportlet_WAR_resultadoscnpqportlet_INSTANCE_0ZaM&amp;filtro=abertas&amp;detalha=chamadaDivulgada&amp;idDivulgacao=13065<\/a><\/li>\n<\/ol>\n\n\n\n<ol start=\"2\" class=\"wp-block-list\">\n<li>FAQ do edital n\u00ba 12\/2025 do Cnpq:&nbsp;<a href=\"http:\/\/resultado.cnpq.br\/2699772920042881\" target=\"_blank\" rel=\"noreferrer noopener\">http:\/\/resultado.cnpq.br\/2699772920042881<\/a><\/li>\n<\/ol>\n\n\n\n<ol start=\"3\" class=\"wp-block-list\">\n<li>Portaria 2080\/2024 de 13 de dezembro de 2024 \u2013 Programa Institucional de Bolsas de P\u00f3s-Gradua\u00e7\u00e3o \u2013 PIBPG Disp\u00f5e sobre o Programa Institucional de Bolsas de P\u00f3s-Gradua\u00e7\u00e3o (PIBPG) para apoio \u00e0 forma\u00e7\u00e3o de recursos humanos para pesquisa: &nbsp;<a href=\"http:\/\/memoria2.cnpq.br\/web\/guest\/view\/-\/journal_content\/56_INSTANCE_0oED\/10157\/21962726?COMPANY_ID=10132\" target=\"_blank\" rel=\"noreferrer noopener\">http:\/\/memoria2.cnpq.br\/web\/guest\/view\/-\/journal_content\/56_INSTANCE_0oED\/10157\/21962726?COMPANY_ID=10132<\/a><\/li>\n<\/ol>\n\n\n\n<div style=\"height:50px\" aria-hidden=\"true\" class=\"wp-block-spacer\"><\/div>\n<\/div>\n<\/div>\n\n\n\n<div class=\"wp-block-columns is-layout-flex wp-container-core-columns-is-layout-9d6595d7 wp-block-columns-is-layout-flex\">\n<div class=\"wp-block-column is-layout-flow wp-block-column-is-layout-flow\">\n<h2 class=\"wp-block-heading has-text-align-left has-background has-medium-font-size\" style=\"background-color:#e8ecf5\">D\u00daVIDAS?<\/h2>\n\n\n\n<hr class=\"wp-block-separator has-text-color has-alpha-channel-opacity has-background is-style-wide\" style=\"background-color:#e8ecf5;color:#e8ecf5\" \/>\n\n\n\n<p>Em caso de d\u00favida envie e-mail para&nbsp;<a href=\"mailto:sae.propg@ufpr.br\"><em><strong>sae.propg@ufpr.br<\/strong><\/em><\/a><\/p>\n\n\n\n<div style=\"height:50px\" aria-hidden=\"true\" class=\"wp-block-spacer\"><\/div>\n<\/div>\n<\/div>\n\n\n\n<div class=\"wp-block-columns is-layout-flex wp-container-core-columns-is-layout-9d6595d7 wp-block-columns-is-layout-flex\">\n<div class=\"wp-block-column is-layout-flow wp-block-column-is-layout-flow\">\n<h2 class=\"wp-block-heading has-text-align-left has-background has-medium-font-size\" style=\"background-color:#e8ecf5\">ORIENTA\u00c7\u00c3O PARA IMPLEMENTA\u00c7\u00c3O DE BOLSAS<\/h2>\n\n\n\n<hr class=\"wp-block-separator has-text-color has-alpha-channel-opacity has-background is-style-wide\" style=\"background-color:#e8ecf5;color:#e8ecf5\" \/>\n\n\n\n<p>Em breve, conforme cronograma<\/p>\n\n\n\n<div style=\"height:50px\" aria-hidden=\"true\" class=\"wp-block-spacer\"><\/div>\n<\/div>\n<\/div>\n\n\n\n<div class=\"wp-block-columns is-layout-flex wp-container-core-columns-is-layout-9d6595d7 wp-block-columns-is-layout-flex\">\n<div class=\"wp-block-column is-layout-flow wp-block-column-is-layout-flow\">\n<h2 class=\"wp-block-heading has-text-align-left has-background has-medium-font-size\" style=\"background-color:#e8ecf5\">PERGUNTAS E RESPOSTAS<\/h2>\n\n\n\n<hr class=\"wp-block-separator has-text-color has-alpha-channel-opacity has-background is-style-wide\" style=\"background-color:#e8ecf5;color:#e8ecf5\" \/>\n\n\n\n<p>Atualizadas em 03\/02\/25<\/p>\n\n\n\n<details class=\"wp-block-details is-layout-flow wp-block-details-is-layout-flow\"><summary>1. Qual o prazo de concess\u00e3o das bolsas?<\/summary>\n<ul class=\"wp-block-list\">\n<li>24 meses para mestrado, 48 meses para doutorado. Veja os termos do edital n\u00ba12\/2025 do Cnpq: \u201c5. Itens Financi\u00e1veis 5.1. Os recursos da presente Chamada ser\u00e3o destinados ao financiamento de bolsas no Pa\u00eds nas modalidades de mestrado (com vig\u00eancia de 24 meses) e de doutorado (com vig\u00eancia de 48 meses), incluindo mensalidades e demais benef\u00edcios previstos para cada modalidade, nos termos da Portaria CNPq n\u00ba 1.237\/2023 \u2013 Tabela de Valores de Bolsas e Outros Benef\u00edcios (Reajuste), dispon\u00edvel em:&nbsp;<a href=\"https:\/\/bit.ly\/49QrcKl\" target=\"_blank\" rel=\"noreferrer noopener\">https:\/\/bit.ly\/49QrcKl<\/a>.\u201d.<\/li>\n<\/ul>\n\n\n\n<hr class=\"wp-block-separator has-alpha-channel-opacity is-style-dots\" \/>\n<\/details>\n\n\n\n<details class=\"wp-block-details is-layout-flow wp-block-details-is-layout-flow\"><summary>2. A bolsa estar\u00e1 vinculada ao PPG?<\/summary>\n<ul class=\"wp-block-list\">\n<li>N\u00e3o, as bolsas s\u00e3o vinculadas \u00e0 PROPG\/CPGSS e \u00e0s \u00e1reas tem\u00e1ticas do Projeto Institucional para Pesquisa aprovado pelo CNPq, descritas tamb\u00e9m em\u00a0<a href=\"https:\/\/ufpr.br\/propg\/editais\/edital-04-2026-propg-sae\/projeto-institucional-da-ufpr-para-a-chamada-cnpq-12-2025-pibpg\/\" target=\"_blank\" rel=\"noreferrer noopener\">https:\/\/ufpr.br\/propg\/editais\/edital-04-2026-propg-sae\/projeto-institucional-da-ufpr-para-a-chamada-cnpq-12-2025-pibpg\/<\/a>.<\/li>\n<\/ul>\n\n\n\n<hr class=\"wp-block-separator has-alpha-channel-opacity is-style-dots\" \/>\n<\/details>\n\n\n\n<details class=\"wp-block-details is-layout-flow wp-block-details-is-layout-flow\"><summary>3. Qual o prazo para indica\u00e7\u00e3o de bolsista, caso o PPG seja contemplado?<\/summary>\n<ul class=\"wp-block-list\">\n<li>As informa\u00e7\u00f5es e orienta\u00e7\u00f5es ser\u00e3o publicadas no site do edital<\/li>\n<\/ul>\n\n\n\n<hr class=\"wp-block-separator has-alpha-channel-opacity is-style-dots\" \/>\n<\/details>\n\n\n\n<details class=\"wp-block-details is-layout-flow wp-block-details-is-layout-flow\"><summary>4. Quais PPGs podem submeter propostas?<\/summary>\n<ul class=\"wp-block-list\">\n<li>Todos os PPGs acad\u00eamicos sediados na UFPR.<\/li>\n<\/ul>\n\n\n\n<hr class=\"wp-block-separator has-alpha-channel-opacity is-style-dots\" \/>\n<\/details>\n\n\n\n<details class=\"wp-block-details is-layout-flow wp-block-details-is-layout-flow\"><summary>5. Os PPGs profissionais podem submeter propostas?<\/summary>\n<p>N\u00e3o. De acordo com o CNPq, apenas os PPGs acad\u00eamicos poder\u00e3o ser contemplados.<\/p>\n\n\n\n<blockquote class=\"wp-block-quote is-layout-flow wp-block-quote-is-layout-flow\">\n<p>\u201cArt. 1\u00ba Regulamentar o Programa Institucional de Bolsas de P\u00f3s-Gradua\u00e7\u00e3o (PIBPG), pol\u00edtica p\u00fablica de desenvolvimento cient\u00edfico e tecnol\u00f3gico do CNPq, de relev\u00e2ncia econ\u00f4mica, social e estrat\u00e9gica para o Pa\u00eds, em conson\u00e2ncia com as pol\u00edticas de ci\u00eancia e tecnologia, institu\u00eddo com o objetivo de apoiar a forma\u00e7\u00e3o de recursos humanos para pesquisa por meio da concess\u00e3o de bolsas de mestrado e doutorado no Pa\u00eds em Programas de P\u00f3s-Gradua\u00e7\u00e3o (PPG) stricto sensu acad\u00eamicos, mediante sele\u00e7\u00e3o p\u00fablica de Projetos Institucionais de Pesquisa.\u201d<\/p>\n<\/blockquote>\n\n\n\n<p><strong>Fonte:<\/strong> Portaria 2080\/2024 de 13 de dezembro de 2024 \u2013 Programa Institucional de Bolsas de P\u00f3s-Gradua\u00e7\u00e3o \u2013 PIBPG Disp\u00f5e sobre o Programa Institucional de Bolsas de P\u00f3s-Gradua\u00e7\u00e3o (PIBPG) para apoio \u00e0 forma\u00e7\u00e3o de recursos humanos para pesquisa: &nbsp;<a href=\"http:\/\/memoria2.cnpq.br\/web\/guest\/view\/-\/journal_content\/56_INSTANCE_0oED\/10157\/21962726?COMPANY_ID=10132\" target=\"_blank\" rel=\"noreferrer noopener\">http:\/\/memoria2.cnpq.br\/web\/guest\/view\/-\/journal_content\/56_INSTANCE_0oED\/10157\/21962726?COMPANY_ID=10132<\/a><\/p>\n\n\n\n<hr class=\"wp-block-separator has-alpha-channel-opacity is-style-dots\" \/>\n<\/details>\n\n\n\n<details class=\"wp-block-details is-layout-flow wp-block-details-is-layout-flow\"><summary>6. \u00c9 poss\u00edvel fracionar a concess\u00e3o das bolsas?<\/summary>\n<ul class=\"wp-block-list\">\n<li>N\u00e3o. Veja os termos do edital CNPq: \u201c5.11. O CNPq recomenda que n\u00e3o seja realizado o fracionamento das bolsas de doutorado (48 meses) ou mestrado (24 meses), por meio da destina\u00e7\u00e3o sucessiva de parcelas de uma mesma bolsa a mais de um(a) estudante, sob o risco de comprometer o cumprimento do Projeto Institucional para Pesquisa aprovado pelo CNPq ou, ainda, os objetivos da Chamada.\u201d<\/li>\n<\/ul>\n\n\n\n<hr class=\"wp-block-separator has-alpha-channel-opacity is-style-dots\" \/>\n<\/details>\n\n\n\n<details class=\"wp-block-details is-layout-flow wp-block-details-is-layout-flow\"><summary>7. Posso transformar bolsa de doutorado em bolsa de mestrado ou vice-versa?<\/summary>\n<ul class=\"wp-block-list\">\n<li>N\u00e3o. Veja os termos do edital CNPq: \u201c5.15. As implementa\u00e7\u00f5es dever\u00e3o ser realizadas respeitando-se o n\u00famero de bolsas aprovado em cada modalidade (mestrado e doutorado), n\u00e3o sendo perimtida a transforma\u00e7\u00e3o de bolsa de doutorado em mestrado ou vice-versa\u201d<\/li>\n<\/ul>\n\n\n\n<hr class=\"wp-block-separator has-alpha-channel-opacity is-style-dots\" \/>\n<\/details>\n\n\n\n<details class=\"wp-block-details is-layout-flow wp-block-details-is-layout-flow\"><summary>8. O PPG poder\u00e1 indicar mais de um bolsista para a mesma bolsa de mestrado ou de doutorado?<\/summary>\n<ul class=\"wp-block-list\">\n<li>A princ\u00edpio, n\u00e3o. Somente ser\u00e1 poss\u00edvel indicar novo bolsista em casos excepcionais e desde que n\u00e3o seja ultrapassado o limite de parcelas (48 para doutorado e 24 para mestrado). Veja o que diz o item V, p.6, do FAQ do edital n\u00ba 12\/2025 do Cnpq:&nbsp;<a href=\"http:\/\/resultado.cnpq.br\/3901140267340813\" target=\"_blank\" rel=\"noreferrer noopener\">http:\/\/resultado.cnpq.br\/3901140267340813<\/a><\/li>\n<\/ul>\n\n\n\n<hr class=\"wp-block-separator has-alpha-channel-opacity is-style-dots\" \/>\n<\/details>\n\n\n\n<details class=\"wp-block-details is-layout-flow wp-block-details-is-layout-flow\"><summary>9. Na execu\u00e7\u00e3o da proposta, \u00e9 poss\u00edvel o fracionamento temporal das bolsas de doutorado (48 meses) ou mestrado (24 meses), por meio da destina\u00e7\u00e3o de uma mesma bolsa a mais de um aluno?<\/summary>\n<p>\u201cUma bolsa n\u00e3o pode ser fracionada e indicada simultaneamente a mais de um estudante, no entanto, pode ser utilizada por mais de um bolsista de maneira sucessiva, at\u00e9 completar a dura\u00e7\u00e3o m\u00e1xima, a saber, 24 meses para bolsas de mestrado e 48 meses para bolsas de doutorado. Apesar de n\u00e3o haver impedimento para tal opera\u00e7\u00e3o, recomenda-se que isso seja feito somente em casos excepcionais, quando h\u00e1 desist\u00eancia do aluno ou cancelamento da bolsa. O ideal \u00e9 que um mesmo bolsista cumpra todo o per\u00edodo de vig\u00eancia previsto. Lembramos que n\u00e3o existe a possibilidade de prorroga\u00e7\u00e3o do prazo m\u00e1ximo da bolsa, com exce\u00e7\u00e3o dos casos previstos em norma (ver PO 2.080\/2024) e na Lei 14.925\/2024. Ou seja, se um aluno desistir de uma bolsa de doutorado depois de 20 meses, o pr\u00f3ximo aluno indicado poder\u00e1 fazer uso dela somente pelo n\u00famero de meses restantes.\u201d<\/p>\n\n\n\n<hr class=\"wp-block-separator has-text-color has-alpha-channel-opacity has-background is-style-wide\" style=\"background-color:#e8ecf5;color:#e8ecf5\" \/>\n\n\n\n<p>Fonte: FAQ do edital n\u00ba 12\/2025 do Cnpq:&nbsp;<a href=\"http:\/\/resultado.cnpq.br\/3901140267340813\" target=\"_blank\" rel=\"noreferrer noopener\">http:\/\/resultado.cnpq.br\/3901140267340813<\/a><\/p>\n\n\n\n<hr class=\"wp-block-separator has-alpha-channel-opacity is-style-dots\" \/>\n<\/details>\n\n\n\n<details class=\"wp-block-details is-layout-flow wp-block-details-is-layout-flow\"><summary>10. \u00c9 poss\u00edvel acumular bolsas ou fazer complementa\u00e7\u00e3o financeira (atividades remuneradas ou outros rendimentos)?<\/summary>\n<ul class=\"wp-block-list\">\n<li>Em alguns casos, desde que sejam respeitadas as regras do CNPq e haja anu\u00eancia do orientador e da Coordena\u00e7\u00e3o do PPG, nos termos da Portaria CNPq n\u00ba 1.863\/2024 (que trata de ac\u00famulo de bolsas do CNPq com outras bolsas e de complementa\u00e7\u00e3o financeira). A seguir, os principais pontos dessa portaria:<\/li>\n<\/ul>\n\n\n\n<ol class=\"wp-block-list\">\n<li>Veda\u00e7\u00e3o de ac\u00famulo: \u00c9 proibido acumular bolsas do CNPq com bolsas de outras ag\u00eancias de fomento p\u00fablicas, exceto nas situa\u00e7\u00f5es previstas na pr\u00f3pria portaria.<\/li>\n<\/ol>\n\n\n\n<ol start=\"3\" class=\"wp-block-list\">\n<li>Bolsas de Mestrado, Doutorado e P\u00f3s-Doutorado no Pa\u00eds: Essas bolsas podem ser acumuladas com bolsas da CAPES nos programas UAB, PARFOR e PIBID pelo prazo de sua dura\u00e7\u00e3o regular.<\/li>\n<\/ol>\n\n\n\n<ol start=\"4\" class=\"wp-block-list\">\n<li>Ac\u00famulo com atividades remuneradas: Bolsistas de Mestrado, Doutorado e P\u00f3s-Doutorado podem acumular a bolsa com atividades remuneradas ou outros rendimentos, desde que n\u00e3o prejudiquem o desenvolvimento das atividades do seu projeto. A anu\u00eancia do orientador e da Coordena\u00e7\u00e3o do Programa de P\u00f3s-Gradua\u00e7\u00e3o \u00e9 necess\u00e1ria para receber complementa\u00e7\u00e3o financeira ou acumular bolsa (nos termos da portaria mencionada).<\/li>\n<\/ol>\n\n\n\n<ul class=\"wp-block-list\">\n<li>Informa\u00e7\u00f5es mais detalhadas podem ser encontradas na Portaria CNPq N\u00ba 1863, de 16 de Julho de 2024 Disp\u00f5e sobre as possibilidades de ac\u00famulo de bolsas do CNPq e de complementa\u00e7\u00e3o financeira advinda de outras fontes:&nbsp;<a href=\"http:\/\/portal-adm.cnpq.br\/web\/guest\/view\/-\/journal_content\/56_INSTANCE_0oED\/10157\/21767169\">http:\/\/portal-adm.cnpq.br\/web\/guest\/view\/-\/journal_content\/56_INSTANCE_0oED\/10157\/21767169<\/a><\/li>\n<\/ul>\n\n\n\n<hr class=\"wp-block-separator has-alpha-channel-opacity is-style-dots\" \/>\n<\/details>\n<\/div>\n<\/div>\n\n\n\n<p class=\"has-text-color has-link-color wp-elements-16631d866001ae142cbdd3786f7ccd26\" style=\"color:#243673\"><strong><a title=\"\" href=\"#topo\">Voltar ao topo<\/a><\/strong><\/p>\n<\/div>\n\n\n\n<div class=\"wp-block-column is-layout-flow wp-block-column-is-layout-flow\" style=\"flex-basis:7%\"><\/div>\n<\/div>\n\n\n\n<p><\/p>\n","protected":false},"excerpt":{"rendered":"<p>Processo Seletivo para Concess\u00e3o de Bolsas de Mestrado e Doutorado da Chamada N\u00ba 12\/2025 Cnpq Programa Institucional de Bolsas de P\u00f3s-gradua\u00e7\u00e3o (PIBPG) Ciclo 2026 EDITAL RESULTADOS FORMUL\u00c1RIOS E MODELOS NORMAS RELACIONADAS D\u00daVIDAS? Em caso de d\u00favida envie e-mail para&nbsp;sae.propg@ufpr.br ORIENTA\u00c7\u00c3O PARA IMPLEMENTA\u00c7\u00c3O DE BOLSAS Em breve, conforme cronograma PERGUNTAS E RESPOSTAS Atualizadas em 03\/02\/25 Voltar [&hellip;]<\/p>\n","protected":false},"author":5,"featured_media":0,"parent":11760,"menu_order":0,"comment_status":"closed","ping_status":"closed","template":"","meta":{"footnotes":""},"class_list":["post-50610","page","type-page","status-publish","hentry"],"_links":{"self":[{"href":"https:\/\/ufpr.br\/propg\/wp-json\/wp\/v2\/pages\/50610","targetHints":{"allow":["GET"]}}],"collection":[{"href":"https:\/\/ufpr.br\/propg\/wp-json\/wp\/v2\/pages"}],"about":[{"href":"https:\/\/ufpr.br\/propg\/wp-json\/wp\/v2\/types\/page"}],"author":[{"embeddable":true,"href":"https:\/\/ufpr.br\/propg\/wp-json\/wp\/v2\/users\/5"}],"replies":[{"embeddable":true,"href":"https:\/\/ufpr.br\/propg\/wp-json\/wp\/v2\/comments?post=50610"}],"version-history":[{"count":54,"href":"https:\/\/ufpr.br\/propg\/wp-json\/wp\/v2\/pages\/50610\/revisions"}],"predecessor-version":[{"id":52116,"href":"https:\/\/ufpr.br\/propg\/wp-json\/wp\/v2\/pages\/50610\/revisions\/52116"}],"up":[{"embeddable":true,"href":"https:\/\/ufpr.br\/propg\/wp-json\/wp\/v2\/pages\/11760"}],"wp:attachment":[{"href":"https:\/\/ufpr.br\/propg\/wp-json\/wp\/v2\/media?parent=50610"}],"curies":[{"name":"wp","href":"https:\/\/api.w.org\/{rel}","templated":true}]}}