{"id":49513,"date":"2026-01-23T16:02:12","date_gmt":"2026-01-23T19:02:12","guid":{"rendered":"https:\/\/ufpr.br\/propg\/?page_id=49513"},"modified":"2026-03-17T11:18:18","modified_gmt":"2026-03-17T14:18:18","slug":"edital-03-2026-propg-sae","status":"publish","type":"page","link":"https:\/\/ufpr.br\/propg\/editais\/edital-03-2026-propg-sae\/","title":{"rendered":"Edital 03\/2026 PROPG\/SAE"},"content":{"rendered":"\n<div style=\"height:50px\" aria-hidden=\"true\" class=\"wp-block-spacer\"><\/div>\n\n\n\n<div class=\"wp-block-columns is-layout-flex wp-container-core-columns-is-layout-9d6595d7 wp-block-columns-is-layout-flex\">\n<div class=\"wp-block-column is-layout-flow wp-block-column-is-layout-flow\" style=\"flex-basis:20%\" id=\"topo\">\n<div style=\"height:15px\" aria-hidden=\"true\" class=\"wp-block-spacer\"><\/div>\n\n\n<div class=\"wp-block-image\">\n<figure class=\"aligncenter size-full is-resized\"><img decoding=\"async\" src=\"https:\/\/ufpr.br\/propg\/wp-content\/uploads\/2024\/10\/Icone_DocumentosMao_Rosa.png\" alt=\"\" class=\"wp-image-6130\" style=\"width:100px;height:auto\" \/><\/figure><\/div><\/div>\n\n\n\n<div class=\"wp-block-column is-layout-flow wp-block-column-is-layout-flow\" style=\"flex-basis:2%\"><\/div>\n\n\n\n<div class=\"wp-block-column is-layout-flow wp-block-column-is-layout-flow\" style=\"flex-basis:70%\">\n<blockquote class=\"wp-block-quote is-layout-flow wp-block-quote-is-layout-flow\">\n<p>Chamada Institucional de Apoio \u00e0 Participa\u00e7\u00e3o Discente e \u00e0 Produ\u00e7\u00e3o Acad\u00eamica da P\u00f3s-Gradua\u00e7\u00e3o da UFPR<\/p>\n<\/blockquote>\n\n\n\n<div style=\"height:25px\" aria-hidden=\"true\" class=\"wp-block-spacer\"><\/div>\n\n\n\n<div class=\"wp-block-columns is-layout-flex wp-container-core-columns-is-layout-9d6595d7 wp-block-columns-is-layout-flex\">\n<div class=\"wp-block-column is-layout-flow wp-block-column-is-layout-flow\">\n<h2 class=\"wp-block-heading has-text-align-left has-background has-medium-font-size\" style=\"background-color:#e8ecf5\">EDITAL<\/h2>\n\n\n\n<hr class=\"wp-block-separator has-text-color has-alpha-channel-opacity has-background is-style-wide\" style=\"background-color:#e8ecf5;color:#e8ecf5\" \/>\n\n\n\n<ol class=\"wp-block-list\">\n<li><a href=\"https:\/\/ufpr.br\/propg\/wp-content\/uploads\/2026\/02\/retificacao_01_2026_edital-03_2026_propg_sae.pdf\" target=\"_blank\" rel=\"noreferrer noopener\">Nota de retifica\u00e7\u00e3o N\u00ba01\/2026<\/a>&nbsp;<strong>(publicado em 12\/02\/26<\/strong>)<\/li>\n<\/ol>\n\n\n\n<ol start=\"2\" class=\"wp-block-list\">\n<li><a href=\"https:\/\/ufpr.br\/propg\/wp-content\/uploads\/2026\/01\/sei_8526894_edital_03_2026.pdf\" target=\"_blank\" rel=\"noreferrer noopener\">Edital N\u00ba 03\/2026 PROPG\/SAE: Chamada Institucional de Apoio \u00e0 Participa\u00e7\u00e3o Discente e \u00e0 Produ\u00e7\u00e3o Acad\u00eamica da P\u00f3s-Gradua\u00e7\u00e3o da UFPR<\/a>&nbsp;(23\/01\/2026)<\/li>\n<\/ol>\n\n\n\n<div style=\"height:50px\" aria-hidden=\"true\" class=\"wp-block-spacer\"><\/div>\n<\/div>\n<\/div>\n\n\n\n<div class=\"wp-block-columns is-layout-flex wp-container-core-columns-is-layout-9d6595d7 wp-block-columns-is-layout-flex\">\n<div class=\"wp-block-column is-layout-flow wp-block-column-is-layout-flow\">\n<h2 class=\"wp-block-heading has-text-align-left has-background has-medium-font-size\" style=\"background-color:#e8ecf5\">FORMUL\u00c1RIOS E MODELOS<\/h2>\n\n\n\n<hr class=\"wp-block-separator has-text-color has-alpha-channel-opacity has-background is-style-wide\" style=\"background-color:#e8ecf5;color:#e8ecf5\" \/>\n\n\n\n<ul class=\"wp-block-list\">\n<li><a href=\"https:\/\/ufpr.br\/propg\/wp-content\/uploads\/2026\/01\/anexo-i-modelo-de-proposta-1.docx\" target=\"_blank\" rel=\"noreferrer noopener\">Anexo I \u2013 Modelo de Proposta do Programa de P\u00f3s-Gradua\u00e7\u00e3o<\/a><\/li>\n<\/ul>\n\n\n\n<div style=\"height:50px\" aria-hidden=\"true\" class=\"wp-block-spacer\"><\/div>\n<\/div>\n<\/div>\n\n\n\n<div class=\"wp-block-columns is-layout-flex wp-container-core-columns-is-layout-9d6595d7 wp-block-columns-is-layout-flex\">\n<div class=\"wp-block-column is-layout-flow wp-block-column-is-layout-flow\">\n<h2 class=\"wp-block-heading has-text-align-left has-background has-medium-font-size\" style=\"background-color:#e8ecf5\">RESULTADOS<\/h2>\n\n\n\n<hr class=\"wp-block-separator has-text-color has-alpha-channel-opacity has-background is-style-wide\" style=\"background-color:#e8ecf5;color:#e8ecf5\" \/>\n\n\n\n<h2 class=\"wp-block-heading\">Ciclo 1:<\/h2>\n\n\n\n<ul class=\"wp-block-list\">\n<li><strong><a href=\"https:\/\/ufpr.br\/propg\/wp-content\/uploads\/2026\/02\/resultado-final-ciclo-1-edital-03_2026.pdf\" target=\"_blank\" rel=\"noreferrer noopener\">Resultado final<\/a>\u00a0<\/strong>(publicado em 20\/02\/2026)<\/li>\n\n\n\n<li><a href=\"https:\/\/ufpr.br\/propg\/wp-content\/uploads\/2026\/02\/resultado-parcial-edital-03_2026.pdf\" target=\"_blank\" rel=\"noreferrer noopener\">Resultado preliminar<\/a>\u00a0(publicado em 06\/02\/2026)<\/li>\n<\/ul>\n\n\n\n<h2 class=\"wp-block-heading\">Ciclo 2<\/h2>\n\n\n\n<ul class=\"wp-block-list\">\n<li><a href=\"https:\/\/ufpr.br\/propg\/wp-content\/uploads\/2026\/03\/resultado-final-ciclo-2-edital-03_2026.pdf\"><strong>Resultado final<\/strong><\/a> (publicado em 12\/03\/2026)<\/li>\n\n\n\n<li><a href=\"https:\/\/ufpr.br\/propg\/wp-content\/uploads\/2026\/03\/resultado-parcial-ciclo-2-edital-03_2026-1.pdf\">Resultado parcial<\/a> (publicado em 06\/03\/2026<\/li>\n<\/ul>\n\n\n\n<div style=\"height:50px\" aria-hidden=\"true\" class=\"wp-block-spacer\"><\/div>\n<\/div>\n<\/div>\n\n\n\n<div class=\"wp-block-columns is-layout-flex wp-container-core-columns-is-layout-9d6595d7 wp-block-columns-is-layout-flex\">\n<div class=\"wp-block-column is-layout-flow wp-block-column-is-layout-flow\">\n<h2 class=\"wp-block-heading has-text-align-left has-background has-medium-font-size\" style=\"background-color:#e8ecf5\">D\u00daVIDAS?<\/h2>\n\n\n\n<hr class=\"wp-block-separator has-text-color has-alpha-channel-opacity has-background is-style-wide\" style=\"background-color:#e8ecf5;color:#e8ecf5\" \/>\n\n\n\n<p>Em caso de d\u00favida envie e-mail para\u00a0<a href=\"mailto:cpg@ufpr.br\"><em><strong><strong><a href=\"mailto:sae.propg@ufpr.br\">sae.propg@ufpr.br<\/a><\/strong><\/strong><\/em><\/a><\/p>\n\n\n\n<div style=\"height:25px\" aria-hidden=\"true\" class=\"wp-block-spacer\"><\/div>\n<\/div>\n<\/div>\n\n\n\n<div class=\"wp-block-columns is-layout-flex wp-container-core-columns-is-layout-9d6595d7 wp-block-columns-is-layout-flex\">\n<div class=\"wp-block-column is-layout-flow wp-block-column-is-layout-flow\">\n<h2 class=\"wp-block-heading has-text-align-left has-background has-medium-font-size\" style=\"background-color:#e8ecf5\">PERGUNTAS E RESPOSTAS<\/h2>\n\n\n\n<hr class=\"wp-block-separator has-text-color has-alpha-channel-opacity has-background is-style-wide\" style=\"background-color:#e8ecf5;color:#e8ecf5\" \/>\n\n\n\n<details class=\"wp-block-details is-layout-flow wp-block-details-is-layout-flow\"><summary>1. Podemos listar os discentes com potencial de utiliza\u00e7\u00e3o do recurso (publica\u00e7\u00e3o de artigos), colocando uma listagem com mais alunos? isso visa garantir que o recurso possa ser utilizado pelos discentes do programa de forma efetiva. Tendo uma margem de possibilidades<\/summary>\n<ul class=\"wp-block-list\">\n<li>Sim, podem montar a proposta nesse sentido.\u202f<\/li>\n<\/ul>\n\n\n\n<hr class=\"wp-block-separator has-alpha-channel-opacity is-style-dots\" \/>\n<\/details>\n\n\n\n<details class=\"wp-block-details is-layout-flow wp-block-details-is-layout-flow\"><summary>2. Outra d\u00favida se solicitarmos 5 mil no Ciclo 1, e n\u00e3o formos contemplados com o valor total, podemos fazer um segundo pedido no Ciclo 2?<\/summary>\n<ul class=\"wp-block-list\">\n<li>\u202fSim, podem enviar. Mas o valor m\u00e1ximo concedido&nbsp;ao&nbsp;ppg&nbsp;ser\u00e1 de&nbsp;at\u00e9&nbsp;5mil considerando as duas propostas.<\/li>\n<\/ul>\n\n\n\n<hr class=\"wp-block-separator has-alpha-channel-opacity is-style-dots\" \/>\n<\/details>\n\n\n\n<details class=\"wp-block-details is-layout-flow wp-block-details-is-layout-flow\"><summary>3. O recurso ser\u00e1 pago diretamente aos discentes ou ser\u00e1 ao PPG?<\/summary>\n<ul class=\"wp-block-list\">\n<li>O recurso ser\u00e1 executado pela PROPG conforme documentos apresentados pelos PPG durante a fase execu\u00e7\u00e3o das propostas. N\u00e3o haver\u00e1 repasse de recurso aos ppg, a docentes ou a discentes \u2013 salvo nos casos de reembolso, conforme previsto no edital quanto a taxas de inscri\u00e7\u00e3o e demais servi\u00e7os de terceiros.<\/li>\n<\/ul>\n\n\n\n<hr class=\"wp-block-separator has-alpha-channel-opacity is-style-dots\" \/>\n<\/details>\n\n\n\n<details class=\"wp-block-details is-layout-flow wp-block-details-is-layout-flow\"><summary>4. Os eventos que poder\u00e3o ter as inscri\u00e7\u00f5es pagas s\u00e3o de que per\u00edodo?<\/summary>\n<ul class=\"wp-block-list\">\n<li>Eventos realizados de janeiro&nbsp;a dezembro de 2026. Sendo que o prazo para pagamento \u00e9 at\u00e9 30 de abril de 2026, prazo da execu\u00e7\u00e3o do edital.<\/li>\n<\/ul>\n\n\n\n<hr class=\"wp-block-separator has-alpha-channel-opacity is-style-dots\" \/>\n<\/details>\n\n\n\n<div style=\"height:25px\" aria-hidden=\"true\" class=\"wp-block-spacer\"><\/div>\n<\/div>\n<\/div>\n\n\n\n<hr class=\"wp-block-separator has-text-color has-alpha-channel-opacity has-background is-style-wide\" style=\"background-color:#e8ecf5;color:#e8ecf5\" \/>\n\n\n\n<p class=\"has-text-color has-link-color wp-elements-16631d866001ae142cbdd3786f7ccd26\" style=\"color:#243673\"><strong><a title=\"\" href=\"#topo\">Voltar ao topo<\/a><\/strong><\/p>\n<\/div>\n\n\n\n<div class=\"wp-block-column is-layout-flow wp-block-column-is-layout-flow\" style=\"flex-basis:7%\"><\/div>\n<\/div>\n\n\n\n<p><\/p>\n","protected":false},"excerpt":{"rendered":"<p>Chamada Institucional de Apoio \u00e0 Participa\u00e7\u00e3o Discente e \u00e0 Produ\u00e7\u00e3o Acad\u00eamica da P\u00f3s-Gradua\u00e7\u00e3o da UFPR EDITAL FORMUL\u00c1RIOS E MODELOS RESULTADOS Ciclo 1: Ciclo 2 D\u00daVIDAS? Em caso de d\u00favida envie e-mail para\u00a0sae.propg@ufpr.br PERGUNTAS E RESPOSTAS Voltar ao topo<\/p>\n","protected":false},"author":5,"featured_media":0,"parent":11760,"menu_order":0,"comment_status":"closed","ping_status":"closed","template":"","meta":{"footnotes":""},"class_list":["post-49513","page","type-page","status-publish","hentry"],"_links":{"self":[{"href":"https:\/\/ufpr.br\/propg\/wp-json\/wp\/v2\/pages\/49513","targetHints":{"allow":["GET"]}}],"collection":[{"href":"https:\/\/ufpr.br\/propg\/wp-json\/wp\/v2\/pages"}],"about":[{"href":"https:\/\/ufpr.br\/propg\/wp-json\/wp\/v2\/types\/page"}],"author":[{"embeddable":true,"href":"https:\/\/ufpr.br\/propg\/wp-json\/wp\/v2\/users\/5"}],"replies":[{"embeddable":true,"href":"https:\/\/ufpr.br\/propg\/wp-json\/wp\/v2\/comments?post=49513"}],"version-history":[{"count":17,"href":"https:\/\/ufpr.br\/propg\/wp-json\/wp\/v2\/pages\/49513\/revisions"}],"predecessor-version":[{"id":51766,"href":"https:\/\/ufpr.br\/propg\/wp-json\/wp\/v2\/pages\/49513\/revisions\/51766"}],"up":[{"embeddable":true,"href":"https:\/\/ufpr.br\/propg\/wp-json\/wp\/v2\/pages\/11760"}],"wp:attachment":[{"href":"https:\/\/ufpr.br\/propg\/wp-json\/wp\/v2\/media?parent=49513"}],"curies":[{"name":"wp","href":"https:\/\/api.w.org\/{rel}","templated":true}]}}