{"id":49405,"date":"2026-01-23T11:31:52","date_gmt":"2026-01-23T14:31:52","guid":{"rendered":"https:\/\/ufpr.br\/propg\/?page_id=49405"},"modified":"2026-01-23T13:59:26","modified_gmt":"2026-01-23T16:59:26","slug":"pedido-de-reconsideracao","status":"publish","type":"page","link":"https:\/\/ufpr.br\/propg\/cpgss\/pedido-de-reconsideracao\/","title":{"rendered":"Pedido de Reconsidera\u00e7\u00e3o de Decis\u00e3o do PPG"},"content":{"rendered":"\n<div style=\"height:50px\" aria-hidden=\"true\" class=\"wp-block-spacer\"><\/div>\n\n\n\n<div class=\"wp-block-columns is-layout-flex wp-container-core-columns-is-layout-9d6595d7 wp-block-columns-is-layout-flex\">\n<div class=\"wp-block-column is-layout-flow wp-block-column-is-layout-flow\" style=\"flex-basis:20%\">\n<div style=\"height:25px\" aria-hidden=\"true\" class=\"wp-block-spacer\"><\/div>\n\n\n<div class=\"wp-block-image\">\n<figure class=\"aligncenter size-full is-resized\" id=\"topo\"><img loading=\"lazy\" decoding=\"async\" width=\"512\" height=\"512\" src=\"https:\/\/ufpr.br\/propg\/wp-content\/uploads\/2025\/06\/Icone_AcessoInformacao_Rosa.png\" alt=\"\" class=\"wp-image-5333\" style=\"object-fit:cover;width:100px;height:100px\" srcset=\"https:\/\/ufpr.br\/propg\/wp-content\/uploads\/2025\/06\/Icone_AcessoInformacao_Rosa.png 512w, https:\/\/ufpr.br\/propg\/wp-content\/uploads\/2025\/06\/Icone_AcessoInformacao_Rosa-300x300.png 300w, https:\/\/ufpr.br\/propg\/wp-content\/uploads\/2025\/06\/Icone_AcessoInformacao_Rosa-150x150.png 150w, https:\/\/ufpr.br\/propg\/wp-content\/uploads\/2025\/06\/Icone_AcessoInformacao_Rosa-98x98.png 98w, https:\/\/ufpr.br\/propg\/wp-content\/uploads\/2025\/06\/Icone_AcessoInformacao_Rosa-57x57.png 57w\" sizes=\"auto, (max-width: 512px) 100vw, 512px\" \/><\/figure><\/div><\/div>\n\n\n\n<div class=\"wp-block-column is-layout-flow wp-block-column-is-layout-flow\" style=\"flex-basis:70%\">\n<h2 class=\"wp-block-heading\">Como entrar com recurso<\/h2>\n\n\n\n<div style=\"height:15px\" aria-hidden=\"true\" class=\"wp-block-spacer\"><\/div>\n\n\n\n<blockquote class=\"wp-block-quote is-layout-flow wp-block-quote-is-layout-flow\">\n<p>Quando um aluno n\u00e3o concordar com uma decis\u00e3o tomada pela Coordena\u00e7\u00e3o ou pelo Colegiado do Programa de P\u00f3s-gradua\u00e7\u00e3o (PPG) ser\u00e1 poss\u00edvel entrar com um recurso \u2013 ou seja, fazer um\u00a0<strong>pedido de reconsidera\u00e7\u00e3o da decis\u00e3o<\/strong>.<\/p>\n<\/blockquote>\n\n\n\n<div style=\"height:25px\" aria-hidden=\"true\" class=\"wp-block-spacer\"><\/div>\n\n\n\n<details class=\"wp-block-details is-layout-flow wp-block-details-is-layout-flow\"><summary>Como entrar com recurso ou pedido de reconsidera\u00e7\u00e3o de uma decis\u00e3o?<\/summary>\n<p>O solicitante dever\u00e1\u00a0<strong>formalizar seu pedido de reconsidera\u00e7\u00e3o\u00a0<mark style=\"background-color:rgba(0, 0, 0, 0)\" class=\"has-inline-color has-vivid-red-color\">por escrito<\/mark>\u00a0com a secretaria do PPG<\/strong>\u00a0que, por sua vez, dever\u00e1 montar um processo administrativo no SEI e proceder com os encaminhamentos. Os prazos est\u00e3o estabelecidos no Regimento Geral da UFPR e poder\u00e3o ser detalhados nos editais espec\u00edficos e nos regimentos de cada PPG, que tamb\u00e9m tem autonomia para desenvolver formul\u00e1rios e outros tr\u00e2mites, sempre respeitando o determinado pelas normativas superiores.\u00a0<\/p>\n\n\n\n<hr class=\"wp-block-separator has-alpha-channel-opacity is-style-dots\"\/>\n<\/details>\n\n\n\n<details class=\"wp-block-details is-layout-flow wp-block-details-is-layout-flow\"><summary>Onde entrar com recurso\/pedido de reconsidera\u00e7\u00e3o de uma decis\u00e3o?<\/summary>\n<p>Diretamente na Secretaria do Programa de P\u00f3s-gradua\u00e7\u00e3o.\u00a0<\/p>\n\n\n\n<hr class=\"wp-block-separator has-alpha-channel-opacity is-style-dots\"\/>\n<\/details>\n\n\n\n<details class=\"wp-block-details is-layout-flow wp-block-details-is-layout-flow\"><summary>Quais as inst\u00e2ncias recursais? A quem direcionar o pedido de reconsidera\u00e7\u00e3o?<\/summary>\n<p>A\u00a0<strong>primeira inst\u00e2ncia recursal \u00e9\u00a0<mark style=\"background-color:rgba(0, 0, 0, 0)\" class=\"has-inline-color has-vivid-red-color\">sempre<\/mark>\u00a0o Colegiado do pr\u00f3prio PPG<\/strong>\u00a0\u2013 n\u00e3o importa se a decis\u00e3o foi tomada por uma banca de processo seletivo, pela coordena\u00e7\u00e3o do programa ou pelo pr\u00f3prio colegiado do PPG.\u00a0\u00a0Aten\u00e7\u00e3o: por\u00a0<strong>n\u00e3o ser um \u00f3rg\u00e3o\u00a0<mark style=\"background-color:rgba(0, 0, 0, 0)\" class=\"has-inline-color has-vivid-red-color\">colegiado<\/mark><\/strong>, a\u00a0PROPG\u00a0<strong>n\u00e3o<\/strong>\u00a0\u00e9 inst\u00e2ncia recursal.<\/p>\n\n\n\n<p>Caso seu\u00a0<strong><mark style=\"background-color:rgba(0, 0, 0, 0)\" class=\"has-inline-color has-vivid-red-color\">pedido de reconsidera\u00e7\u00e3o<\/mark>\u00a0j\u00e1 tenha sido analisado<\/strong>\u00a0pelo colegiado do Programa de P\u00f3s-gradua\u00e7\u00e3o (PPG), \u00e9 necess\u00e1rio entrar com recurso \u00e0\u00a0<strong>inst\u00e2ncia colegiada imediatamente superior<\/strong>, o Conselho Setorial, que atuar\u00e1 como segunda inst\u00e2ncia. Em caso de negativa do Conselho Setorial, a \u00faltima inst\u00e2ncia dentro da UFPR ser\u00e1 o Conselho de Ensino, Pesquisa e Extens\u00e3o (o CEPE).<\/p>\n\n\n\n<p>Em resumo, sequencialmente:<\/p>\n\n\n\n<ul class=\"wp-block-list\">\n<li>decis\u00e3o do Colegiado<\/li>\n<\/ul>\n\n\n\n<ul class=\"wp-block-list\">\n<li>reconsidera\u00e7\u00e3o ao Colegiado<\/li>\n<\/ul>\n\n\n\n<ul class=\"wp-block-list\">\n<li>recurso ao SETOR (n\u00e3o se aplica ao PGMADE)<\/li>\n<\/ul>\n\n\n\n<ul class=\"wp-block-list\">\n<li>recurso ao CEPE<\/li>\n<\/ul>\n\n\n\n<ul class=\"wp-block-list\">\n<li>recurso ao COUN<\/li>\n<\/ul>\n\n\n\n<hr class=\"wp-block-separator has-text-color has-alpha-channel-opacity has-background is-style-wide\" style=\"background-color:#e8ecf5;color:#e8ecf5\"\/>\n\n\n\n<p><strong>Exce\u00e7\u00e3o:<\/strong> caso o PPG n\u00e3o esteja vinculado diretamente a um setor, a segunda inst\u00e2ncia recursal ser\u00e1 o Conselho de Ensino, Pesquisa e Extens\u00e3o (o CEPE) e a \u00faltima inst\u00e2ncia recursal ser\u00e1 o Conselho Universit\u00e1rio (COUN). Este \u00e9 o caso do PGMADE.\u00a0<\/p>\n\n\n\n<hr class=\"wp-block-separator has-alpha-channel-opacity is-style-dots\"\/>\n<\/details>\n\n\n\n<details class=\"wp-block-details is-layout-flow wp-block-details-is-layout-flow\"><summary>Como acompanho meu pedido de reconsidera\u00e7\u00e3o?<\/summary>\n<p>Solicitando as informa\u00e7\u00f5es diretamente na Secretaria do Programa de P\u00f3s-gradua\u00e7\u00e3o e\/ou acompanhando o processo administrativo no SEI (exige cadastramento e procedimentos espec\u00edficos).<\/p>\n\n\n\n<hr class=\"wp-block-separator has-alpha-channel-opacity is-style-dots\"\/>\n<\/details>\n\n\n\n<details class=\"wp-block-details is-layout-flow wp-block-details-is-layout-flow\"><summary>Como acompanho meu processo administrativo no sistema SEI?<\/summary>\n<ul class=\"wp-block-list\">\n<li>o PPG poder\u00e1 dar acesso aos demandantes para visualiza\u00e7\u00e3o do processo SEI gerado, desde que tenha sido feito o cadastro para membros externos, diretamente na p\u00e1gina\u00a0<a href=\"https:\/\/sei.ufpr.br\/sei\/web\/controlador_externo.php?acao=usuario_externo_logar&amp;id_orgao_acesso_externo=0\" target=\"_blank\" rel=\"noreferrer noopener\">https:\/\/sei.ufpr.br\/sei\/web\/controlador_externo.php?acao=usuario_externo_logar&amp;id_orgao_acesso_externo=0<\/a>.<\/li>\n<\/ul>\n\n\n\n<ul class=\"wp-block-list\">\n<li>o pr\u00f3prio solicitante precisar\u00e1 cadastrar-se no link mencionado acima e aguardar os tr\u00e2mites do setor de inform\u00e1tica da UFPR<\/li>\n<\/ul>\n\n\n\n<ul class=\"wp-block-list\">\n<li>lembramos que esse cadastro no SEI n\u00e3o \u00e9 feito pelo PPG, que apenas concede o acesso ao processo administrativo ap\u00f3s o discente ter seu cadastro autorizado pelo setor respons\u00e1vel<\/li>\n<\/ul>\n\n\n\n<ul class=\"wp-block-list\">\n<li>ap\u00f3s formalizar o pedido de reconsidera\u00e7\u00e3o por escrito com a secretaria\/coordena\u00e7\u00e3o do PPG, o demandante deve solicitar o n\u00famero do processo e o acesso para visualiza\u00e7\u00e3o como membro externo do SEI<\/li>\n<\/ul>\n\n\n\n<hr class=\"wp-block-separator has-alpha-channel-opacity is-style-dots\"\/>\n<\/details>\n\n\n\n<details class=\"wp-block-details is-layout-flow wp-block-details-is-layout-flow\"><summary>Qual a legisla\u00e7\u00e3o que trata de pedidos de reconsidera\u00e7\u00e3o\/interposi\u00e7\u00e3o de recursos na UFPR?<\/summary>\n<p>\u00c9 poss\u00edvel consultar todas as normativas no site da UFPR, em\u00a0<a href=\"https:\/\/www.ufpr.br\/portalufpr\/soc\/\" target=\"_blank\" rel=\"noreferrer noopener\">https:\/\/www.ufpr.br\/portalufpr\/soc<\/a>:<\/p>\n\n\n\n<hr class=\"wp-block-separator has-text-color has-alpha-channel-opacity has-background is-style-wide\" style=\"background-color:#e8ecf5;color:#e8ecf5\"\/>\n\n\n\n<div style=\"height:25px\" aria-hidden=\"true\" class=\"wp-block-spacer\"><\/div>\n\n\n\n<p><a href=\"http:\/\/www.soc.ufpr.br\/portal\/wp-content\/uploads\/2017\/12\/Res.-32-17-CEPE-Normas-para-o-curso-de-P%C3%B3s-Gradua%C3%A7%C3%A3o-stricto-sensu.pdf\" target=\"_blank\" rel=\"noreferrer noopener\"><strong>Resolu\u00e7\u00e3o. 32\/17 CEPE UFPR<\/strong><\/a><\/p>\n\n\n\n<p>Art. 55 As decis\u00f5es dos Colegiados dos PPGs ser\u00e3o suscet\u00edveis de recurso ao Conselho Setorial,<br>sendo os casos omissos resolvidos pela PROPG.<\/p>\n\n\n\n<p>Art. 56 Os recursos das decis\u00f5es dos Conselhos Setoriais ser\u00e3o dirigidos ao CEPE.<\/p>\n\n\n\n<div style=\"height:20px\" aria-hidden=\"true\" class=\"wp-block-spacer\"><\/div>\n\n\n\n<hr class=\"wp-block-separator has-text-color has-alpha-channel-opacity has-background is-style-wide\" style=\"background-color:#e8ecf5;color:#e8ecf5\"\/>\n\n\n\n<div style=\"height:25px\" aria-hidden=\"true\" class=\"wp-block-spacer\"><\/div>\n\n\n\n<p><strong><a href=\"http:\/\/www.soc.ufpr.br\/portal\/wp-content\/uploads\/2019\/05\/Reg-Geral-da-UFPR-atualizado.pdf\" target=\"_blank\" rel=\"noreferrer noopener\">Regimento geral UFPR<\/a>\u00a0Se\u00e7\u00e3o III\u00a0Recursos<\/strong><\/p>\n\n\n\n<p>Art. 28. Das decis\u00f5es caber\u00e1 a interposi\u00e7\u00e3o de\u00a0recurso\u00a0para a inst\u00e2ncia imediatamente superior, na forma seguinte:<\/p>\n\n\n\n<p>I- dos departamentos, colegiados de curso, coordenadores, chefes de departamento e diretores para o conselho\u00a0setorial;<\/p>\n\n\n\n<p>II- dos conselhos\u00a0setoriais\u00a0para o Conselho de Planejamento e Administra\u00e7\u00e3o ou para o Conselho de Ensino, Pesquisa e Extens\u00e3o;<\/p>\n\n\n\n<p>III- dos Conselhos de Planejamento e Administra\u00e7\u00e3o e Ensino, Pesquisa e Extens\u00e3o e do Reitor para o Conselho Universit\u00e1rio.<\/p>\n\n\n\n<blockquote class=\"wp-block-quote is-layout-flow wp-block-quote-is-layout-flow\">\n<p>\u00a7 1\u00ba O\u00a0recurso\u00a0ser\u00e1 dirigido \u00e0 autoridade que proferiu a decis\u00e3o, a qual, se n\u00e3o a reconsiderar no prazo de cinco dias, o encaminhar\u00e1 \u00e0 autoridade competente.<\/p>\n\n\n\n<p>\u00a7 2\u00ba O\u00a0recurso\u00a0dever\u00e1 ser protocolado no prazo de dez dias corridos, contados da ci\u00eancia pelo interessado aposta nos autos ou, na sua falta, da juntada ao processo do comprovante de recebimento de c\u00f3pia da decis\u00e3o encaminhada por of\u00edcio por via postal.<\/p>\n<\/blockquote>\n\n\n\n<div style=\"height:20px\" aria-hidden=\"true\" class=\"wp-block-spacer\"><\/div>\n\n\n\n<hr class=\"wp-block-separator has-text-color has-alpha-channel-opacity has-background is-style-wide\" style=\"background-color:#e8ecf5;color:#e8ecf5\"\/>\n\n\n\n<div style=\"height:25px\" aria-hidden=\"true\" class=\"wp-block-spacer\"><\/div>\n\n\n\n<p><strong><a href=\"http:\/\/www.planalto.gov.br\/ccivil_03\/leis\/l9784.htm\" target=\"_blank\" rel=\"noreferrer noopener\">Lei 9784\/99<\/a>\u00a0\u00a0Regula o processo administrativo no \u00e2mbito da Administra\u00e7\u00e3o P\u00fablica Federal.<\/strong><\/p>\n\n\n\n<p>Art. 3\u00ba O administrado tem os seguintes direitos perante a Administra\u00e7\u00e3o, sem preju\u00edzo de outros que lhe sejam assegurados:<\/p>\n\n\n\n<blockquote class=\"wp-block-quote is-layout-flow wp-block-quote-is-layout-flow\">\n<p>III \u2013 formular alega\u00e7\u00f5es e apresentar documentos antes da decis\u00e3o, os quais ser\u00e3o objeto de considera\u00e7\u00e3o pelo \u00f3rg\u00e3o competente;<\/p>\n<\/blockquote>\n\n\n\n<p>CAP\u00cdTULO XV DO&nbsp;RECURSO&nbsp;ADMINISTRATIVO E DA REVIS\u00c3O<\/p>\n\n\n\n<p>Art. 56. Das decis\u00f5es administrativas cabe&nbsp;recurso, em face de raz\u00f5es de legalidade e de m\u00e9rito.<\/p>\n\n\n\n<blockquote class=\"wp-block-quote is-layout-flow wp-block-quote-is-layout-flow\">\n<p>\u00a7 1\u00ba O recurso ser\u00e1 dirigido \u00e0 autoridade que proferiu a decis\u00e3o, a qual, se n\u00e3o a reconsiderar no prazo de cinco dias, o encaminhar\u00e1 \u00e0 autoridade superior.<\/p>\n<\/blockquote>\n<\/details>\n<\/div>\n\n\n\n<div class=\"wp-block-column is-layout-flow wp-block-column-is-layout-flow\" style=\"flex-basis:10%\"><\/div>\n<\/div>\n\n\n\n<p><\/p>\n","protected":false},"excerpt":{"rendered":"<p>Como entrar com recurso Quando um aluno n\u00e3o concordar com uma decis\u00e3o tomada pela Coordena\u00e7\u00e3o ou pelo Colegiado do Programa de P\u00f3s-gradua\u00e7\u00e3o (PPG) ser\u00e1 poss\u00edvel entrar com um recurso \u2013 ou seja, fazer um\u00a0pedido de reconsidera\u00e7\u00e3o da decis\u00e3o.<\/p>\n","protected":false},"author":5,"featured_media":0,"parent":2756,"menu_order":0,"comment_status":"closed","ping_status":"closed","template":"","meta":{"footnotes":""},"class_list":["post-49405","page","type-page","status-publish","hentry"],"_links":{"self":[{"href":"https:\/\/ufpr.br\/propg\/wp-json\/wp\/v2\/pages\/49405","targetHints":{"allow":["GET"]}}],"collection":[{"href":"https:\/\/ufpr.br\/propg\/wp-json\/wp\/v2\/pages"}],"about":[{"href":"https:\/\/ufpr.br\/propg\/wp-json\/wp\/v2\/types\/page"}],"author":[{"embeddable":true,"href":"https:\/\/ufpr.br\/propg\/wp-json\/wp\/v2\/users\/5"}],"replies":[{"embeddable":true,"href":"https:\/\/ufpr.br\/propg\/wp-json\/wp\/v2\/comments?post=49405"}],"version-history":[{"count":43,"href":"https:\/\/ufpr.br\/propg\/wp-json\/wp\/v2\/pages\/49405\/revisions"}],"predecessor-version":[{"id":49480,"href":"https:\/\/ufpr.br\/propg\/wp-json\/wp\/v2\/pages\/49405\/revisions\/49480"}],"up":[{"embeddable":true,"href":"https:\/\/ufpr.br\/propg\/wp-json\/wp\/v2\/pages\/2756"}],"wp:attachment":[{"href":"https:\/\/ufpr.br\/propg\/wp-json\/wp\/v2\/media?parent=49405"}],"curies":[{"name":"wp","href":"https:\/\/api.w.org\/{rel}","templated":true}]}}