{"id":49367,"date":"2026-01-23T09:42:45","date_gmt":"2026-01-23T12:42:45","guid":{"rendered":"https:\/\/ufpr.br\/propg\/?page_id=49367"},"modified":"2026-01-23T10:23:55","modified_gmt":"2026-01-23T13:23:55","slug":"pos-doutorado","status":"publish","type":"page","link":"https:\/\/ufpr.br\/propg\/cpgss\/pos-doutorado\/","title":{"rendered":"P\u00f3s-Doutorado"},"content":{"rendered":"\n<div style=\"height:50px\" aria-hidden=\"true\" class=\"wp-block-spacer\"><\/div>\n\n\n\n<div class=\"wp-block-columns is-layout-flex wp-container-core-columns-is-layout-9d6595d7 wp-block-columns-is-layout-flex\">\n<div class=\"wp-block-column is-layout-flow wp-block-column-is-layout-flow\" style=\"flex-basis:20%\"><div class=\"wp-block-image\">\n<figure class=\"aligncenter size-full is-resized\" id=\"topo\"><img loading=\"lazy\" decoding=\"async\" width=\"512\" height=\"512\" src=\"https:\/\/ufpr.br\/propg\/wp-content\/uploads\/2025\/06\/Icone_Capelo_Certificado_Rosa.png\" alt=\"\" class=\"wp-image-5514\" style=\"object-fit:cover;width:100px;height:100px\" srcset=\"https:\/\/ufpr.br\/propg\/wp-content\/uploads\/2025\/06\/Icone_Capelo_Certificado_Rosa.png 512w, https:\/\/ufpr.br\/propg\/wp-content\/uploads\/2025\/06\/Icone_Capelo_Certificado_Rosa-300x300.png 300w, https:\/\/ufpr.br\/propg\/wp-content\/uploads\/2025\/06\/Icone_Capelo_Certificado_Rosa-150x150.png 150w, https:\/\/ufpr.br\/propg\/wp-content\/uploads\/2025\/06\/Icone_Capelo_Certificado_Rosa-98x98.png 98w, https:\/\/ufpr.br\/propg\/wp-content\/uploads\/2025\/06\/Icone_Capelo_Certificado_Rosa-57x57.png 57w\" sizes=\"auto, (max-width: 512px) 100vw, 512px\" \/><\/figure><\/div><\/div>\n\n\n\n<div class=\"wp-block-column is-layout-flow wp-block-column-is-layout-flow\" style=\"flex-basis:70%\">\n<ul class=\"wp-block-list\">\n<li><a href=\"http:\/\/www.soc.ufpr.br\/portal\/wp-content\/uploads\/2018\/03\/cepe-16-18.pdf\" target=\"_blank\" rel=\"noreferrer noopener\">Resolu\u00e7\u00e3o 16\/18-CEPE (revoga a 80\/04-CEPE)<\/a>: Estabelece normas para o Est\u00e1gio de P\u00f3s-Doutorado no \u00e2mbito da Universidade Federal do Paran\u00e1.<\/li>\n<\/ul>\n\n\n\n<ul class=\"wp-block-list\">\n<li><a href=\"https:\/\/ufpr.br\/propg\/wp-content\/uploads\/2025\/09\/of-012-de-2018-nova-resoluo-ps-doc.pdf\" target=\"_blank\" rel=\"noreferrer noopener\">Of. 012 de 2018<\/a>\u00a0\u2013 Procedimentos para\u00a0est\u00e1gio de\u00a0<strong>P\u00f3s-doutorado<\/strong>\u00a0no \u00e2mbito da UFPR<\/li>\n<\/ul>\n\n\n\n<div style=\"height:25px\" aria-hidden=\"true\" class=\"wp-block-spacer\"><\/div>\n\n\n\n<h2 class=\"wp-block-heading\">Minuta de edital de processo seletivo conforme recomenda\u00e7\u00f5es do Minist\u00e9rio P\u00fablico:<\/h2>\n\n\n\n<div style=\"height:15px\" aria-hidden=\"true\" class=\"wp-block-spacer\"><\/div>\n\n\n\n<ul class=\"wp-block-list\">\n<li><a href=\"https:\/\/ufpr.br\/propg\/wp-content\/uploads\/2025\/09\/10-of-n-253-16-ministrio-pblico-alterao-minuta-edital-proc-seletivo-29-11-16.pdf\" target=\"_blank\" rel=\"noreferrer noopener\">Of. n\u00ba 253.16-PRPPG Minist\u00e9rio P\u00fablico<\/a>\u00a0\u2013 Minuta de Edital Processo Seletivo \u2013 29.11.16<\/li>\n<\/ul>\n\n\n\n<ul class=\"wp-block-list\">\n<li>Anexo I:\u00a0<a href=\"https:\/\/ufpr.br\/propg\/wp-content\/uploads\/2025\/09\/recomendaes-do-ministrio-pblico-editais-de-processo-seletivo.pdf\" target=\"_blank\" rel=\"noreferrer noopener\">Recomenda\u00e7\u00f5es do MP<\/a>\u00a0(s\u00edntese)<\/li>\n<\/ul>\n\n\n\n<ul class=\"wp-block-list\">\n<li>Anexo II: Vers\u00e3o edit\u00e1vel da minuta para processo seletivo de\u00a0<a href=\"https:\/\/www.prppg.ufpr.br\/site\/wp-content\/uploads\/2019\/04\/minuta-edital-proc-seletivo-mestrado-e-doutorado-29-11-16.doc\">mestrado e doutorado<\/a> &#8211; <mark style=\"background-color:#fcb900\" class=\"has-inline-color\">LINK QUEBRADO<\/mark><\/li>\n<\/ul>\n\n\n\n<ul class=\"wp-block-list\">\n<li>Anexo III: Vers\u00e3o edit\u00e1vel da minuta para processo seletivo de\u00a0<a href=\"https:\/\/ufpr.br\/propg\/wp-content\/uploads\/2024\/11\/minuta-edital-proc-seletivo-ps-doc-24-10-17.docx\" target=\"_blank\" rel=\"noreferrer noopener\">p\u00f3s-doutorado<\/a><\/li>\n<\/ul>\n\n\n\n<hr class=\"wp-block-separator has-text-color has-alpha-channel-opacity has-background is-style-wide\" style=\"background-color:#e8ecf5;color:#e8ecf5\"\/>\n\n\n\n<p>>> <a href=\"https:\/\/ufpr.br\/propg\/udc\/pos-doutorado\/\">Orienta\u00e7\u00f5es sobre a emiss\u00e3o do certificado de p\u00f3s-doutorado<\/a><\/p>\n<\/div>\n\n\n\n<div class=\"wp-block-column is-layout-flow wp-block-column-is-layout-flow\" style=\"flex-basis:10%\"><\/div>\n<\/div>\n\n\n\n<p><\/p>\n","protected":false},"excerpt":{"rendered":"<p>Minuta de edital de processo seletivo conforme recomenda\u00e7\u00f5es do Minist\u00e9rio P\u00fablico: >> Orienta\u00e7\u00f5es sobre a emiss\u00e3o do certificado de p\u00f3s-doutorado<\/p>\n","protected":false},"author":5,"featured_media":0,"parent":2756,"menu_order":0,"comment_status":"closed","ping_status":"closed","template":"","meta":{"footnotes":""},"class_list":["post-49367","page","type-page","status-publish","hentry"],"_links":{"self":[{"href":"https:\/\/ufpr.br\/propg\/wp-json\/wp\/v2\/pages\/49367","targetHints":{"allow":["GET"]}}],"collection":[{"href":"https:\/\/ufpr.br\/propg\/wp-json\/wp\/v2\/pages"}],"about":[{"href":"https:\/\/ufpr.br\/propg\/wp-json\/wp\/v2\/types\/page"}],"author":[{"embeddable":true,"href":"https:\/\/ufpr.br\/propg\/wp-json\/wp\/v2\/users\/5"}],"replies":[{"embeddable":true,"href":"https:\/\/ufpr.br\/propg\/wp-json\/wp\/v2\/comments?post=49367"}],"version-history":[{"count":14,"href":"https:\/\/ufpr.br\/propg\/wp-json\/wp\/v2\/pages\/49367\/revisions"}],"predecessor-version":[{"id":49390,"href":"https:\/\/ufpr.br\/propg\/wp-json\/wp\/v2\/pages\/49367\/revisions\/49390"}],"up":[{"embeddable":true,"href":"https:\/\/ufpr.br\/propg\/wp-json\/wp\/v2\/pages\/2756"}],"wp:attachment":[{"href":"https:\/\/ufpr.br\/propg\/wp-json\/wp\/v2\/media?parent=49367"}],"curies":[{"name":"wp","href":"https:\/\/api.w.org\/{rel}","templated":true}]}}