{"id":49341,"date":"2026-01-23T09:15:22","date_gmt":"2026-01-23T12:15:22","guid":{"rendered":"https:\/\/ufpr.br\/propg\/?page_id=49341"},"modified":"2026-01-23T09:27:25","modified_gmt":"2026-01-23T12:27:25","slug":"informacoes-sobre-mestrado-e-doutorado","status":"publish","type":"page","link":"https:\/\/ufpr.br\/propg\/cpgss\/informacoes-sobre-mestrado-e-doutorado\/","title":{"rendered":"Informa\u00e7\u00f5es sobre Mestrado e Doutorado"},"content":{"rendered":"\n<div style=\"height:50px\" aria-hidden=\"true\" class=\"wp-block-spacer\"><\/div>\n\n\n\n<div class=\"wp-block-columns is-layout-flex wp-container-core-columns-is-layout-9d6595d7 wp-block-columns-is-layout-flex\">\n<div class=\"wp-block-column is-layout-flow wp-block-column-is-layout-flow\" style=\"flex-basis:20%\"><div class=\"wp-block-image\">\n<figure class=\"aligncenter size-full is-resized\" id=\"topo\"><img loading=\"lazy\" decoding=\"async\" width=\"512\" height=\"512\" src=\"https:\/\/ufpr.br\/propg\/wp-content\/uploads\/2025\/06\/Icone_AcessoInformacao_Rosa.png\" alt=\"\" class=\"wp-image-5333\" style=\"object-fit:cover;width:100px;height:100px\" srcset=\"https:\/\/ufpr.br\/propg\/wp-content\/uploads\/2025\/06\/Icone_AcessoInformacao_Rosa.png 512w, https:\/\/ufpr.br\/propg\/wp-content\/uploads\/2025\/06\/Icone_AcessoInformacao_Rosa-300x300.png 300w, https:\/\/ufpr.br\/propg\/wp-content\/uploads\/2025\/06\/Icone_AcessoInformacao_Rosa-150x150.png 150w, https:\/\/ufpr.br\/propg\/wp-content\/uploads\/2025\/06\/Icone_AcessoInformacao_Rosa-98x98.png 98w, https:\/\/ufpr.br\/propg\/wp-content\/uploads\/2025\/06\/Icone_AcessoInformacao_Rosa-57x57.png 57w\" sizes=\"auto, (max-width: 512px) 100vw, 512px\" \/><\/figure><\/div><\/div>\n\n\n\n<div class=\"wp-block-column is-layout-flow wp-block-column-is-layout-flow\" style=\"flex-basis:70%\">\n<p>Para obter\u00a0informa\u00e7\u00f5es\u00a0sobre sele\u00e7\u00e3o, ingresso, matr\u00edcula, crit\u00e9rios de concess\u00e3o de bolsas de estudo, \u00a0processosseletivos\u00a0de\u00a0<strong>mestrado\u00a0e doutorado<\/strong>\u00a0em andamento,\u00a0<strong>calend\u00e1rio acad\u00eamico<\/strong>\u00a0e demais\u00a0informa\u00e7\u00f5es\u00a0espec\u00edficas, por gentileza,\u00a0entre em contato com o\u00a0<a href=\"https:\/\/ufpr.br\/propg\/cpgss\/programas-mestrado-doutorado\/\" target=\"_blank\" rel=\"noreferrer noopener\">Programa\u00a0de\u00a0P\u00f3s-Gradua\u00e7\u00e3o de seu interesse<\/a>.<\/p>\n\n\n\n<p>No site da PROPG temos o link para o site e as formas de contato (telefones, e-mails e endere\u00e7o da secretaria) de todos os\u00a0programas\u00a0de\u00a0p\u00f3s-gradua\u00e7\u00e3o da UFPR.<\/p>\n\n\n\n<p>Cada programa de p\u00f3s-gradua\u00e7\u00e3o tem calend\u00e1rio e regimento pr\u00f3prios, de acordo com a autonomia do colegiado. Entrando no&nbsp;<strong>site de cada&nbsp;programa<\/strong>&nbsp;\u00e9 poss\u00edvel conhecer sua estrutura curricular, as linhas de pesquisa e \u00e1reas de concentra\u00e7\u00e3o, o regimento do curso, &nbsp;as formas de avalia\u00e7\u00e3o, consultar os editais vigentes, os crit\u00e9rios para concess\u00e3o de bolsas de estudos e todas as&nbsp;informa\u00e7\u00f5es&nbsp;pertinentes ao&nbsp;programa&nbsp;de&nbsp;p\u00f3s-gradua\u00e7\u00e3o.<\/p>\n\n\n\n<p><a href=\"https:\/\/ufpr.br\/propg\/cpgss\/programas-mestrado-doutorado\/\">Clique aqui<\/a>\u00a0para visualizar as\u00a0informa\u00e7\u00f5es\u00a0ou copie e cole o seguinte endere\u00e7o eletr\u00f4nico em seu navegador:\u00a0<a href=\"https:\/\/ufpr.br\/propg\/cpgss\/programas-mestrado-doutorado\/\" target=\"_blank\" rel=\"noreferrer noopener\">https:\/\/ufpr.br\/propg\/cpgss\/programas-mestrado-doutorado\/<\/a><\/p>\n\n\n\n<hr class=\"wp-block-separator has-text-color has-alpha-channel-opacity has-background is-style-wide\" style=\"background-color:#e8ecf5;color:#e8ecf5\"\/>\n\n\n\n<p>Para informa\u00e7\u00f5es sobre\u00a0<strong>cursos de especializa\u00e7\u00e3o ou aperfei\u00e7oamento<\/strong>\u00a0(MBA, resid\u00eancia m\u00e9dica, etc.) entre em contato com a Coordenadoria Lato Sensu, atrav\u00e9s do e-mail\u00a0<a href=\"mailto:lato@ufpr.br\" target=\"_blank\" rel=\"noreferrer noopener\">lato@ufpr.br<\/a>\u00a0ou pelo\u00a0 endere\u00e7o eletr\u00f4nico:\u00a0<a href=\"https:\/\/ufpr.br\/propg\/especializacao\/\" target=\"_blank\" rel=\"noreferrer noopener\">https:\/\/ufpr.br\/propg\/especializacao\/<\/a><\/p>\n<\/div>\n\n\n\n<div class=\"wp-block-column is-layout-flow wp-block-column-is-layout-flow\" style=\"flex-basis:10%\"><\/div>\n<\/div>\n\n\n\n<p><\/p>\n","protected":false},"excerpt":{"rendered":"<p>Para obter\u00a0informa\u00e7\u00f5es\u00a0sobre sele\u00e7\u00e3o, ingresso, matr\u00edcula, crit\u00e9rios de concess\u00e3o de bolsas de estudo, \u00a0processosseletivos\u00a0de\u00a0mestrado\u00a0e doutorado\u00a0em andamento,\u00a0calend\u00e1rio acad\u00eamico\u00a0e demais\u00a0informa\u00e7\u00f5es\u00a0espec\u00edficas, por gentileza,\u00a0entre em contato com o\u00a0Programa\u00a0de\u00a0P\u00f3s-Gradua\u00e7\u00e3o de seu interesse. No site da PROPG temos o link para o site e as formas de contato (telefones, e-mails e endere\u00e7o da secretaria) de todos os\u00a0programas\u00a0de\u00a0p\u00f3s-gradua\u00e7\u00e3o da UFPR. Cada programa de [&hellip;]<\/p>\n","protected":false},"author":5,"featured_media":0,"parent":2756,"menu_order":0,"comment_status":"closed","ping_status":"closed","template":"","meta":{"footnotes":""},"class_list":["post-49341","page","type-page","status-publish","hentry"],"_links":{"self":[{"href":"https:\/\/ufpr.br\/propg\/wp-json\/wp\/v2\/pages\/49341","targetHints":{"allow":["GET"]}}],"collection":[{"href":"https:\/\/ufpr.br\/propg\/wp-json\/wp\/v2\/pages"}],"about":[{"href":"https:\/\/ufpr.br\/propg\/wp-json\/wp\/v2\/types\/page"}],"author":[{"embeddable":true,"href":"https:\/\/ufpr.br\/propg\/wp-json\/wp\/v2\/users\/5"}],"replies":[{"embeddable":true,"href":"https:\/\/ufpr.br\/propg\/wp-json\/wp\/v2\/comments?post=49341"}],"version-history":[{"count":8,"href":"https:\/\/ufpr.br\/propg\/wp-json\/wp\/v2\/pages\/49341\/revisions"}],"predecessor-version":[{"id":49356,"href":"https:\/\/ufpr.br\/propg\/wp-json\/wp\/v2\/pages\/49341\/revisions\/49356"}],"up":[{"embeddable":true,"href":"https:\/\/ufpr.br\/propg\/wp-json\/wp\/v2\/pages\/2756"}],"wp:attachment":[{"href":"https:\/\/ufpr.br\/propg\/wp-json\/wp\/v2\/media?parent=49341"}],"curies":[{"name":"wp","href":"https:\/\/api.w.org\/{rel}","templated":true}]}}