{"id":4228,"date":"2024-11-22T15:05:13","date_gmt":"2024-11-22T18:05:13","guid":{"rendered":"https:\/\/ufpr.br\/?page=4228"},"modified":"2025-09-09T14:58:33","modified_gmt":"2025-09-09T17:58:33","slug":"mudanca-de-ano-base-no-siga","status":"publish","type":"page","link":"https:\/\/ufpr.br\/propg\/cpgss\/mudanca-de-ano-base-no-siga\/","title":{"rendered":"Mudan\u00e7a de ano base no SIGA"},"content":{"rendered":"\n<div style=\"height:50px\" aria-hidden=\"true\" class=\"wp-block-spacer\"><\/div>\n\n\n\n<div class=\"wp-block-columns is-layout-flex wp-container-core-columns-is-layout-9d6595d7 wp-block-columns-is-layout-flex\">\n<div class=\"wp-block-column is-layout-flow wp-block-column-is-layout-flow\" style=\"flex-basis:20%\"><div class=\"wp-block-image\">\n<figure class=\"aligncenter size-full is-resized\"><img decoding=\"async\" src=\"https:\/\/ufpr.br\/propg\/wp-content\/uploads\/2025\/09\/Icone_MudancaCalendario_Rosa.png\" alt=\"\" class=\"wp-image-26289\" style=\"width:120px\"\/><\/figure><\/div><\/div>\n\n\n\n<div class=\"wp-block-column is-layout-flow wp-block-column-is-layout-flow\" style=\"flex-basis:70%\">\n<blockquote class=\"wp-block-quote is-layout-flow wp-block-quote-is-layout-flow\">\n<p>\u00c0s coordena\u00e7\u00f5es e secretarias dos PPGs,<\/p>\n\n\n\n<p>Com o encerramento do ano de 2023 \u00e9 importante refor\u00e7ar a necessidade de uniformiza\u00e7\u00e3o dos procedimentos para registro de atividades na plataforma SIGA. Essa uniformiza\u00e7\u00e3o \u00e9 essencial para melhorar a gest\u00e3o de informa\u00e7\u00f5es dos nossos programas de p\u00f3s-gradua\u00e7\u00e3o stricto sensu.<\/p>\n\n\n\n<p><strong>Todas as informa\u00e7\u00f5es cr\u00edticas referentes ao exerc\u00edcio anterior devem ser registradas no sistema&nbsp;<mark style=\"background-color:rgba(0, 0, 0, 0)\" class=\"has-inline-color has-black-color\">antes<\/mark>&nbsp;que ocorra o&nbsp;encerramento do ano base atual (2023) e in\u00edcio do novo (2024).<\/strong>&nbsp;Por isso, pedimos especial aten\u00e7\u00e3o aos procedimentos requeridos previamente \u00e0 solicita\u00e7\u00e3o da troca de ano base.<\/p>\n<\/blockquote>\n\n\n\n<div style=\"height:25px\" aria-hidden=\"true\" class=\"wp-block-spacer\"><\/div>\n\n\n\n<h2 class=\"wp-block-heading\">MUDAN\u00c7A DE ANO BASE NO SIGA: ENCERRAMENTO DE 2023<\/h2>\n\n\n\n<div style=\"height:25px\" aria-hidden=\"true\" class=\"wp-block-spacer\"><\/div>\n\n\n\n<h2 class=\"wp-block-heading has-text-align-left has-background has-medium-font-size\" id=\"coordenadoria\" style=\"background-color:#e8ecf5\">CALEND\u00c1RIO PARA MUDAN\u00c7A DO ANO BASE<\/h2>\n\n\n\n<hr class=\"wp-block-separator has-text-color has-alpha-channel-opacity has-background is-style-wide\" style=\"background-color:#e8ecf5;color:#e8ecf5\"\/>\n\n\n\n<p>N\u00e3o h\u00e1 um calend\u00e1rio fixo para efetuar a mudan\u00e7a de ano base;&nbsp;<strong>cada programa devese organizar e solicitar a mudan\u00e7a de ano base<\/strong>. Todavia, nenhum evento referente ao novo ano&nbsp;(processos seletivos, matr\u00edculas, etc.) poder\u00e1 ser realizado se o ano base&nbsp;anterior&nbsp;n\u00e3o tiver sido encerrado.&nbsp;<\/p>\n\n\n\n<p>Al\u00e9m disso, grande parte das atividades relativas ao ano anterior n\u00e3o poder\u00e1 ser alterada a&nbsp;partir do ato de encerramento do ano corrente \u2013 portanto, especial aten\u00e7\u00e3o aos registros \u00e9&nbsp;necess\u00e1ria antes de solicitar a mudan\u00e7a de ano base.&nbsp;<\/p>\n\n\n\n<div style=\"height:50px\" aria-hidden=\"true\" class=\"wp-block-spacer\"><\/div>\n\n\n\n<h2 class=\"wp-block-heading has-text-align-left has-background has-medium-font-size\" id=\"coordenadoria\" style=\"background-color:#e8ecf5\">PROCEDIMENTOS PARA MUDAN\u00c7A DE ANO BASE NO SISTEMA SIGA<\/h2>\n\n\n\n<hr class=\"wp-block-separator has-text-color has-alpha-channel-opacity has-background is-style-wide\" style=\"background-color:#e8ecf5;color:#e8ecf5\"\/>\n\n\n\n<p>Em linhas gerais, trocar de ano base significa \u201cfechar\u201d o sistema para aquele ano.&nbsp;<strong>Antes de efetuar a troca do ano base \u00e9 preciso que todas as informa\u00e7\u00f5es de atividades que&nbsp;tenham&nbsp;<\/strong><strong>ocorrido em 2023 sejam registradas na plataforma SIGA<\/strong>, pois, salvo poucas&nbsp;exce\u00e7\u00f5es, a incorpora\u00e7\u00e3o de novos dados n\u00e3o poder\u00e1 ser realizada posteriormente.&nbsp;<\/p>\n\n\n\n<p><strong>Para encerrar o ano base atual (2023) e iniciar o novo (2024) \u00e9 preciso abrir uma solicita\u00e7\u00e3o no\u00a0<\/strong><a title=\"\" href=\"https:\/\/chamados.ufpr.br\/\" target=\"_blank\" rel=\"noopener\">Sistema de Chamados UFPR<\/a>. Mas\u00a0antes de abrir o\u00a0<a title=\"\" href=\"https:\/\/chamados.ufpr.br\/\" target=\"_blank\" rel=\"noopener\">chamado<\/a>\u00a0para o fechamento do ano base,\u00a0\u00e9\u00a0imprescind\u00edvel que o programa ajuste e confira todas as\u00a0informa\u00e7\u00f5es inseridas no sistema.\u00a0<\/p>\n\n\n\n<p>As informa\u00e7\u00f5es que podem ser inseridas ap\u00f3s a troca de ano base referem-se&nbsp;exclusivamente \u00e0quelas que j\u00e1 tenham tido sua origem registrada no exerc\u00edcio do ano&nbsp;corrente de&nbsp;<strong>2023<\/strong>, ou seja, \u00e9 apenas a atualiza\u00e7\u00e3o de informa\u00e7\u00f5es j\u00e1 registradas \u2013 como, por exemplo, a coloca\u00e7\u00e3o de conceitos\/notas em disciplinas j\u00e1 cursadas.&nbsp;&nbsp;<\/p>\n\n\n\n<p>As demais informa\u00e7\u00f5es (como oferta de turmas de disciplinas, matr\u00edculas,&nbsp;cancelamentos, registros de in\u00edcio e t\u00e9rmino de projetos e suas atualiza\u00e7\u00f5es de conte\u00fado,&nbsp;etc.), credenciamento de novos docentes ou mudan\u00e7a de categoria de docente (permanente,&nbsp;colaborador, visitante), bem como o descredenciamento de docentes somente poder\u00e3o ser&nbsp;inseridas ou alteradas antes da mudan\u00e7a de ano base. Logo, recomenda-se&nbsp;novamente&nbsp;aten\u00e7\u00e3o a estes registros antes de solicitar a mudan\u00e7a.&nbsp;<\/p>\n\n\n\n<div style=\"height:50px\" aria-hidden=\"true\" class=\"wp-block-spacer\"><\/div>\n\n\n\n<h2 class=\"wp-block-heading has-text-align-left has-background has-medium-font-size\" id=\"coordenadoria\" style=\"background-color:#e8ecf5\">NOTIFICA\u00c7\u00d5ES E PEND\u00caNCIAS DO SIGA<\/h2>\n\n\n\n<hr class=\"wp-block-separator has-text-color has-alpha-channel-opacity has-background is-style-wide\" style=\"background-color:#e8ecf5;color:#e8ecf5\"\/>\n\n\n\n<p>Ap\u00f3s o login no Siga, na \u00e1rea de trabalho h\u00e1 um campo chamado \u201c<strong>Notifica\u00e7\u00f5es\/Pend\u00eancias<\/strong>\u201c, que apresenta certas situa\u00e7\u00f5es que requerem aten\u00e7\u00e3o do PPG, e alguma delas devem ser resolvidas antes da mudan\u00e7a de ano base \u2013 como os discentes que defenderam mas n\u00e3o foram titulados:<\/p>\n\n\n\n<div style=\"height:50px\" aria-hidden=\"true\" class=\"wp-block-spacer\"><\/div>\n\n\n\n<div class=\"wp-block-columns is-layout-flex wp-container-core-columns-is-layout-9d6595d7 wp-block-columns-is-layout-flex\">\n<div class=\"wp-block-column is-layout-flow wp-block-column-is-layout-flow\" style=\"flex-basis:5%\"><\/div>\n\n\n\n<div class=\"wp-block-column is-layout-flow wp-block-column-is-layout-flow\" style=\"flex-basis:90%\"><div class=\"wp-block-image\">\n<figure class=\"aligncenter size-full\"><a href=\"https:\/\/ufpr.br\/propg\/wp-content\/uploads\/2024\/11\/areadetrabalho.png\" target=\"_blank\" rel=\"noreferrer noopener\"><img decoding=\"async\" src=\"https:\/\/ufpr.br\/propg\/wp-content\/uploads\/2024\/11\/areadetrabalho.png\" alt=\"\" class=\"wp-image-13095\" style=\"object-fit:cover\"\/><\/a><\/figure><\/div><\/div>\n\n\n\n<div class=\"wp-block-column is-layout-flow wp-block-column-is-layout-flow\" style=\"flex-basis:5%\"><\/div>\n<\/div>\n\n\n\n<div style=\"height:50px\" aria-hidden=\"true\" class=\"wp-block-spacer\"><\/div>\n\n\n\n<h2 class=\"wp-block-heading has-text-align-left has-background has-medium-font-size\" id=\"coordenadoria\" style=\"background-color:#e8ecf5\">PRINCIPAIS PONTOS DE AJUSTE ANTES DA MUDAN\u00c7A DE ANO BASE<\/h2>\n\n\n\n<hr class=\"wp-block-separator has-text-color has-alpha-channel-opacity has-background is-style-wide\" style=\"background-color:#e8ecf5;color:#e8ecf5\"\/>\n\n\n\n<p>A seguir est\u00e3o relacionados alguns t\u00f3picos que devem ser conferidos antes do&nbsp;&nbsp;fechamento do ano base corrente (2023) e que merecem destaque:&nbsp;<\/p>\n\n\n\n<hr class=\"wp-block-separator has-text-color has-alpha-channel-opacity has-background is-style-wide\" style=\"background-color:#e8ecf5;color:#e8ecf5\"\/>\n\n\n\n<p>1)&nbsp;<strong>Discentes<\/strong>&nbsp;<\/p>\n\n\n\n<ol style=\"list-style-type:lower-alpha\" class=\"wp-block-list\">\n<li><strong>Defesas realizadas<\/strong>: ap\u00f3s a mudan\u00e7a do ano base, \u00e9 poss\u00edvel apenas instruir a&nbsp;p\u00f3s-defesa&nbsp;(no que se refere aos documentos pertinentes). \u00c9 muito importante&nbsp;que, ao final do&nbsp;exerc\u00edcio, o aluno que defendeu sua disserta\u00e7\u00e3o ou tese ao&nbsp;longo de 2023 apare\u00e7a no&nbsp;sistema como \u201ctitulado\u201d.&nbsp;<\/li>\n<\/ol>\n\n\n\n<ol start=\"2\" style=\"list-style-type:lower-alpha\" class=\"wp-block-list\">\n<li><strong>Desligamentos, desist\u00eancias e trancamentos:<\/strong>&nbsp;os alunos que foram&nbsp;desligados, que&nbsp;desistiram ou que trancaram matr\u00edcula no curso em 2023 dever\u00e3o ser declarados antes do&nbsp;fechamento do ano base. O cruzamento com os dados da plataforma SUCUPIRA n\u00e3o poder\u00e1&nbsp;revelar discrep\u00e2ncias entre as&nbsp;informa\u00e7\u00f5es prestadas \u00e0 CAPES e as de gerenciamento da&nbsp;UFPR.&nbsp;<\/li>\n<\/ol>\n\n\n\n<ol start=\"3\" style=\"list-style-type:lower-alpha\" class=\"wp-block-list\">\n<li>O&nbsp;<strong>cancelamento de matr\u00edcula<\/strong>&nbsp;em disciplina \u00e9 de responsabilidade do discente e somente poder\u00e1 ocorrer durante a primeira metade da programa\u00e7\u00e3o da disciplina e tais solicita\u00e7\u00f5es devem ser efetuadas de acordo com a&nbsp;<a href=\"http:\/\/www.soc.ufpr.br\/portal\/wp-content\/uploads\/2017\/12\/Res.-32-17-CEPE-Normas-para-o-curso-de-P%C3%B3s-Gradua%C3%A7%C3%A3o-stricto-sensu.pdf\" target=\"_blank\" rel=\"noopener\" title=\"\">Resolu\u00e7\u00e3o 32\/17-CEPE<\/a>.&nbsp;A solicita\u00e7\u00e3o extempor\u00e2nea de cancelamento de matr\u00edcula em disciplina n\u00e3o ser\u00e1 atendida, nos termos da Resolu\u00e7\u00e3o 32\/17-CEPE,&nbsp;<em>Art. 27,&nbsp;Par\u00e1grafo \u00fanico: \u201cO pedido de cancelamento de matr\u00edcula em disciplina \u00e9 de responsabilidade do&nbsp;<\/em>discente e ser\u00e1 efetuado na plataforma de gest\u00e3o acad\u00eamica da p\u00f3s-gradua\u00e7\u00e3o da UFPR da PRPPG\u201d.&nbsp;<\/li>\n<\/ol>\n\n\n\n<hr class=\"wp-block-separator has-text-color has-alpha-channel-opacity has-background is-style-wide\" style=\"background-color:#e8ecf5;color:#e8ecf5\"\/>\n\n\n\n<div style=\"height:25px\" aria-hidden=\"true\" class=\"wp-block-spacer\"><\/div>\n\n\n\n<p>2)&nbsp;<strong>Docentes<\/strong>&nbsp;<\/p>\n\n\n\n<ol style=\"list-style-type:lower-alpha\" class=\"wp-block-list\">\n<li><strong>Atualiza\u00e7\u00e3o do corpo docente<\/strong>: credenciamento, descredenciamento e&nbsp;mudan\u00e7as de categoria tamb\u00e9m dever\u00e3o ser registrados antes do&nbsp;fechamento do ano corrente. Ap\u00f3s esse per\u00edodo n\u00e3o ser\u00e1 poss\u00edvel efetuar&nbsp;mudan\u00e7a de v\u00ednculo do corpo docente.&nbsp;<\/li>\n<\/ol>\n\n\n\n<hr class=\"wp-block-separator has-text-color has-alpha-channel-opacity has-background is-style-wide\" style=\"background-color:#e8ecf5;color:#e8ecf5\"\/>\n\n\n\n<div style=\"height:25px\" aria-hidden=\"true\" class=\"wp-block-spacer\"><\/div>\n\n\n\n<p>3)&nbsp;<strong>Disciplinas<\/strong><\/p>\n\n\n\n<ol style=\"list-style-type:lower-alpha\" class=\"wp-block-list\">\n<li>\u00c9 obrigat\u00f3rio registrar a oferta de todas as turmas em todos os per\u00edodos e seus respectivos alunos matriculados, todos os cancelamentos, etc. Aten\u00e7\u00e3o aos alunos que estejam com status&nbsp;<em>solicitado\/solicitado com ci\u00eancia do orientador<\/em>, pois n\u00e3o ser\u00e1 poss\u00edvel lan\u00e7ar suas notas, pois para isso devem estar com status&nbsp;<em>matriculado<\/em>.<\/li>\n<\/ol>\n\n\n\n<ol start=\"2\" style=\"list-style-type:lower-alpha\" class=\"wp-block-list\">\n<li>As disciplinas encerradas no segundo semestre poder\u00e3o, quando necess\u00e1rio,&nbsp;ter suas notas\/conceitos registradas em 2024; todavia, inser\u00e7\u00f5es\/exclus\u00f5es&nbsp;de alunos n\u00e3o ser\u00e3o poss\u00edveis (ou seja, apenas ser\u00e3o permitidos os registros&nbsp;de frequ\u00eancia e conceitos).&nbsp;<\/li>\n<\/ol>\n\n\n\n<ol start=\"3\" style=\"list-style-type:lower-alpha\" class=\"wp-block-list\">\n<li>Caso algum aluno tenha tido sua matr\u00edcula cancelada na turma ou o nome do&nbsp;aluno n\u00e3o conste como matriculado na turma, estes acertos e registros devem&nbsp;ser providenciados ainda no ano base de 2023. N\u00e3o ser\u00e1 poss\u00edvel a&nbsp;altera\u00e7\u00e3o, inclus\u00e3o ou exclus\u00e3o de matr\u00edcula de alunos em disciplinas em&nbsp;2024 para turmas que tenham ocorrido em 2023.&nbsp;<\/li>\n<\/ol>\n\n\n\n<hr class=\"wp-block-separator has-text-color has-alpha-channel-opacity has-background is-style-wide\" style=\"background-color:#e8ecf5;color:#e8ecf5\"\/>\n\n\n\n<div style=\"height:25px\" aria-hidden=\"true\" class=\"wp-block-spacer\"><\/div>\n\n\n\n<p>4)&nbsp;<strong>Projetos de Pesquisa<\/strong><\/p>\n\n\n\n<ol style=\"list-style-type:lower-alpha\" class=\"wp-block-list\">\n<li><strong>Atualizar<\/strong>&nbsp;o cadastro de projetos de pesquisa antes do encerramento do ano&nbsp;corrente. Verificar todas as abas do cadastro.&nbsp;<\/li>\n<\/ol>\n\n\n\n<ol start=\"2\" style=\"list-style-type:lower-alpha\" class=\"wp-block-list\">\n<li><strong>Inser\u00e7\u00e3o<\/strong>&nbsp;de novos projetos e&nbsp;<strong>encerramento<\/strong>&nbsp;de projetos de pesquisa iniciados&nbsp;no exerc\u00edcio de 2023 tamb\u00e9m s\u00e3o obrigat\u00f3rios antes da mudan\u00e7a de ano base.&nbsp;&nbsp;<\/li>\n<\/ol>\n\n\n\n<div style=\"height:25px\" aria-hidden=\"true\" class=\"wp-block-spacer\"><\/div>\n\n\n\n<hr class=\"wp-block-separator has-text-color has-alpha-channel-opacity has-background is-style-wide\" style=\"background-color:#e8ecf5;color:#e8ecf5\"\/>\n\n\n\n<p class=\"has-background\" style=\"background-color:#f0f0f0\">*<strong>Aten\u00e7\u00e3o!<\/strong>\u00a0Somente ap\u00f3s certificar-se de que todas as informa\u00e7\u00f5es do ano corrente foram corretamente registradas \u00e9 que\u00a0<strong>o programa dever\u00e1\u00a0<a title=\"\" href=\"https:\/\/chamados.ufpr.br\/\" target=\"_blank\" rel=\"noopener\">abrir chamado<\/a><\/strong>\u00a0solicitando a troca do ano base\u00a0no SIGA.*\u00a0<\/p>\n\n\n\n<hr class=\"wp-block-separator has-text-color has-alpha-channel-opacity has-background is-style-wide\" style=\"background-color:#e8ecf5;color:#e8ecf5\"\/>\n<\/div>\n\n\n\n<div class=\"wp-block-column is-layout-flow wp-block-column-is-layout-flow\" style=\"flex-basis:10%\"><\/div>\n<\/div>\n","protected":false},"excerpt":{"rendered":"<p>\u00c0s coordena\u00e7\u00f5es e secretarias dos PPGs, Com o encerramento do ano de 2023 \u00e9 importante refor\u00e7ar a necessidade de uniformiza\u00e7\u00e3o dos procedimentos para registro de atividades na plataforma SIGA. Essa uniformiza\u00e7\u00e3o \u00e9 essencial para melhorar a gest\u00e3o de informa\u00e7\u00f5es dos nossos programas de p\u00f3s-gradua\u00e7\u00e3o stricto sensu. Todas as informa\u00e7\u00f5es cr\u00edticas referentes ao exerc\u00edcio anterior devem [&hellip;]<\/p>\n","protected":false},"author":5,"featured_media":0,"parent":2756,"menu_order":0,"comment_status":"closed","ping_status":"closed","template":"","meta":{"footnotes":""},"class_list":["post-4228","page","type-page","status-publish","hentry"],"_links":{"self":[{"href":"https:\/\/ufpr.br\/propg\/wp-json\/wp\/v2\/pages\/4228","targetHints":{"allow":["GET"]}}],"collection":[{"href":"https:\/\/ufpr.br\/propg\/wp-json\/wp\/v2\/pages"}],"about":[{"href":"https:\/\/ufpr.br\/propg\/wp-json\/wp\/v2\/types\/page"}],"author":[{"embeddable":true,"href":"https:\/\/ufpr.br\/propg\/wp-json\/wp\/v2\/users\/5"}],"replies":[{"embeddable":true,"href":"https:\/\/ufpr.br\/propg\/wp-json\/wp\/v2\/comments?post=4228"}],"version-history":[{"count":34,"href":"https:\/\/ufpr.br\/propg\/wp-json\/wp\/v2\/pages\/4228\/revisions"}],"predecessor-version":[{"id":12603,"href":"https:\/\/ufpr.br\/propg\/wp-json\/wp\/v2\/pages\/4228\/revisions\/12603"}],"up":[{"embeddable":true,"href":"https:\/\/ufpr.br\/propg\/wp-json\/wp\/v2\/pages\/2756"}],"wp:attachment":[{"href":"https:\/\/ufpr.br\/propg\/wp-json\/wp\/v2\/media?parent=4228"}],"curies":[{"name":"wp","href":"https:\/\/api.w.org\/{rel}","templated":true}]}}