{"id":3964,"date":"2024-11-18T22:22:11","date_gmt":"2024-11-19T01:22:11","guid":{"rendered":"https:\/\/ufpr.br\/?page=3964"},"modified":"2025-09-09T08:57:15","modified_gmt":"2025-09-09T11:57:15","slug":"coleta-capes-2020-ano-base-2019","status":"publish","type":"page","link":"https:\/\/ufpr.br\/propg\/cpgss\/coleta-capes\/coleta-capes-2020-ano-base-2019\/","title":{"rendered":"Coleta Capes 2020 (ano base 2019)"},"content":{"rendered":"\n<div style=\"height:50px\" aria-hidden=\"true\" class=\"wp-block-spacer\"><\/div>\n\n\n\n<div class=\"wp-block-columns is-layout-flex wp-container-core-columns-is-layout-9d6595d7 wp-block-columns-is-layout-flex\">\n<div class=\"wp-block-column is-layout-flow wp-block-column-is-layout-flow\" style=\"flex-basis:15%\" id=\"topo\">\n<div style=\"height:25px\" aria-hidden=\"true\" class=\"wp-block-spacer\"><\/div>\n\n\n<div class=\"wp-block-image\">\n<figure class=\"aligncenter size-full is-resized\"><img decoding=\"async\" src=\"https:\/\/ufpr.br\/propg\/wp-content\/uploads\/2025\/08\/Icone_Computador_Rosa.png\" alt=\"\" class=\"wp-image-25126\" style=\"object-fit:cover;width:90px;height:90px\"\/><\/figure><\/div><\/div>\n\n\n\n<div class=\"wp-block-column is-layout-flow wp-block-column-is-layout-flow\" style=\"flex-basis:70%\">\n<h2 class=\"wp-block-heading\">Novo calend\u00e1rio de atividades: prazo final do Coleta \u00e9 adiado para 5 de junho<\/h2>\n\n\n\n<div style=\"height:25px\" aria-hidden=\"true\" class=\"wp-block-spacer\"><\/div>\n\n\n\n<p><em>Publicado em: 23 de Abril de 2020<\/em><\/p>\n\n\n\n<div style=\"height:25px\" aria-hidden=\"true\" class=\"wp-block-spacer\"><\/div>\n\n\n\n<hr class=\"wp-block-separator has-text-color has-alpha-channel-opacity has-background is-style-wide\" style=\"background-color:#e8ecf5;color:#e8ecf5\"\/>\n\n\n\n<ul class=\"wp-block-list\">\n<li><a href=\"https:\/\/ufpr.br\/propg\/wp-content\/uploads\/2024\/11\/oficio_207-1.pdf\" target=\"_blank\" rel=\"noopener\" title=\"\">Of\u00edcio 207\/2020-GAB\/PR\/CAPES<\/a>&nbsp;de 20\/04\/2020:&nbsp;<strong>Novo calend\u00e1rio de atividades da Diretoria de Avalia\u00e7\u00e3o\/Capes para o ano de 2020<\/strong><\/li>\n<\/ul>\n\n\n\n<ul class=\"wp-block-list\">\n<li><a href=\"http:\/\/www.in.gov.br\/en\/web\/dou\/-\/portaria-n-49-de-20-de-marco-de-2020-253340035\" target=\"_blank\" rel=\"noreferrer noopener\">Portaria n\u00ba 49\/2020 Capes de 20\/04\/2020<\/a><\/li>\n<\/ul>\n\n\n\n<ul class=\"wp-block-list\">\n<li>Not\u00edcia na p\u00e1gina da Capes:&nbsp;<a href=\"http:\/\/www.capes.gov.br\/36-noticias\/10276-capes-publica-novas-datas-do-calendario-de-avaliacao\" target=\"_blank\" rel=\"noopener\" title=\"\">http:\/\/www.capes.gov.br\/36-noticias\/10276-capes-publica-novas-datas-do-calendario-de-avaliacao<\/a><\/li>\n<\/ul>\n\n\n\n<hr class=\"wp-block-separator has-text-color has-alpha-channel-opacity has-background is-style-wide\" style=\"background-color:#e8ecf5;color:#e8ecf5\"\/>\n\n\n<div class=\"wp-block-image\">\n<figure class=\"aligncenter size-full\"><img decoding=\"async\" src=\"https:\/\/ufpr.br\/propg\/wp-content\/uploads\/2024\/11\/calendario2020v2-1.png\" alt=\"\" class=\"wp-image-12284\"\/><\/figure><\/div>\n\n\n<div style=\"height:25px\" aria-hidden=\"true\" class=\"wp-block-spacer\"><\/div>\n\n\n\n<hr class=\"wp-block-separator has-text-color has-alpha-channel-opacity has-background is-style-wide\" style=\"background-color:#e8ecf5;color:#e8ecf5\"\/>\n\n\n\n<ul class=\"wp-block-list\">\n<li><s><a href=\"https:\/\/ufpr.br\/propg\/wp-content\/uploads\/2024\/11\/oficio-1185262.pdf\" target=\"_blank\" rel=\"noopener\" title=\"\">Of\u00edcio n\u00ba 45\/2020-DAV\/CAPES<\/a>&nbsp;Novo calend\u00e1rio de atividades da Diretoria de Avalia\u00e7\u00e3o\/Capes para o ano de 2020<\/s>&nbsp;&nbsp;<br><strong>ALTERADO<\/strong>&nbsp;CONFORME&nbsp;<a href=\"https:\/\/ufpr.br\/propg\/wp-content\/uploads\/2024\/11\/oficio_207-1.pdf\" target=\"_blank\" rel=\"noopener\" title=\"\">Of\u00edcio 207\/2020-GAB\/PR\/CAPES<\/a>&nbsp;(20\/04\/2020)<\/li>\n<\/ul>\n\n\n\n<ul class=\"wp-block-list\">\n<li><a href=\"http:\/\/www.in.gov.br\/en\/web\/dou\/-\/portaria-n-37-de-19-de-marco-de-2020-249026065\" target=\"_blank\" rel=\"noreferrer noopener\"><s>PORTARIA CAPES N\u00ba 37, DE 19 DE MAR\u00c7O DE 2020: <\/s><\/a><br><strong>ALTERADO<\/strong>&nbsp;conforme&nbsp;<a href=\"https:\/\/ufpr.br\/propg\/wp-content\/uploads\/2024\/11\/oficio-1185262.pdf\" target=\"_blank\" rel=\"noopener\" title=\"\">Of\u00edcio n\u00ba 45\/2020-DAV\/CAPES<\/a>&nbsp;(16\/04\/2020)\n<ul class=\"wp-block-list\">\n<li><s><strong>Altera o calend\u00e1rio<\/strong>&nbsp;de atividades da Diretoria de Avalia\u00e7\u00e3o para o ano de 2020.<\/s> <\/li>\n\n\n\n<li><s>Dispon\u00edvel em:&nbsp;&nbsp;<a href=\"http:\/\/www.in.gov.br\/en\/web\/dou\/-\/portaria-n-37-de-19-de-marco-de-2020-249026065\" target=\"_blank\" rel=\"noreferrer noopener\">http:\/\/www.in.gov.br\/en\/web\/dou\/-\/portaria-n-37-de-19-de-marco-de-2020-249026065<\/a><\/s><\/li>\n<\/ul>\n<\/li>\n<\/ul>\n\n\n\n<ul class=\"wp-block-list\">\n<li><a href=\"http:\/\/www.in.gov.br\/en\/web\/dou\/-\/portaria-n-36-de-19-de-marco-de-2020-249026197\" target=\"_blank\" rel=\"noreferrer noopener\">PORTARIA CAPES N\u00ba 36, DE 19 DE MAR\u00c7O DE 2020:<\/a>\n<ul class=\"wp-block-list\">\n<li>Disp\u00f5e sobre a&nbsp;<strong>suspens\u00e3o excepcional dos prazos para defesa<\/strong>&nbsp;de disserta\u00e7\u00e3o ou tese no \u00e2mbito dos programas de&nbsp;<strong>concess\u00e3o de bolsas<\/strong>&nbsp;da Capes.<\/li>\n\n\n\n<li>Dispon\u00edvel em:&nbsp;<a href=\"http:\/\/www.in.gov.br\/en\/web\/dou\/-\/portaria-n-36-de-19-de-marco-de-2020-249026197\" target=\"_blank\" rel=\"noreferrer noopener\">http:\/\/www.in.gov.br\/en\/web\/dou\/-\/portaria-n-36-de-19-de-marco-de-2020-249026197<\/a><\/li>\n<\/ul>\n<\/li>\n<\/ul>\n\n\n\n<hr class=\"wp-block-separator has-text-color has-alpha-channel-opacity has-background is-style-wide\" style=\"background-color:#e8ecf5;color:#e8ecf5\"\/>\n\n\n\n<div style=\"height:25px\" aria-hidden=\"true\" class=\"wp-block-spacer\"><\/div>\n\n\n\n<p>Saiba mais sobre as&nbsp;<a href=\"https:\/\/ufpr.br\/propg\/wp-content\/uploads\/2024\/12\/prppg-bancas-de-defesa.pdf\" target=\"_blank\" rel=\"noopener\" title=\"\">recomenda\u00e7\u00f5es da PRPPG sobre bancas de defesa.<\/a><\/p>\n<\/div>\n\n\n\n<div class=\"wp-block-column is-layout-flow wp-block-column-is-layout-flow\" style=\"flex-basis:15%\"><\/div>\n<\/div>\n\n\n\n<p><\/p>\n","protected":false},"excerpt":{"rendered":"<p>Novo calend\u00e1rio de atividades: prazo final do Coleta \u00e9 adiado para 5 de junho Publicado em: 23 de Abril de 2020 Saiba mais sobre as&nbsp;recomenda\u00e7\u00f5es da PRPPG sobre bancas de defesa.<\/p>\n","protected":false},"author":5,"featured_media":0,"parent":3780,"menu_order":0,"comment_status":"closed","ping_status":"closed","template":"","meta":{"footnotes":""},"class_list":["post-3964","page","type-page","status-publish","hentry"],"_links":{"self":[{"href":"https:\/\/ufpr.br\/propg\/wp-json\/wp\/v2\/pages\/3964","targetHints":{"allow":["GET"]}}],"collection":[{"href":"https:\/\/ufpr.br\/propg\/wp-json\/wp\/v2\/pages"}],"about":[{"href":"https:\/\/ufpr.br\/propg\/wp-json\/wp\/v2\/types\/page"}],"author":[{"embeddable":true,"href":"https:\/\/ufpr.br\/propg\/wp-json\/wp\/v2\/users\/5"}],"replies":[{"embeddable":true,"href":"https:\/\/ufpr.br\/propg\/wp-json\/wp\/v2\/comments?post=3964"}],"version-history":[{"count":22,"href":"https:\/\/ufpr.br\/propg\/wp-json\/wp\/v2\/pages\/3964\/revisions"}],"predecessor-version":[{"id":12530,"href":"https:\/\/ufpr.br\/propg\/wp-json\/wp\/v2\/pages\/3964\/revisions\/12530"}],"up":[{"embeddable":true,"href":"https:\/\/ufpr.br\/propg\/wp-json\/wp\/v2\/pages\/3780"}],"wp:attachment":[{"href":"https:\/\/ufpr.br\/propg\/wp-json\/wp\/v2\/media?parent=3964"}],"curies":[{"name":"wp","href":"https:\/\/api.w.org\/{rel}","templated":true}]}}