{"id":3889,"date":"2024-11-18T15:29:18","date_gmt":"2024-11-18T18:29:18","guid":{"rendered":"https:\/\/ufpr.br\/?page=3889"},"modified":"2025-08-28T14:26:42","modified_gmt":"2025-08-28T17:26:42","slug":"coleta-capes-2023-ano-base-2021-e-2022","status":"publish","type":"page","link":"https:\/\/ufpr.br\/propg\/cpgss\/coleta-capes\/coleta-capes-2023-ano-base-2021-e-2022\/","title":{"rendered":"Coleta Capes 2023 (ano base 2021 e 2022)"},"content":{"rendered":"\n<div style=\"height:50px\" aria-hidden=\"true\" class=\"wp-block-spacer\"><\/div>\n\n\n\n<div class=\"wp-block-columns is-layout-flex wp-container-core-columns-is-layout-9d6595d7 wp-block-columns-is-layout-flex\">\n<div class=\"wp-block-column is-layout-flow wp-block-column-is-layout-flow\" style=\"flex-basis:15%\" id=\"topo\"><div class=\"wp-block-image\">\n<figure class=\"aligncenter size-full is-resized\"><img decoding=\"async\" src=\"https:\/\/ufpr.br\/propg\/wp-content\/uploads\/2025\/08\/Icone_Computador_Rosa.png\" alt=\"\" class=\"wp-image-25126\" style=\"object-fit:cover;width:90px;height:90px\"\/><\/figure><\/div><\/div>\n\n\n\n<div class=\"wp-block-column is-layout-flow wp-block-column-is-layout-flow\" style=\"flex-basis:70%\">\n<blockquote class=\"wp-block-quote is-layout-flow wp-block-quote-is-layout-flow\">\n<p><em>*Postagem atualizada em 23\/03\/2023<\/em><\/p>\n\n\n\n<p>A Capes publicou a portaria n\u00ba50\/2023, que altera a portaria n\u00ba312\/2022, prorrogando o prazo para envio dos dados do ano base 2021. Permanece o mesmo prazo para envio dos dados do ano base 2022<\/p>\n<\/blockquote>\n\n\n\n<div style=\"height:25px\" aria-hidden=\"true\" class=\"wp-block-spacer\"><\/div>\n\n\n\n<h2 class=\"wp-block-heading has-text-align-left has-background has-medium-font-size\" style=\"background-color:#e8ecf5\">PRAZOS COLETA CAPES DA PORTARIA N\u00ba 50\/2023<\/h2>\n\n\n\n<hr class=\"wp-block-separator has-text-color has-alpha-channel-opacity has-background is-style-wide\" style=\"background-color:#e8ecf5;color:#e8ecf5\"\/>\n\n\n<div class=\"wp-block-image\">\n<figure class=\"aligncenter size-full\"><img decoding=\"async\" src=\"https:\/\/ufpr.br\/propg\/wp-content\/uploads\/2024\/11\/portaria502023-calendario.png\" alt=\"\" class=\"wp-image-12036\"\/><\/figure><\/div>\n\n\n<hr class=\"wp-block-separator has-text-color has-alpha-channel-opacity has-background is-style-wide\" style=\"background-color:#e8ecf5;color:#e8ecf5\"\/>\n\n\n\n<p>>> <a href=\"http:\/\/cad.capes.gov.br\/ato-administrativo-detalhar?idAtoAdmElastic=10502#anchor\" target=\"_blank\" rel=\"noreferrer noopener\">Portaria n\u00ba 312, de 28 de Dezembro de 2022<\/a>: Estabelece o Calend\u00e1rio de atividades da avalia\u00e7\u00e3o da p\u00f3s-gradua\u00e7\u00e3o stricto sensu para o ano de 2023 (<strong>alterada<\/strong>\u00a0pela portaria n\u00b050\/2023).<\/p>\n\n\n\n<ul class=\"wp-block-list\">\n<li><a title=\"\" href=\"https:\/\/ufpr.br\/propg\/wp-content\/uploads\/2024\/11\/portaria-50_prorr-coleta-2021.pdf\" target=\"_blank\" rel=\"noopener\">Portaria n\u00b050\/2023<\/a>: Altera a Portaria Capes n\u00ba 312, de 28 de dezembro de 2022.<\/li>\n<\/ul>\n\n\n\n<ul class=\"wp-block-list\">\n<li><a title=\"\" href=\"https:\/\/ufpr.br\/propg\/wp-content\/uploads\/2024\/11\/oficio_circular_1939343.pdf\" target=\"_blank\" rel=\"noopener\">Of\u00edcio Circular n\u00ba 12\/2023-DAV\/CAPES<\/a>: Altera\u00e7\u00e3o da Portaria Capes n\u00ba 312\/2022 \u2013 Calend\u00e1rio do Coleta, ano base 2021<\/li>\n<\/ul>\n\n\n\n<p>>> <a title=\"\" href=\"https:\/\/ufpr.br\/propg\/wp-content\/uploads\/2024\/11\/oficio_circular_coleta_21-24-1-1.pdf\" target=\"_blank\" rel=\"noopener\">Of\u00edcio Circular no 1\/2023-DAV\/CAPES<\/a>: Esclarecimentos adicionais sobre a Portaria Capes no 312\/2022, acerca do calend\u00e1rio do Coleta 2023<\/p>\n\n\n\n<p>>> <a title=\"\" href=\"https:\/\/uploads.capes.gov.br\/files\/Oficio-Circular-n76-2022-DAV-CAPES.pdf\" target=\"_blank\" rel=\"noopener\">Of\u00edcio Circular n\u00ba 76\/2022-DAV\/CAPES<\/a>: Divulga\u00e7\u00e3o da Portaria Capes n\u00ba 312, de 28 de dezembro de 2022-Calend\u00e1rio 2023.\u2019<\/p>\n\n\n\n<hr class=\"wp-block-separator has-text-color has-alpha-channel-opacity has-background is-style-wide\" style=\"background-color:#e8ecf5;color:#e8ecf5\"\/>\n\n\n\n<div style=\"height:50px\" aria-hidden=\"true\" class=\"wp-block-spacer\"><\/div>\n\n\n\n<p><strong>Do of\u00edcio Circular 01\/2023-DAV\/CAPES<\/strong>, destacamos:<\/p>\n\n\n\n<div style=\"height:25px\" aria-hidden=\"true\" class=\"wp-block-spacer\"><\/div>\n\n\n\n<blockquote class=\"wp-block-quote is-layout-flow wp-block-quote-is-layout-flow\">\n<p>[\u2026]<strong>O<em>&nbsp;formul\u00e1rio para o preenchimento da proposta do programa somente precisar\u00e1 ser preenchido para o \u00faltimo ano do quadri\u00eanio e ser\u00e1 disponibilizado posteriormente<\/em><\/strong><em>, ent\u00e3o deixar\u00e1 de ser um requisito para o envio do Coleta pelos coordenadores de programa nos anos de 2021, 2022 e 2023.[\u2026]<\/em><\/p>\n<\/blockquote>\n\n\n<div class=\"wp-block-image\">\n<figure class=\"aligncenter size-full\"><img decoding=\"async\" src=\"https:\/\/ufpr.br\/propg\/wp-content\/uploads\/2024\/11\/coletaproposta.png\" alt=\"\" class=\"wp-image-12083\"\/><\/figure><\/div>\n\n\n<div style=\"height:25px\" aria-hidden=\"true\" class=\"wp-block-spacer\"><\/div>\n\n\n\n<blockquote class=\"wp-block-quote is-layout-flow wp-block-quote-is-layout-flow\">\n<p><em>[\u2026]7. Em rela\u00e7\u00e3o ao envio de dados em si, ressaltamos que&nbsp;<strong>todos os dados de 2021 poder\u00e3o ser revistos, ainda que j\u00e1 tenham sido enviados no Coleta realizado no primeiro semestre de 2022<\/strong>. Al\u00e9m disso, tomando como base a experi\u00eancia do Coleta autom\u00e1tica de 2022, decidiu-se por disponibilizar a ferramenta de \u201cVerifica\u00e7\u00e3o de pend\u00eancias\u201d durante todo o per\u00edodo e retornar a op\u00e7\u00e3o de \u201cEnvio\u201d para os Coordenadores de PPG. Caso algum PPG n\u00e3o envie o Coleta at\u00e9 a data limite, a Plataforma Sucupira ir\u00e1 realizar uma \u00fanica coleta autom\u00e1tica, de forma a disponibilizar os dados para as Pr\u00f3-Reitorias homologarem.[\u2026]<\/em><\/p>\n<\/blockquote>\n\n\n\n<div style=\"height:50px\" aria-hidden=\"true\" class=\"wp-block-spacer\"><\/div>\n\n\n\n<p>Ressaltamos ainda que&nbsp;<strong>em 2023 a PRPPG\/CPGSS n\u00e3o criar\u00e1 um calend\u00e1rio interno para envio dos dados do Coleta pelos PPG (ano base 2021 e 2022)<\/strong>, considerando que n\u00e3o h\u00e1 uma sobreposi\u00e7\u00e3o dos prazos para registro e envio dos dados pelo PPG e homologa\u00e7\u00e3o pela Pr\u00f3-Reitoria. Assim, os PPGs devem seguir os prazos estabelecidos pela Capes na portaria acima mencionada.<\/p>\n\n\n\n<ul class=\"wp-block-list\">\n<li>Tutoriais da Plataforma Sucupira:&nbsp;<a href=\"https:\/\/sites.google.com\/view\/tutorialsucupira\/home\" target=\"_blank\" rel=\"noopener\" title=\"\">https:\/\/sites.google.com\/view\/tutorialsucupira\/home<\/a><\/li>\n<\/ul>\n\n\n\n<ul class=\"wp-block-list\">\n<li>Anexo \u2013&nbsp;<a href=\"https:\/\/ufpr.br\/propg\/wp-content\/uploads\/2024\/11\/anexo-i-informacoes-complementares-para-sucupira-coleta-capes.docx\" target=\"_blank\" rel=\"noopener\" title=\"\">Informa\u00e7\u00f5es complementares para o Sucupira: sugest\u00e3o para auxiliar os programas de p\u00f3s-gradua\u00e7\u00e3o a organizarem os dados para preenchimento da Plataforma Sucupira<\/a><\/li>\n<\/ul>\n\n\n\n<div style=\"height:25px\" aria-hidden=\"true\" class=\"wp-block-spacer\"><\/div>\n\n\n\n<hr class=\"wp-block-separator has-text-color has-alpha-channel-opacity has-background is-style-wide\" style=\"background-color:#e8ecf5;color:#e8ecf5\"\/>\n\n\n\n<p>Orienta\u00e7\u00f5es sobre Coleta Capes anteriores:&nbsp;<a href=\"https:\/\/ufpr.br\/propg\/cpgss\/coleta-capes\/\">https:\/\/ufpr.br\/propg\/cpgss\/coleta-capes\/<\/a><\/p>\n\n\n\n<hr class=\"wp-block-separator has-text-color has-alpha-channel-opacity has-background is-style-wide\" style=\"background-color:#e8ecf5;color:#e8ecf5\"\/>\n\n\n\n<p class=\"has-text-color has-link-color wp-elements-35347cca6bfe07bb2bf966001a1b447f\" style=\"color:#243673\"><strong><a href=\"#topo\" title=\"\">Voltar ao topo<\/a><\/strong><\/p>\n<\/div>\n\n\n\n<div class=\"wp-block-column is-layout-flow wp-block-column-is-layout-flow\" style=\"flex-basis:15%\"><\/div>\n<\/div>\n","protected":false},"excerpt":{"rendered":"<p>*Postagem atualizada em 23\/03\/2023 A Capes publicou a portaria n\u00ba50\/2023, que altera a portaria n\u00ba312\/2022, prorrogando o prazo para envio dos dados do ano base 2021. Permanece o mesmo prazo para envio dos dados do ano base 2022 PRAZOS COLETA CAPES DA PORTARIA N\u00ba 50\/2023 >> Portaria n\u00ba 312, de 28 de Dezembro de 2022: [&hellip;]<\/p>\n","protected":false},"author":5,"featured_media":0,"parent":3780,"menu_order":0,"comment_status":"closed","ping_status":"closed","template":"","meta":{"footnotes":""},"class_list":["post-3889","page","type-page","status-publish","hentry"],"_links":{"self":[{"href":"https:\/\/ufpr.br\/propg\/wp-json\/wp\/v2\/pages\/3889","targetHints":{"allow":["GET"]}}],"collection":[{"href":"https:\/\/ufpr.br\/propg\/wp-json\/wp\/v2\/pages"}],"about":[{"href":"https:\/\/ufpr.br\/propg\/wp-json\/wp\/v2\/types\/page"}],"author":[{"embeddable":true,"href":"https:\/\/ufpr.br\/propg\/wp-json\/wp\/v2\/users\/5"}],"replies":[{"embeddable":true,"href":"https:\/\/ufpr.br\/propg\/wp-json\/wp\/v2\/comments?post=3889"}],"version-history":[{"count":33,"href":"https:\/\/ufpr.br\/propg\/wp-json\/wp\/v2\/pages\/3889\/revisions"}],"predecessor-version":[{"id":12515,"href":"https:\/\/ufpr.br\/propg\/wp-json\/wp\/v2\/pages\/3889\/revisions\/12515"}],"up":[{"embeddable":true,"href":"https:\/\/ufpr.br\/propg\/wp-json\/wp\/v2\/pages\/3780"}],"wp:attachment":[{"href":"https:\/\/ufpr.br\/propg\/wp-json\/wp\/v2\/media?parent=3889"}],"curies":[{"name":"wp","href":"https:\/\/api.w.org\/{rel}","templated":true}]}}