{"id":388,"date":"2024-08-27T14:13:03","date_gmt":"2024-08-27T17:13:03","guid":{"rendered":"https:\/\/ufpr.br\/?page=388"},"modified":"2025-07-22T11:38:27","modified_gmt":"2025-07-22T14:38:27","slug":"parcerias","status":"publish","type":"page","link":"https:\/\/ufpr.br\/propg\/a-propg\/parcerias\/","title":{"rendered":"Parcerias \/ Institucional"},"content":{"rendered":"\n<div style=\"height:20px\" aria-hidden=\"true\" class=\"wp-block-spacer\"><\/div>\n\n\n\n<div class=\"wp-block-columns is-layout-flex wp-container-core-columns-is-layout-9d6595d7 wp-block-columns-is-layout-flex\">\n<div class=\"wp-block-column is-layout-flow wp-block-column-is-layout-flow\" style=\"flex-basis:5%\"><\/div>\n\n\n\n<div class=\"wp-block-column is-layout-flow wp-block-column-is-layout-flow\" style=\"flex-basis:90%\">\n<h2 class=\"wp-block-heading\" id=\"topo\">A PROPG representa a p\u00f3s-gradua\u00e7\u00e3o na UFPR mantendo parcerias com as seguintes Institui\u00e7\u00f5es:<\/h2>\n\n\n\n<div style=\"height:60px\" aria-hidden=\"true\" class=\"wp-block-spacer\"><\/div>\n\n\n\n<div class=\"wp-block-columns is-layout-flex wp-container-core-columns-is-layout-9d6595d7 wp-block-columns-is-layout-flex\">\n<div class=\"wp-block-column has-background is-layout-flow wp-block-column-is-layout-flow\" style=\"background-color:#e8ecf5\">\n<div class=\"wp-block-columns is-layout-flex wp-container-core-columns-is-layout-9d6595d7 wp-block-columns-is-layout-flex\">\n<div class=\"wp-block-column has-white-background-color has-background is-layout-flow wp-block-column-is-layout-flow\"><div class=\"wp-block-image\">\n<figure class=\"aligncenter size-full is-resized\"><a href=\"https:\/\/www.gov.br\/mec\/pt-br\" target=\"_blank\" rel=\" noreferrer noopener\"><img decoding=\"async\" src=\"https:\/\/ufpr.br\/propg\/wp-content\/uploads\/2024\/08\/logo_MEC_300x300.png\" alt=\"\" class=\"wp-image-1848\" style=\"width:150px\"\/><\/a><\/figure><\/div><\/div>\n<\/div>\n\n\n\n<div class=\"wp-block-columns has-background is-layout-flex wp-container-core-columns-is-layout-9d6595d7 wp-block-columns-is-layout-flex\" style=\"background-color:#e8ecf5\">\n<div class=\"wp-block-column is-layout-flow wp-block-column-is-layout-flow\">\n<p><strong><a href=\"https:\/\/www.gov.br\/mec\/pt-br\" target=\"_blank\" rel=\"noopener\" title=\"\">MEC \u2013 Minist\u00e9rio da Educa\u00e7\u00e3o<\/a><\/strong><\/p>\n\n\n\n<p>O MEC \u00e9 o \u00f3rg\u00e3o do governo brasileiro respons\u00e1vel por formular e executar a pol\u00edtica nacional de educa\u00e7\u00e3o, desde a educa\u00e7\u00e3o infantil at\u00e9 o ensino superior e profissional. O MEC atua na defini\u00e7\u00e3o de diretrizes, na avalia\u00e7\u00e3o e no reconhecimento de institui\u00e7\u00f5es e cursos, al\u00e9m de promover o acesso \u00e0 educa\u00e7\u00e3o e oferecer programas de assist\u00eancia financeira.<\/p>\n<\/div>\n<\/div>\n<\/div>\n\n\n\n<div class=\"wp-block-column has-background is-layout-flow wp-block-column-is-layout-flow\" style=\"background-color:#e8ecf5\">\n<div class=\"wp-block-columns is-layout-flex wp-container-core-columns-is-layout-9d6595d7 wp-block-columns-is-layout-flex\">\n<div class=\"wp-block-column has-white-background-color has-background is-layout-flow wp-block-column-is-layout-flow\"><div class=\"wp-block-image\">\n<figure class=\"aligncenter size-full is-resized\"><a href=\"https:\/\/www.gov.br\/capes\/pt-br\" target=\"_blank\" rel=\"noreferrer noopener\"><img decoding=\"async\" src=\"https:\/\/ufpr.br\/propg\/wp-content\/uploads\/2024\/08\/logo_capes_300x300.png\" alt=\"\" class=\"wp-image-1853\" style=\"width:150px\"\/><\/a><\/figure><\/div><\/div>\n<\/div>\n\n\n\n<div class=\"wp-block-columns has-background is-layout-flex wp-container-core-columns-is-layout-9d6595d7 wp-block-columns-is-layout-flex\" style=\"background-color:#e8ecf5\">\n<div class=\"wp-block-column is-layout-flow wp-block-column-is-layout-flow\">\n<p><strong><a href=\"https:\/\/www.gov.br\/capes\/pt-br\" target=\"_blank\" rel=\"noopener\" title=\"\">CAPES \u2013 Coordena\u00e7\u00e3o de Aperfei\u00e7oamento de Pessoal de N\u00edvel Superior<\/a><\/strong><\/p>\n\n\n\n<p>Funda\u00e7\u00e3o do Minist\u00e9rio da Educa\u00e7\u00e3o (MEC) do Brasil, respons\u00e1vel pela expans\u00e3o e consolida\u00e7\u00e3o da p\u00f3s-gradua\u00e7\u00e3o stricto sensu (mestrado e doutorado) no pa\u00eds. \u00c9 respons\u00e1vel pelo desenvolvimento no plano nacional de p\u00f3s-gradua\u00e7\u00e3o (PNPG). Atua na forma\u00e7\u00e3o de professores da educa\u00e7\u00e3o b\u00e1sica e na promo\u00e7\u00e3o da pesquisa cient\u00edfica.<\/p>\n<\/div>\n<\/div>\n<\/div>\n\n\n\n<div class=\"wp-block-column has-background is-layout-flow wp-block-column-is-layout-flow\" style=\"background-color:#e8ecf5\">\n<div class=\"wp-block-columns is-layout-flex wp-container-core-columns-is-layout-9d6595d7 wp-block-columns-is-layout-flex\">\n<div class=\"wp-block-column has-white-background-color has-background is-layout-flow wp-block-column-is-layout-flow\"><div class=\"wp-block-image\">\n<figure class=\"aligncenter size-full is-resized\"><a href=\"https:\/\/www.fappr.pr.gov.br\/\" target=\"_blank\" rel=\"noreferrer noopener\"><img decoding=\"async\" src=\"https:\/\/ufpr.br\/propg\/wp-content\/uploads\/2024\/08\/logo_fundacaoAraucaria_300x300.png\" alt=\"\" class=\"wp-image-1919\" style=\"width:150px\"\/><\/a><\/figure><\/div><\/div>\n<\/div>\n\n\n\n<div class=\"wp-block-columns has-background is-layout-flex wp-container-core-columns-is-layout-9d6595d7 wp-block-columns-is-layout-flex\" style=\"background-color:#e8ecf5\">\n<div class=\"wp-block-column is-layout-flow wp-block-column-is-layout-flow\">\n<p><strong><a title=\"\" href=\"https:\/\/www.fappr.pr.gov.br\/\" target=\"_blank\" rel=\"noopener\">Funda\u00e7\u00e3o Arauc\u00e1ria de Fomento \u00e0 Pesquisa Paranaense<\/a><\/strong><\/p>\n\n\n\n<p>Funda\u00e7\u00e3o de Apoio ao Desenvolvimento Cient\u00edfico e Tecnol\u00f3gico do Estado do Paran\u00e1 (FA) que busca o desenvolvimento social, econ\u00f4mico e ambiental do Estado do Paran\u00e1, por meio de investimentos em ci\u00eancia, tecnologia e inova\u00e7\u00e3o. Apoia bolsa-aux\u00edlio, projetos, programas ou investimentos em unidades ou p\u00f3los de pesquisa ou de desenvolvimento cient\u00edfico e tecnol\u00f3gico.<\/p>\n<\/div>\n<\/div>\n<\/div>\n<\/div>\n\n\n\n<div class=\"wp-block-columns is-layout-flex wp-container-core-columns-is-layout-9d6595d7 wp-block-columns-is-layout-flex\">\n<div class=\"wp-block-column has-background is-layout-flow wp-block-column-is-layout-flow\" style=\"background-color:#e8ecf5\">\n<div class=\"wp-block-columns is-layout-flex wp-container-core-columns-is-layout-9d6595d7 wp-block-columns-is-layout-flex\">\n<div class=\"wp-block-column has-white-background-color has-background is-layout-flow wp-block-column-is-layout-flow\"><div class=\"wp-block-image\">\n<figure class=\"aligncenter size-full is-resized\"><a href=\"https:\/\/www.gov.br\/cnpq\/pt-br\" target=\"_blank\" rel=\"noreferrer noopener\"><img decoding=\"async\" src=\"https:\/\/ufpr.br\/propg\/wp-content\/uploads\/2024\/08\/logo_cnpq_300x300.png\" alt=\"\" class=\"wp-image-1906\" style=\"width:150px\"\/><\/a><\/figure><\/div><\/div>\n<\/div>\n\n\n\n<div class=\"wp-block-columns has-background is-layout-flex wp-container-core-columns-is-layout-9d6595d7 wp-block-columns-is-layout-flex\" style=\"background-color:#e8ecf5\">\n<div class=\"wp-block-column is-layout-flow wp-block-column-is-layout-flow\">\n<p><strong><a href=\"https:\/\/www.gov.br\/cnpq\/pt-br\" target=\"_blank\" rel=\"noopener\" title=\"\">CNPq \u2013 Conselho Nacional de Desenvolvimento Cient\u00edfico e Tecnol\u00f3gico<\/a><\/strong><\/p>\n\n\n\n<p>O CNPq atua como ag\u00eancia de fomento para a pesquisa cient\u00edfica e tecnol\u00f3gica no Brasil, promovendo a forma\u00e7\u00e3o de recursos humanos qualificados e contribuindo para o desenvolvimento do pa\u00eds. \u00c9 uma funda\u00e7\u00e3o p\u00fablica vinculada ao Minist\u00e9rio da Ci\u00eancia, Tecnologia e Inova\u00e7\u00f5es.<\/p>\n<\/div>\n<\/div>\n<\/div>\n\n\n\n<div class=\"wp-block-column has-background is-layout-flow wp-block-column-is-layout-flow\" style=\"background-color:#e8ecf5\">\n<div class=\"wp-block-columns is-layout-flex wp-container-core-columns-is-layout-9d6595d7 wp-block-columns-is-layout-flex\">\n<div class=\"wp-block-column has-white-background-color has-background is-layout-flow wp-block-column-is-layout-flow\"><div class=\"wp-block-image\">\n<figure class=\"aligncenter size-full is-resized\"><a href=\"https:\/\/www.funpar.ufpr.br\/\" target=\"_blank\" rel=\"noreferrer noopener\"><img decoding=\"async\" src=\"https:\/\/ufpr.br\/propg\/wp-content\/uploads\/2024\/08\/logo_funpar_300x300.png\" alt=\"\" class=\"wp-image-1937\" style=\"width:150px\"\/><\/a><\/figure><\/div><\/div>\n<\/div>\n\n\n\n<div class=\"wp-block-columns has-background is-layout-flex wp-container-core-columns-is-layout-9d6595d7 wp-block-columns-is-layout-flex\" style=\"background-color:#e8ecf5\">\n<div class=\"wp-block-column is-layout-flow wp-block-column-is-layout-flow\">\n<p><strong><a title=\"\" href=\"https:\/\/www.funpar.ufpr.br\/\" target=\"_blank\" rel=\"noopener\">FUNPAR \u2013 Funda\u00e7\u00e3o da Universidade Federal do Paran\u00e1<\/a><\/strong><\/p>\n\n\n\n<p>A FUNPAR atua como funda\u00e7\u00e3o de apoio \u00e0 UFPR, promovendo e realizando a\u00e7\u00f5es para o desenvolvimento em \u00e1reas como ensino, pesquisa, extens\u00e3o, desenvolvimento institucional, cient\u00edfico e tecnol\u00f3gico e est\u00edmulo \u00e0 inova\u00e7\u00e3o na p\u00f3s-gradua\u00e7\u00e3o. Financia tamb\u00e9m cursos de especializa\u00e7\u00e3o (P\u00f3s-Gradua\u00e7\u00e3o Lato Sensu) na UFPR.<\/p>\n<\/div>\n<\/div>\n<\/div>\n\n\n\n<div class=\"wp-block-column has-background is-layout-flow wp-block-column-is-layout-flow\" style=\"background-color:#e8ecf5\">\n<div class=\"wp-block-columns is-layout-flex wp-container-core-columns-is-layout-9d6595d7 wp-block-columns-is-layout-flex\">\n<div class=\"wp-block-column has-white-background-color has-background is-layout-flow wp-block-column-is-layout-flow\"><div class=\"wp-block-image\">\n<figure class=\"aligncenter size-full is-resized\"><a href=\"http:\/\/www.finep.gov.br\/\" target=\"_blank\" rel=\"noreferrer noopener\"><img decoding=\"async\" src=\"https:\/\/ufpr.br\/propg\/wp-content\/uploads\/2024\/08\/logo_finep_300x300.png\" alt=\"\" class=\"wp-image-1899\" style=\"width:150px\"\/><\/a><\/figure><\/div><\/div>\n<\/div>\n\n\n\n<div class=\"wp-block-columns has-background is-layout-flex wp-container-core-columns-is-layout-9d6595d7 wp-block-columns-is-layout-flex\" style=\"background-color:#e8ecf5\">\n<div class=\"wp-block-column is-layout-flow wp-block-column-is-layout-flow\">\n<p><strong><a href=\"http:\/\/www.finep.gov.br\/\" target=\"_blank\" rel=\"noopener\" title=\"\">FINEP \u2013 Financiadora de estudos e projetos<\/a><\/strong><\/p>\n\n\n\n<p>O FINEP \u00e9 uma ag\u00eancia p\u00fablica brasileira que fomenta a ci\u00eancia, tecnologia e inova\u00e7\u00e3o no pa\u00eds.\u00a0 Atua financiando projetos e programas em diversas \u00e1reas, desde pesquisa b\u00e1sica at\u00e9 o desenvolvimento de produtos e servi\u00e7os inovadores, tanto para empresas quanto para institui\u00e7\u00f5es de pesquisa e financia tamb\u00e9m projetos de pesquisa na gradua\u00e7\u00e3o e p\u00f3s-gradua\u00e7\u00e3o.<\/p>\n<\/div>\n<\/div>\n<\/div>\n<\/div>\n\n\n\n<div class=\"wp-block-columns is-layout-flex wp-container-core-columns-is-layout-9d6595d7 wp-block-columns-is-layout-flex\">\n<div class=\"wp-block-column has-background is-layout-flow wp-block-column-is-layout-flow\" style=\"background-color:#e8ecf5\">\n<div class=\"wp-block-columns is-layout-flex wp-container-core-columns-is-layout-9d6595d7 wp-block-columns-is-layout-flex\">\n<div class=\"wp-block-column has-white-background-color has-background is-layout-flow wp-block-column-is-layout-flow\"><div class=\"wp-block-image\">\n<figure class=\"aligncenter size-full is-resized\"><a href=\"https:\/\/www.gov.br\/mcti\/pt-br\" target=\"_blank\" rel=\"noreferrer noopener\"><img decoding=\"async\" src=\"https:\/\/ufpr.br\/propg\/wp-content\/uploads\/2024\/08\/logo_mcti_300x300.png\" alt=\"\" class=\"wp-image-1862\" style=\"width:150px\"\/><\/a><\/figure><\/div><\/div>\n<\/div>\n\n\n\n<div class=\"wp-block-columns has-background is-layout-flex wp-container-core-columns-is-layout-9d6595d7 wp-block-columns-is-layout-flex\" style=\"background-color:#e8ecf5\">\n<div class=\"wp-block-column is-layout-flow wp-block-column-is-layout-flow\">\n<p><strong><a title=\"\" href=\"https:\/\/www.gov.br\/mcti\/pt-br\" target=\"_blank\" rel=\"noopener\">MCTI \u2013 Minist\u00e9rio da Ci\u00eancia, Tecnologia e Inova\u00e7\u00e3o<\/a><\/strong><\/p>\n\n\n\n<p>Estabelece leis e diretrizes para garantir e promover o avan\u00e7o da ci\u00eancia, tecnologia e inova\u00e7\u00e3o no pa\u00eds, produzindo conhecimento e riquezas e contribuindo para a qualidade de vida dos brasileiros.<\/p>\n<\/div>\n<\/div>\n<\/div>\n\n\n\n<div class=\"wp-block-column has-background is-layout-flow wp-block-column-is-layout-flow\" style=\"background-color:#e8ecf5\">\n<div class=\"wp-block-columns is-layout-flex wp-container-core-columns-is-layout-9d6595d7 wp-block-columns-is-layout-flex\">\n<div class=\"wp-block-column has-white-background-color has-background is-layout-flow wp-block-column-is-layout-flow\"><div class=\"wp-block-image\">\n<figure class=\"aligncenter size-full is-resized\"><a href=\"https:\/\/www.seti.pr.gov.br\/\" target=\"_blank\" rel=\"noreferrer noopener\"><img decoding=\"async\" src=\"https:\/\/ufpr.br\/propg\/wp-content\/uploads\/2024\/08\/logo_seti_300x300.png\" alt=\"\" class=\"wp-image-1913\" style=\"width:150px\"\/><\/a><\/figure><\/div><\/div>\n<\/div>\n\n\n\n<div class=\"wp-block-columns has-background is-layout-flex wp-container-core-columns-is-layout-9d6595d7 wp-block-columns-is-layout-flex\" style=\"background-color:#e8ecf5\">\n<div class=\"wp-block-column is-layout-flow wp-block-column-is-layout-flow\">\n<p><strong><a title=\"\" href=\"https:\/\/www.seti.pr.gov.br\/\" target=\"_blank\" rel=\"noopener\">SETI \u2013 Secretaria de Ci\u00eancia, Tecnologia e Ensino Superior do Governo do Estado do Paran\u00e1<\/a><\/strong><\/p>\n\n\n\n<p>A SETI \u00e9 a secretaria do Governo do Estado do Paran\u00e1 que coordena a implementa\u00e7\u00e3o e execu\u00e7\u00e3o da pol\u00edtica estadual referente \u00e0s \u00e1reas de ci\u00eancia, tecnologia e ensino superior. Promove e financia projetos de pesquisa no \u00e2mbito da p\u00f3s-gradua\u00e7\u00e3o.<\/p>\n<\/div>\n<\/div>\n<\/div>\n\n\n\n<div class=\"wp-block-column has-background is-layout-flow wp-block-column-is-layout-flow\" style=\"background-color:#e8ecf5\">\n<div class=\"wp-block-columns is-layout-flex wp-container-core-columns-is-layout-9d6595d7 wp-block-columns-is-layout-flex\">\n<div class=\"wp-block-column has-white-background-color has-background is-layout-flow wp-block-column-is-layout-flow\"><div class=\"wp-block-image\">\n<figure class=\"aligncenter size-full is-resized\"><a href=\"https:\/\/fupef.org.br\/\" target=\"_blank\" rel=\"noreferrer noopener\"><img decoding=\"async\" src=\"https:\/\/ufpr.br\/propg\/wp-content\/uploads\/2025\/06\/logo_fupef_300x300.png\" alt=\"\" class=\"wp-image-8187\" style=\"width:150px\"\/><\/a><\/figure><\/div><\/div>\n<\/div>\n\n\n\n<div class=\"wp-block-columns has-background is-layout-flex wp-container-core-columns-is-layout-9d6595d7 wp-block-columns-is-layout-flex\" style=\"background-color:#e8ecf5\">\n<div class=\"wp-block-column is-layout-flow wp-block-column-is-layout-flow\">\n<p><strong><a href=\"https:\/\/fupef.org.br\/\" target=\"_blank\" rel=\"noreferrer noopener\">FUPEF &#8211; Funda\u00e7\u00e3o de Pesquisas Florestais do Paran\u00e1 &#8211; Projetos Sustent\u00e1teis<\/a><\/strong><\/p>\n\n\n\n<p>A FUPEF funciona como uma entidade de direito privado, sem fins lucrativos, auxiliando a universidade na execu\u00e7\u00e3o de projetos e programas e possui como uma das principais finalidades promover solu\u00e7\u00f5es inteligentes na \u00e1rea florestal, atrav\u00e9s do apoio sistem\u00e1tico ao desenvolvimento e \u00e0 sustentabilidade de atividades florestais nas \u00e1reas do ensino.<\/p>\n<\/div>\n<\/div>\n<\/div>\n<\/div>\n\n\n\n<div class=\"wp-block-columns is-layout-flex wp-container-core-columns-is-layout-9d6595d7 wp-block-columns-is-layout-flex\">\n<div class=\"wp-block-column has-background is-layout-flow wp-block-column-is-layout-flow\" style=\"background-color:#e8ecf5\">\n<div class=\"wp-block-columns is-layout-flex wp-container-core-columns-is-layout-9d6595d7 wp-block-columns-is-layout-flex\">\n<div class=\"wp-block-column has-white-background-color has-background is-layout-flow wp-block-column-is-layout-flow\"><div class=\"wp-block-image\">\n<figure class=\"aligncenter size-full is-resized\"><a href=\"https:\/\/www.cppg.org.br\/\" target=\"_blank\" rel=\"noreferrer noopener\"><img decoding=\"async\" src=\"https:\/\/ufpr.br\/propg\/wp-content\/uploads\/2024\/08\/logo_cppg_300x300.png\" alt=\"\" class=\"wp-image-1925\" style=\"width:150px\"\/><\/a><\/figure><\/div><\/div>\n<\/div>\n\n\n\n<div class=\"wp-block-columns has-background is-layout-flex wp-container-core-columns-is-layout-9d6595d7 wp-block-columns-is-layout-flex\" style=\"background-color:#e8ecf5\">\n<div class=\"wp-block-column is-layout-flow wp-block-column-is-layout-flow\">\n<p><strong><a href=\"https:\/\/www.cppg.org.br\/\" target=\"_blank\" rel=\"noopener\" title=\"\">CPPG \u2013 Conselho Paranaense de Pr\u00f3-Reitores de Pesquisa e P\u00f3s-gradua\u00e7\u00e3o<\/a><\/strong><\/p>\n\n\n\n<p>Representa as Institui\u00e7\u00f5es de Ensino Superior do Estado do Paran\u00e1 junto \u00e0s institui\u00e7\u00f5es nacionais e estrangeiras de fomento a pesquisa e a p\u00f3s-gradua\u00e7\u00e3o.<\/p>\n<\/div>\n<\/div>\n<\/div>\n\n\n\n<div class=\"wp-block-column has-background is-layout-flow wp-block-column-is-layout-flow\" style=\"background-color:#e8ecf5\">\n<div class=\"wp-block-columns is-layout-flex wp-container-core-columns-is-layout-9d6595d7 wp-block-columns-is-layout-flex\">\n<div class=\"wp-block-column has-white-background-color has-background is-layout-flow wp-block-column-is-layout-flow\"><div class=\"wp-block-image\">\n<figure class=\"aligncenter size-full is-resized\"><a href=\"https:\/\/foprop.org.br\/\" target=\"_blank\" rel=\"noreferrer noopener\"><img decoding=\"async\" src=\"https:\/\/ufpr.br\/propg\/wp-content\/uploads\/2024\/08\/logo_foprop_300x300.png\" alt=\"\" class=\"wp-image-1933\" style=\"width:150px\"\/><\/a><\/figure><\/div><\/div>\n<\/div>\n\n\n\n<div class=\"wp-block-columns has-background is-layout-flex wp-container-core-columns-is-layout-9d6595d7 wp-block-columns-is-layout-flex\" style=\"background-color:#e8ecf5\">\n<div class=\"wp-block-column is-layout-flow wp-block-column-is-layout-flow\">\n<p><strong><a href=\"https:\/\/foprop.org.br\/\" target=\"_blank\" rel=\"noopener\" title=\"\">FOPROP SUL \u2013 F\u00f3rum de Pr\u00f3-Reitores de Pesquisa e P\u00f3s-Gradua\u00e7\u00e3o regi\u00e3o Sul<\/a><\/strong><\/p>\n\n\n\n<p>Representa as Pr\u00f3-Reitorias de Pesquisa e P\u00f3s-Gradua\u00e7\u00e3o da Regi\u00e3o Sul junto \u00e0s institui\u00e7\u00f5es nacionais e estrangeiras de fomento a pesquisa e a p\u00f3s-gradua\u00e7\u00e3o.<\/p>\n<\/div>\n<\/div>\n<\/div>\n\n\n\n<div class=\"wp-block-column is-layout-flow wp-block-column-is-layout-flow\"><\/div>\n<\/div>\n\n\n\n<p class=\"has-text-color has-link-color wp-elements-35347cca6bfe07bb2bf966001a1b447f\" style=\"color:#243673\"><strong><a href=\"#topo\" title=\"\">Voltar ao topo<\/a><\/strong><\/p>\n<\/div>\n\n\n\n<div class=\"wp-block-column is-layout-flow wp-block-column-is-layout-flow\" style=\"flex-basis:5%\"><\/div>\n<\/div>\n","protected":false},"excerpt":{"rendered":"<p>A PROPG representa a p\u00f3s-gradua\u00e7\u00e3o na UFPR mantendo parcerias com as seguintes Institui\u00e7\u00f5es: MEC \u2013 Minist\u00e9rio da Educa\u00e7\u00e3o O MEC \u00e9 o \u00f3rg\u00e3o do governo brasileiro respons\u00e1vel por formular e executar a pol\u00edtica nacional de educa\u00e7\u00e3o, desde a educa\u00e7\u00e3o infantil at\u00e9 o ensino superior e profissional. O MEC atua na defini\u00e7\u00e3o de diretrizes, na avalia\u00e7\u00e3o [&hellip;]<\/p>\n","protected":false},"author":5,"featured_media":0,"parent":7,"menu_order":0,"comment_status":"closed","ping_status":"closed","template":"","meta":{"footnotes":""},"class_list":["post-388","page","type-page","status-publish","hentry"],"_links":{"self":[{"href":"https:\/\/ufpr.br\/propg\/wp-json\/wp\/v2\/pages\/388","targetHints":{"allow":["GET"]}}],"collection":[{"href":"https:\/\/ufpr.br\/propg\/wp-json\/wp\/v2\/pages"}],"about":[{"href":"https:\/\/ufpr.br\/propg\/wp-json\/wp\/v2\/types\/page"}],"author":[{"embeddable":true,"href":"https:\/\/ufpr.br\/propg\/wp-json\/wp\/v2\/users\/5"}],"replies":[{"embeddable":true,"href":"https:\/\/ufpr.br\/propg\/wp-json\/wp\/v2\/comments?post=388"}],"version-history":[{"count":151,"href":"https:\/\/ufpr.br\/propg\/wp-json\/wp\/v2\/pages\/388\/revisions"}],"predecessor-version":[{"id":8836,"href":"https:\/\/ufpr.br\/propg\/wp-json\/wp\/v2\/pages\/388\/revisions\/8836"}],"up":[{"embeddable":true,"href":"https:\/\/ufpr.br\/propg\/wp-json\/wp\/v2\/pages\/7"}],"wp:attachment":[{"href":"https:\/\/ufpr.br\/propg\/wp-json\/wp\/v2\/media?parent=388"}],"curies":[{"name":"wp","href":"https:\/\/api.w.org\/{rel}","templated":true}]}}