{"id":3587,"date":"2024-11-09T22:30:02","date_gmt":"2024-11-10T01:30:02","guid":{"rendered":"https:\/\/ufpr.br\/?page=3587"},"modified":"2026-01-22T15:47:55","modified_gmt":"2026-01-22T18:47:55","slug":"apcn-2022","status":"publish","type":"page","link":"https:\/\/ufpr.br\/propg\/cpgss\/apcn\/apcn-2022\/","title":{"rendered":"APCN 2022"},"content":{"rendered":"\n<div style=\"height:50px\" aria-hidden=\"true\" class=\"wp-block-spacer\"><\/div>\n\n\n\n<div class=\"wp-block-columns is-layout-flex wp-container-core-columns-is-layout-9d6595d7 wp-block-columns-is-layout-flex\">\n<div class=\"wp-block-column is-layout-flow wp-block-column-is-layout-flow\" style=\"flex-basis:15%\" id=\"topo\">\n<div style=\"height:15px\" aria-hidden=\"true\" class=\"wp-block-spacer\"><\/div>\n\n\n<div class=\"wp-block-image\">\n<figure class=\"aligncenter size-full is-resized\"><img decoding=\"async\" src=\"https:\/\/ufpr.br\/propg\/wp-content\/uploads\/2025\/08\/Icone_SistemasComputador_Rosa.png\" alt=\"\" class=\"wp-image-20964\" style=\"width:100px;height:auto\"\/><\/figure><\/div><\/div>\n\n\n\n<div class=\"wp-block-column is-layout-flow wp-block-column-is-layout-flow\" style=\"flex-basis:75%\">\n<h2 class=\"wp-block-heading has-text-align-left has-background has-medium-font-size\" style=\"background-color:#e8ecf5\">CRONOGRAMA INTERNO UFPR<\/h2>\n\n\n\n<hr class=\"wp-block-separator has-text-color has-alpha-channel-opacity has-background is-style-wide\" style=\"background-color:#e8ecf5;color:#e8ecf5\"\/>\n\n\n<div class=\"wp-block-image\">\n<figure class=\"aligncenter size-full\"><a href=\"https:\/\/ufpr.br\/propg\/wp-content\/uploads\/2024\/11\/cron_apcn2022_port_159_2022.jpg\" target=\"_blank\" rel=\"noreferrer noopener\"><img decoding=\"async\" src=\"https:\/\/ufpr.br\/propg\/wp-content\/uploads\/2024\/11\/cron_apcn2022_port_159_2022.jpg\" alt=\"\" class=\"wp-image-11162\"\/><\/a><figcaption class=\"wp-element-caption\">(Atualizado em 04.08.2022)<\/figcaption><\/figure><\/div>\n\n\n<hr class=\"wp-block-separator has-text-color has-alpha-channel-opacity has-background is-style-wide\" style=\"background-color:#e8ecf5;color:#e8ecf5\"\/>\n\n\n\n<div style=\"height:25px\" aria-hidden=\"true\" class=\"wp-block-spacer\"><\/div>\n\n\n\n<ul class=\"wp-block-list\">\n<li><a href=\"https:\/\/www.in.gov.br\/en\/web\/dou\/-\/portaria-n-150-de-4-de-agosto-de-2022-420431500\" target=\"_blank\" rel=\"noopener\" title=\"\">Portaria CAPES n\u00ba 150\/2022<\/a>&nbsp;\u2013 Altera o calend\u00e1rio da CAPES para submiss\u00e3o e an\u00e1lise de propostas de cursos novos \u2013 APCN\/2022.<\/li>\n<\/ul>\n\n\n\n<ul class=\"wp-block-list\">\n<li><del><a href=\"https:\/\/www.in.gov.br\/en\/web\/dou\/-\/portaria-n-61-de-17-de-marco-de-2022-386755740\" target=\"_blank\" rel=\"noopener\" title=\"\">Portaria CAPES n\u00ba 61\/2022&nbsp;<\/a><\/del>(Alterada) \u2013 Altera o calend\u00e1rio da CAPES para submiss\u00e3o e an\u00e1lise de propostas de cursos novos \u2013 APCN\/2022.<\/li>\n<\/ul>\n\n\n\n<ul class=\"wp-block-list\">\n<li><del><a href=\"http:\/\/cad.capes.gov.br\/ato-administrativo-detalhar?idAtoAdmElastic=7462#anchor\" target=\"_blank\" rel=\"noopener\" title=\"\">Portaria CAPES n\u00ba 196\/2021<\/a><\/del>&nbsp;(Revogada) \u2013 Institui o calend\u00e1rio da CAPES para submiss\u00e3o e an\u00e1lise de propostas de cursos novos \u2013 APCN\/2022.<\/li>\n<\/ul>\n\n\n\n<div style=\"height:25px\" aria-hidden=\"true\" class=\"wp-block-spacer\"><\/div>\n\n\n\n<details class=\"wp-block-details has-background is-layout-flow wp-block-details-is-layout-flow\" style=\"background-color:#f0f0f0\"><summary>Calend\u00e1rio espec\u00edfico para cursos de mestrado que na Avalia\u00e7\u00e3o Quadrienal relativa ao per\u00edodo 2017-2020 tiveram sua nota aumentada de 3 (tr\u00eas) para 4 (quatro) e que queiram submeter proposta de curso novo em n\u00edvel de doutorado<\/summary>\n<div style=\"height:15px\" aria-hidden=\"true\" class=\"wp-block-spacer\"><\/div>\n\n\n\n<figure class=\"wp-block-image size-full\"><a href=\"https:\/\/ufpr.br\/propg\/wp-content\/uploads\/2024\/11\/cronograma_doutorado_apcn2022_portaria159-22-1.jpg\" target=\"_blank\" rel=\"noreferrer noopener\"><img decoding=\"async\" src=\"https:\/\/ufpr.br\/propg\/wp-content\/uploads\/2024\/11\/cronograma_doutorado_apcn2022_portaria159-22-1.jpg\" alt=\"\" class=\"wp-image-11198\"\/><\/a><\/figure>\n<\/details>\n\n\n\n<div style=\"height:15px\" aria-hidden=\"true\" class=\"wp-block-spacer\"><\/div>\n\n\n\n<hr class=\"wp-block-separator has-alpha-channel-opacity is-style-dots\"\/>\n\n\n\n<div style=\"height:25px\" aria-hidden=\"true\" class=\"wp-block-spacer\"><\/div>\n\n\n\n<h2 class=\"wp-block-heading has-text-align-left has-background has-medium-font-size\" style=\"background-color:#e8ecf5\">ENVIO DAS PROPOSTAS \u00c0 PRPPG<\/h2>\n\n\n\n<hr class=\"wp-block-separator has-text-color has-alpha-channel-opacity has-background is-style-wide\" style=\"background-color:#e8ecf5;color:#e8ecf5\"\/>\n\n\n\n<p><strong>Enviar processo SEI \u00e0 UFPR\/R\/PRPPG\/CPGSS, tipo de processo \u201cp\u00f3s-gradua\u00e7\u00e3o: solicita\u00e7\u00e3o de cria\u00e7\u00e3o de cursos\/programas\u201d, contendo:<\/strong><\/p>\n\n\n\n<div style=\"height:25px\" aria-hidden=\"true\" class=\"wp-block-spacer\"><\/div>\n\n\n\n<ol class=\"wp-block-list\">\n<li>Estrutura\u00e7\u00e3o da proposta, utilizando o&nbsp;<a title=\"\" href=\"https:\/\/ufpr.br\/propg\/wp-content\/uploads\/2024\/11\/modelo-apresentao-apcn.pptx\" target=\"_blank\" rel=\"noopener\">modelo de apresenta\u00e7\u00e3o \u00e0 PRPPG<\/a>&nbsp;(<a title=\"\" href=\"https:\/\/ufpr.br\/propg\/wp-content\/uploads\/2024\/11\/modelo-apresentao-apcn-versao-para-impressao.pdf\" target=\"_blank\" rel=\"noopener\">acesse aqui<\/a><em>&nbsp;a vers\u00e3o para impress\u00e3o)<\/em><\/li>\n<\/ol>\n\n\n\n<ol start=\"2\" class=\"wp-block-list\">\n<li>Proposta em texto (<a href=\"https:\/\/ufpr.br\/propg\/wp-content\/uploads\/2024\/11\/modelo-apcn-2022-4.docx\" target=\"_blank\" rel=\"noreferrer noopener\">modelo aqui .docx<\/a>)(.<a href=\"https:\/\/ufpr.br\/propg\/wp-content\/uploads\/2024\/11\/modelo-apcn-2022.pdf\" target=\"_blank\" rel=\"noreferrer noopener\">pdf<\/a>)<br>Atendendo todos requisitos aplic\u00e1veis da&nbsp;<a href=\"http:\/\/cad.capes.gov.br\/ato-administrativo-detalhar?idAtoAdmElastic=7463#anchor\" target=\"_blank\" rel=\"noreferrer noopener\">Portaria CAPES n\u00ba 195\/2021<\/a>&nbsp;e do&nbsp;<a href=\"https:\/\/www.gov.br\/capes\/pt-br\/acesso-a-informacao\/acoes-e-programas\/avaliacao\/sobre-a-avaliacao\/areas-avaliacao\/sobre-as-areas-de-avaliacao\/sobre-as-areas-de-avaliacao#areas\" target=\"_blank\" rel=\"noreferrer noopener\">Documento Orientador da Avalia\u00e7\u00e3o de Propostas de Cursos Novos<\/a>&nbsp;(na \u00c1rea de Interesse)<\/li>\n<\/ol>\n\n\n\n<ol start=\"3\" class=\"wp-block-list\">\n<li>Regimento interno do programa<\/li>\n<\/ol>\n\n\n\n<ol start=\"4\" class=\"wp-block-list\">\n<li>Aprova\u00e7\u00e3o do Setor da UFPR ao qual o PPG se vincular\u00e1<\/li>\n<\/ol>\n\n\n\n<hr class=\"wp-block-separator has-text-color has-alpha-channel-opacity has-background is-style-wide\" style=\"background-color:#e8ecf5;color:#e8ecf5\"\/>\n\n\n\n<ul class=\"wp-block-list\">\n<li>Em casos de d\u00favidas envie e-mail pra&nbsp;<a href=\"mailto:cpg@ufpr.br\">cpg@ufpr.br<\/a><\/li>\n<\/ul>\n\n\n\n<ul class=\"wp-block-list\">\n<li>Para preenchimento da proposta na Plataforma Sucupira \u00e9 necess\u00e1rio criar um usu\u00e1rio.&nbsp;<a href=\"https:\/\/ufpr.br\/propg\/wp-content\/uploads\/2024\/11\/criar-usuario.pdf\" target=\"_blank\" rel=\"noopener\" title=\"\">Veja o tutorial pra cria\u00e7\u00e3o de usu\u00e1rio na Plataforma Sucupira aqui<\/a><\/li>\n<\/ul>\n\n\n\n<ul class=\"wp-block-list\">\n<li>Acesse o&nbsp;<a href=\"https:\/\/ufpr.br\/propg\/wp-content\/uploads\/2024\/11\/manual-apcn-plataforma-sucupira-versao-em-marco-de-2022.pdf\" target=\"_blank\" rel=\"noopener\" title=\"\">Manual&nbsp;APCN \u2013 Plataforma Sucupira \u2013 Vers\u00e3o em mar\u00e7o de 2022<\/a><\/li>\n<\/ul>\n\n\n\n<div style=\"height:15px\" aria-hidden=\"true\" class=\"wp-block-spacer\"><\/div>\n\n\n\n<hr class=\"wp-block-separator has-alpha-channel-opacity is-style-dots\"\/>\n\n\n\n<div style=\"height:25px\" aria-hidden=\"true\" class=\"wp-block-spacer\"><\/div>\n\n\n\n<h2 class=\"wp-block-heading has-text-align-left has-background has-medium-font-size\" style=\"background-color:#e8ecf5\">D\u00daVIDAS FREQUENTES<\/h2>\n\n\n\n<hr class=\"wp-block-separator has-text-color has-alpha-channel-opacity has-background is-style-wide\" style=\"background-color:#e8ecf5;color:#e8ecf5\"\/>\n\n\n\n<details class=\"wp-block-details is-layout-flow wp-block-details-is-layout-flow\"><summary>Nessa apresenta\u00e7\u00e3o inicial \u00e9 necess\u00e1rio incluir os documentos de autoriza\u00e7\u00e3o de participa\u00e7\u00e3o de docentes vinculados a outras Institui\u00e7\u00f5es?<\/summary>\n<p>No momento inicial n\u00e3o, mas dever\u00e1 ser anexada na proposta da Plataforma Sucupira e <strong>no processo SEI antes da Homologa\u00e7\u00e3o pela PRPPG<\/strong>. Isso \u00e9 um requisito previsto no art.11, Portaria CAPES n\u00ba 195\/2021 \u2013 Avalia\u00e7\u00e3o de Propostas de Cursos Novos \u2013 APCN \u2013 de P\u00f3s-Gradua\u00e7\u00e3o stricto sensu:<\/p>\n\n\n\n<blockquote class=\"wp-block-quote is-layout-flow wp-block-quote-is-layout-flow\">\n<p>Art. 11. O encaminhamento das propostas de novos cursos \u00e0 Capes ser\u00e1 efetuado mediante a ado\u00e7\u00e3o dos seguintes procedimentos de submiss\u00e3o da proposta:<br>[\u2026]<br>II \u2013 anexa\u00e7\u00e3o dos seguintes documentos, de modo leg\u00edvel:<\/p>\n\n\n\n<p>b) autoriza\u00e7\u00e3o, quando for o caso, para participa\u00e7\u00e3o de docente permanente de outra Institui\u00e7\u00e3o de Ensino Superior \u2013 IES \u2013 no curso, assinada pela Pr\u00f3-Reitoria de P\u00f3s-Gradua\u00e7\u00e3o ou Equivalente e\/ou o Coordenador do Programa da institui\u00e7\u00e3o a que est\u00e1 vinculado;<\/p>\n<\/blockquote>\n\n\n\n<hr class=\"wp-block-separator has-alpha-channel-opacity is-style-dots\"\/>\n<\/details>\n\n\n\n<details class=\"wp-block-details is-layout-flow wp-block-details-is-layout-flow\"><summary>Nessa apresenta\u00e7\u00e3o inicial \u00e9 necess\u00e1rio incluir a ata de reuni\u00e3o da ordin\u00e1ria do Conselho Setorial aprovando a proposta?<\/summary>\n<p>N\u00e3o, inicialmente \u00e9 suficiente a aprova\u00e7\u00e3o pela Dire\u00e7\u00e3o do Setor, Ad referendum do Conselho. Por\u00e9m a ata de reuni\u00e3o ordin\u00e1ria do Conselho Setorial aprovando a proposta dever\u00e1 ser <strong>anexada na proposta da Plataforma Sucupira e anexa ao processo SEI antes da Homologa\u00e7\u00e3o<\/strong> pela PRPPG . O documento \u00e9 uma garantia institucional de que o novo programa ter\u00e1 apoio em termos de recursos de infraestrutura, recursos materiais e recursos humanos<\/p>\n\n\n\n<hr class=\"wp-block-separator has-alpha-channel-opacity is-style-dots\"\/>\n<\/details>\n\n\n\n<details class=\"wp-block-details is-layout-flow wp-block-details-is-layout-flow\"><summary>\u00c9 necess\u00e1rio apresentar aprova\u00e7\u00e3o dos Departamentos aos quais os docentes se vinculam?<\/summary>\n<p>Devido a diversidade de docentes que podem compor um novo Programa, temos dispensado a apresenta\u00e7\u00e3o de aprova\u00e7\u00e3o dos Departamentos para fins de abertura de novos programas. Contudo os docentes devem manter carga hor\u00e1ria compat\u00edvel com o planejamento e autoriza\u00e7\u00f5es de seus respectivos departamentos, conforme as normas aplic\u00e1veis.<\/p>\n<\/details>\n\n\n\n<div style=\"height:15px\" aria-hidden=\"true\" class=\"wp-block-spacer\"><\/div>\n\n\n\n<hr class=\"wp-block-separator has-alpha-channel-opacity is-style-dots\"\/>\n\n\n\n<div style=\"height:25px\" aria-hidden=\"true\" class=\"wp-block-spacer\"><\/div>\n\n\n\n<h2 class=\"wp-block-heading has-text-align-left has-background has-medium-font-size\" style=\"background-color:#e8ecf5\">LEITURAS IMPORTANTES<\/h2>\n\n\n\n<hr class=\"wp-block-separator has-text-color has-alpha-channel-opacity has-background is-style-wide\" style=\"background-color:#e8ecf5;color:#e8ecf5\"\/>\n\n\n\n<p>Para subsidiar a estrutura\u00e7\u00e3o da proposta,&nbsp;<strong>\u00e9 fundamental que o coordenador da proposta familiarize-se com os seguintes documentos:<\/strong><\/p>\n\n\n\n<ol class=\"wp-block-list\">\n<li><a title=\"\" href=\"http:\/\/cad.capes.gov.br\/ato-administrativo-detalhar?idAtoAdmElastic=7463#anchor\" target=\"_blank\" rel=\"noopener\">Portaria CAPES n\u00ba 195\/2021<\/a>&nbsp;\u2013&nbsp;<strong>Avalia\u00e7\u00e3o<\/strong>&nbsp;de Propostas de Cursos Novos \u2013 APCN \u2013 de P\u00f3s-Gradua\u00e7\u00e3o stricto sensu. (<mark style=\"background-color:rgba(0, 0, 0, 0)\" class=\"has-inline-color has-vivid-red-color\"><strong>Cont\u00e9m os requisitos gerais da Proposta<\/strong><\/mark>)<\/li>\n<\/ol>\n\n\n\n<ol start=\"2\" class=\"wp-block-list\">\n<li><a title=\"\" href=\"http:\/\/cad.capes.gov.br\/ato-administrativo-detalhar?idAtoAdmElastic=1451#anchor\" target=\"_blank\" rel=\"noopener\">Portaria CAPES n\u00ba 150\/2019<\/a>&nbsp;\u2013&nbsp;<strong>Regulamenta o apoio<\/strong>&nbsp;da CAPES a cursos novos de p\u00f3s-gradua\u00e7\u00e3o stricto sensu na CAPES.<\/li>\n<\/ol>\n\n\n\n<ol start=\"3\" class=\"wp-block-list\">\n<li><a title=\"\" href=\"http:\/\/cad.capes.gov.br\/ato-administrativo-detalhar?idAtoAdmElastic=3443#anchor\" target=\"_blank\" rel=\"noopener\">Portaria CAPES n\u00ba 34\/2020<\/a>&nbsp;\u2013 Disp\u00f5e sobre as condi\u00e7\u00f5es para fomento a cursos de p\u00f3s-gradua\u00e7\u00e3o stricto sensu pela Diretoria de Programas e Bolsas no Pa\u00eds da CAPES.<\/li>\n<\/ol>\n\n\n\n<ol start=\"4\" class=\"wp-block-list\">\n<li><a title=\"\" href=\"http:\/\/cad.capes.gov.br\/ato-administrativo-detalhar?idAtoAdmElastic=157#anchor\" target=\"_blank\" rel=\"noopener\">Portaria Capes n\u00ba 214\/2017<\/a>-Disp\u00f5e sobre<strong>&nbsp;formas associativas<\/strong>&nbsp;de programas de p\u00f3s-gradua\u00e7\u00e3o stricto sensu<\/li>\n<\/ol>\n\n\n\n<ol start=\"5\" class=\"wp-block-list\">\n<li><a title=\"\" href=\"https:\/\/www.gov.br\/capes\/pt-br\/acesso-a-informacao\/acoes-e-programas\/avaliacao\/sobre-a-avaliacao\/areas-avaliacao\/sobre-as-areas-de-avaliacao\/sobre-as-areas-de-avaliacao#areas\" target=\"_blank\" rel=\"noopener\">Documento Orientador da Avalia\u00e7\u00e3o de Propostas de Cursos Novos<\/a>&nbsp;(verifique o da \u00c1rea de interesse) (<mark style=\"background-color:rgba(0, 0, 0, 0)\" class=\"has-inline-color has-vivid-red-color\"><strong>Cont\u00e9m os requisitos espec\u00edficos da Proposta<\/strong><\/mark>)<\/li>\n<\/ol>\n\n\n\n<ol start=\"6\" class=\"wp-block-list\">\n<li><a title=\"\" href=\"https:\/\/www.gov.br\/capes\/pt-br\/acesso-a-informacao\/acoes-e-programas\/avaliacao\/sobre-a-avaliacao\/areas-avaliacao\/sobre-as-areas-de-avaliacao\/sobre-as-areas-de-avaliacao#areas\" target=\"_blank\" rel=\"noopener\">Documento de \u00e1rea da \u00c1rea de avalia\u00e7\u00e3o<\/a>&nbsp;(verifique o da \u00e1rea de interesse)<\/li>\n<\/ol>\n\n\n\n<ol start=\"7\" class=\"wp-block-list\">\n<li><a title=\"\" href=\"https:\/\/www.gov.br\/capes\/pt-br\/acesso-a-informacao\/acoes-e-programas\/avaliacao\/sobre-a-avaliacao\/areas-avaliacao\/sobre-as-areas-de-avaliacao\/sobre-as-areas-de-avaliacao#areas\" target=\"_blank\" rel=\"noopener\">Relat\u00f3rio da avalia\u00e7\u00e3o quadrienal da \u00c1rea<\/a> (verifique o da \u00e1rea de interesse)<\/li>\n<\/ol>\n\n\n\n<ol start=\"8\" class=\"wp-block-list\">\n<li>&nbsp;<a title=\"\" href=\"http:\/\/www.soc.ufpr.br\/portal\/wp-content\/uploads\/2019\/05\/Reg-Geral-da-UFPR-atualizado.pdf\" target=\"_blank\" rel=\"noopener\">Regimento Geral UFPR<\/a><\/li>\n<\/ol>\n\n\n\n<ol start=\"9\" class=\"wp-block-list\">\n<li><a title=\"\" href=\"http:\/\/www.soc.ufpr.br\/portal\/wp-content\/uploads\/2017\/12\/Res.-32-17-CEPE-Normas-para-o-curso-de-P%C3%B3s-Gradua%C3%A7%C3%A3o-stricto-sensu.pdf\" target=\"_blank\" rel=\"noopener\">Resolu\u00e7\u00e3o n\u00b0 32\/17-CEPE<\/a>-Normas gerais \u00fanicas para os cursos de p\u00f3s-gradua\u00e7\u00e3o stricto sensu na UFPR<\/li>\n<\/ol>\n\n\n\n<ol start=\"10\" class=\"wp-block-list\">\n<li><a title=\"\" href=\"http:\/\/www.proplan.ufpr.br\/portal\/pdi-ufpr\/\" target=\"_blank\" rel=\"noopener\">Plano de Desenvolvimento Institucional da UFPR <\/a>(PDI-UFPR)<\/li>\n<\/ol>\n\n\n\n<ol start=\"11\" class=\"wp-block-list\">\n<li><a title=\"\" href=\"https:\/\/ufpr.br\/propg\/wp-content\/uploads\/2024\/11\/manual-apcn-plataforma-sucupira-versao-em-marco-de-2022.pdf\" target=\"_blank\" rel=\"noopener\"><mark style=\"background-color:rgba(0, 0, 0, 0)\" class=\"has-inline-color has-vivid-red-color\"><strong>Manual<\/strong><\/mark>&nbsp;APCN \u2013 Plataforma Sucupira <\/a>\u2013 Vers\u00e3o em mar\u00e7o de 2022<\/li>\n<\/ol>\n\n\n\n<hr class=\"wp-block-separator has-text-color has-alpha-channel-opacity has-background is-style-wide\" style=\"background-color:#e8ecf5;color:#e8ecf5\"\/>\n\n\n\n<p><strong>V\u00eddeos sobre o tema<\/strong><\/p>\n\n\n\n<ol class=\"wp-block-list\">\n<li><a title=\"\" href=\"https:\/\/www.youtube.com\/watch?v=G7yO6FDwYo0\" target=\"_blank\" rel=\"noopener\">Semin\u00e1rio APCN Capes<\/a> (2018)-parte 1<\/li>\n<\/ol>\n\n\n\n<ol start=\"2\" class=\"wp-block-list\">\n<li><a title=\"\" href=\"https:\/\/www.gov.br\/capes\/pt-br\/assuntos\/noticias\/seminario-com-orientacoes-para-elaboracao-de-propostas-de-cursos-novos-esta-disponivel-em-video\" target=\"_blank\" rel=\"noopener\">Semin\u00e1rio&nbsp;da CAPES sobre como elaborar APCN<\/a> (2017)<\/li>\n<\/ol>\n\n\n\n<hr class=\"wp-block-separator has-text-color has-alpha-channel-opacity has-background is-style-wide\" style=\"background-color:#e8ecf5;color:#e8ecf5\"\/>\n\n\n\n<p><strong>V\u00eddeos relacionados<\/strong><\/p>\n\n\n\n<ol class=\"wp-block-list\">\n<li><a title=\"\" href=\"https:\/\/www.youtube.com\/watch?v=GNdYu18KRts&amp;t=1620s\" target=\"_blank\" rel=\"noopener\">Autoavalia\u00e7\u00e3o dos PPGs e Planejamento Estrat\u00e9gico Institucional da P\u00f3s-Gradua\u00e7\u00e3o<\/a> \u2013 Evento Unesp<\/li>\n<\/ol>\n\n\n\n<ol start=\"2\" class=\"wp-block-list\">\n<li><a title=\"\" href=\"https:\/\/www.youtube.com\/watch?v=OugaFn7qfVQ&amp;t=1620s\" target=\"_blank\" rel=\"noopener\">Autoavalia\u00e7\u00e3o e Planejamento dos Programas de P\u00f3s Gradua\u00e7\u00e3o no Coleta CAPES<\/a> \u2013 Evento Unicamp<\/li>\n<\/ol>\n\n\n\n<hr class=\"wp-block-separator has-text-color has-alpha-channel-opacity has-background is-style-wide\" style=\"background-color:#e8ecf5;color:#e8ecf5\"\/>\n\n\n\n<p><strong>Outros documentos<\/strong><\/p>\n\n\n\n<ol class=\"wp-block-list\">\n<li><a href=\"https:\/\/ufpr.br\/propg\/wp-content\/uploads\/2024\/11\/planejamento-estrategico-para-organizacoes-publicas-enap_compressed-2.pdf\" target=\"_blank\" rel=\"noopener\" title=\"\">Curso Planejamento estrat\u00e9gico para organiza\u00e7\u00f5es p\u00fablicas \u2013 Enap Escola Nacional de Administra\u00e7\u00e3o P\u00fablica, 2019 &lt;https:\/\/www.escolavirtual.gov.br\/curso\/107&gt;<\/a><\/li>\n<\/ol>\n\n\n\n<hr class=\"wp-block-separator has-text-color has-alpha-channel-opacity has-background is-style-wide\" style=\"background-color:#e8ecf5;color:#e8ecf5\"\/>\n\n\n\n<p><strong>Telas do M\u00f3dulo APCN-Plataforma Sucupira<\/strong><\/p>\n\n\n\n<ul class=\"wp-block-list\">\n<li>Ver&nbsp;<a href=\"https:\/\/ufprbr0-my.sharepoint.com\/:f:\/g\/personal\/cpg_ufpr_br\/EmmrbGBEK3pOgI6UaqZv1NoBAqSiuAhijwo5qI22BoqhEA?e=f8xOmM\" target=\"_blank\" rel=\"noopener\" title=\"\">Galeria de Imagens<\/a>&nbsp;ou&nbsp;<a href=\"https:\/\/ufpr.br\/propg\/wp-content\/uploads\/2024\/11\/moduloapcn2022-1.pdf\" target=\"_blank\" rel=\"noopener\" title=\"\">PDF<\/a><\/li>\n<\/ul>\n\n\n\n<hr class=\"wp-block-separator has-text-color has-alpha-channel-opacity has-background is-style-wide\" style=\"background-color:#e8ecf5;color:#e8ecf5\"\/>\n\n\n\n<p><strong>Textos-padr\u00e3o adapt\u00e1veis para as propostas<\/strong><\/p>\n\n\n\n<p>Informa\u00e7\u00f5es sobre a p\u00f3s-gradua\u00e7\u00e3o da UFPR para subsidiar a&nbsp; elabora\u00e7\u00e3o das propostas (textos edit\u00e1veis .docx)<\/p>\n\n\n\n<p><a href=\"https:\/\/ufpr.br\/propg\/wp-content\/uploads\/2024\/11\/textos-padrao-stricto-sensu-20-06-2022.docx\" target=\"_blank\" rel=\"noopener\" title=\"\">Clique aqui<\/a>&nbsp;para baixar os textos edit\u00e1veis com informa\u00e7\u00f5es sobre os seguintes t\u00f3picos:<\/p>\n\n\n\n<ol class=\"wp-block-list\">\n<li>A Universidade Federal do Paran\u00e1<\/li>\n<\/ol>\n\n\n\n<ol start=\"2\" class=\"wp-block-list\">\n<li>A P\u00f3s-gradua\u00e7\u00e3o na UFPR<\/li>\n<\/ol>\n\n\n\n<ol start=\"3\" class=\"wp-block-list\">\n<li>Autoavalia\u00e7\u00e3o Institucional<\/li>\n<\/ol>\n\n\n\n<ol start=\"4\" class=\"wp-block-list\">\n<li>Autoavalia\u00e7\u00e3o do Programa de P\u00f3s-gradua\u00e7\u00e3o<\/li>\n<\/ol>\n\n\n\n<ol start=\"5\" class=\"wp-block-list\">\n<li>Centro de Assessoria de Publica\u00e7\u00e3o Acad\u00eamica (CAPA)<\/li>\n<\/ol>\n\n\n\n<ol start=\"6\" class=\"wp-block-list\">\n<li>Tecnologia da Informa\u00e7\u00e3o e Comunica\u00e7\u00e3o: servi\u00e7os ofertados pela AGTIC<\/li>\n<\/ol>\n\n\n\n<ol start=\"7\" class=\"wp-block-list\">\n<li>Sistema Integrado de Gest\u00e3o Acad\u00eamica da P\u00f3s-gradua\u00e7\u00e3o<\/li>\n<\/ol>\n\n\n\n<ol start=\"8\" class=\"wp-block-list\">\n<li>Ferramentas de Gest\u00e3o da Informa\u00e7\u00e3o: SIGAUFPR<\/li>\n<\/ol>\n\n\n\n<ol start=\"9\" class=\"wp-block-list\">\n<li>Integra\u00e7\u00e3o com Outras Plataformas<\/li>\n<\/ol>\n\n\n\n<ol start=\"10\" class=\"wp-block-list\">\n<li>Acompanhamento de Egressos<\/li>\n<\/ol>\n\n\n\n<ol start=\"11\" class=\"wp-block-list\">\n<li>Portal do Egresso re\u00fane informa\u00e7\u00f5es sobre carreira dos ex-alunos da UFPR<\/li>\n<\/ol>\n\n\n\n<ol start=\"12\" class=\"wp-block-list\">\n<li>Sistema de Bibliotecas da UFPR (SiBi\/UFPR)<\/li>\n<\/ol>\n\n\n\n<ol start=\"13\" class=\"wp-block-list\">\n<li>Superintend\u00eancia de Parcerias e Inova\u00e7\u00e3o<\/li>\n<\/ol>\n\n\n\n<ol start=\"14\" class=\"wp-block-list\">\n<li>Internacionaliza\u00e7\u00e3o: Ag\u00eancia UFPR Internacional (AUI)<\/li>\n<\/ol>\n\n\n\n<ol start=\"15\" class=\"wp-block-list\">\n<li>Inova\u00e7\u00e3o em Atividades de Ensino: as Disciplinas Transversais<\/li>\n<\/ol>\n\n\n\n<ol start=\"16\" class=\"wp-block-list\">\n<li>Disciplinas Transversais na UFPR<\/li>\n<\/ol>\n\n\n\n<ol start=\"17\" class=\"wp-block-list\">\n<li>Hist\u00f3rico do Projeto de Disciplinas Transversais<\/li>\n<\/ol>\n\n\n\n<div style=\"height:15px\" aria-hidden=\"true\" class=\"wp-block-spacer\"><\/div>\n\n\n\n<hr class=\"wp-block-separator has-text-color has-alpha-channel-opacity has-background is-style-wide\" style=\"background-color:#e8ecf5;color:#e8ecf5\"\/>\n\n\n\n<p class=\"has-text-color has-link-color wp-elements-35347cca6bfe07bb2bf966001a1b447f\" style=\"color:#243673\"><strong><a href=\"#topo\" title=\"\">Voltar ao topo<\/a><\/strong><\/p>\n<\/div>\n\n\n\n<div class=\"wp-block-column is-layout-flow wp-block-column-is-layout-flow\" style=\"flex-basis:10%\"><\/div>\n<\/div>\n\n\n\n<p><\/p>\n","protected":false},"excerpt":{"rendered":"<p>CRONOGRAMA INTERNO UFPR ENVIO DAS PROPOSTAS \u00c0 PRPPG Enviar processo SEI \u00e0 UFPR\/R\/PRPPG\/CPGSS, tipo de processo \u201cp\u00f3s-gradua\u00e7\u00e3o: solicita\u00e7\u00e3o de cria\u00e7\u00e3o de cursos\/programas\u201d, contendo: D\u00daVIDAS FREQUENTES LEITURAS IMPORTANTES Para subsidiar a estrutura\u00e7\u00e3o da proposta,&nbsp;\u00e9 fundamental que o coordenador da proposta familiarize-se com os seguintes documentos: V\u00eddeos sobre o tema V\u00eddeos relacionados Outros documentos Telas do M\u00f3dulo [&hellip;]<\/p>\n","protected":false},"author":5,"featured_media":0,"parent":3345,"menu_order":0,"comment_status":"closed","ping_status":"closed","template":"","meta":{"footnotes":""},"class_list":["post-3587","page","type-page","status-publish","hentry"],"_links":{"self":[{"href":"https:\/\/ufpr.br\/propg\/wp-json\/wp\/v2\/pages\/3587","targetHints":{"allow":["GET"]}}],"collection":[{"href":"https:\/\/ufpr.br\/propg\/wp-json\/wp\/v2\/pages"}],"about":[{"href":"https:\/\/ufpr.br\/propg\/wp-json\/wp\/v2\/types\/page"}],"author":[{"embeddable":true,"href":"https:\/\/ufpr.br\/propg\/wp-json\/wp\/v2\/users\/5"}],"replies":[{"embeddable":true,"href":"https:\/\/ufpr.br\/propg\/wp-json\/wp\/v2\/comments?post=3587"}],"version-history":[{"count":68,"href":"https:\/\/ufpr.br\/propg\/wp-json\/wp\/v2\/pages\/3587\/revisions"}],"predecessor-version":[{"id":49309,"href":"https:\/\/ufpr.br\/propg\/wp-json\/wp\/v2\/pages\/3587\/revisions\/49309"}],"up":[{"embeddable":true,"href":"https:\/\/ufpr.br\/propg\/wp-json\/wp\/v2\/pages\/3345"}],"wp:attachment":[{"href":"https:\/\/ufpr.br\/propg\/wp-json\/wp\/v2\/media?parent=3587"}],"curies":[{"name":"wp","href":"https:\/\/api.w.org\/{rel}","templated":true}]}}