{"id":17662,"date":"2025-11-07T11:03:21","date_gmt":"2025-11-07T14:03:21","guid":{"rendered":"https:\/\/ufpr.br\/?page=17662"},"modified":"2026-02-24T14:33:00","modified_gmt":"2026-02-24T17:33:00","slug":"edital-06-2025-propg-sae-e-p4e","status":"publish","type":"page","link":"https:\/\/ufpr.br\/propg\/editais\/edital-06-2025-propg-sae-e-p4e\/","title":{"rendered":"Edital 06\/2025 PROPG\/SAE e P4E"},"content":{"rendered":"\n<div style=\"height:50px\" aria-hidden=\"true\" class=\"wp-block-spacer\"><\/div>\n\n\n\n<div class=\"wp-block-columns is-layout-flex wp-container-core-columns-is-layout-9d6595d7 wp-block-columns-is-layout-flex\">\n<div class=\"wp-block-column is-layout-flow wp-block-column-is-layout-flow\" style=\"flex-basis:20%\" id=\"topo\">\n<div style=\"height:15px\" aria-hidden=\"true\" class=\"wp-block-spacer\"><\/div>\n\n\n<div class=\"wp-block-image\">\n<figure class=\"aligncenter size-full is-resized\"><img decoding=\"async\" src=\"https:\/\/ufpr.br\/propg\/wp-content\/uploads\/2024\/10\/Icone_DocumentosMao_Rosa.png\" alt=\"\" class=\"wp-image-6130\" style=\"width:100px;height:auto\"\/><\/figure><\/div><\/div>\n\n\n\n<div class=\"wp-block-column is-layout-flow wp-block-column-is-layout-flow\" style=\"flex-basis:2%\"><\/div>\n\n\n\n<div class=\"wp-block-column is-layout-flow wp-block-column-is-layout-flow\" style=\"flex-basis:70%\">\n<blockquote class=\"wp-block-quote is-layout-flow wp-block-quote-is-layout-flow\">\n<p>Programa de Assist\u00eancia Estudantil para a P\u00f3s-Gradua\u00e7\u00e3o Stricto Sensu (PAEPG)<\/p>\n<\/blockquote>\n\n\n\n<div style=\"height:25px\" aria-hidden=\"true\" class=\"wp-block-spacer\"><\/div>\n\n\n\n<div class=\"wp-block-columns is-layout-flex wp-container-core-columns-is-layout-9d6595d7 wp-block-columns-is-layout-flex\">\n<div class=\"wp-block-column is-layout-flow wp-block-column-is-layout-flow\">\n<h2 class=\"wp-block-heading has-text-align-left has-background has-medium-font-size\" style=\"background-color:#e8ecf5\">EDITAL<\/h2>\n\n\n\n<hr class=\"wp-block-separator has-text-color has-alpha-channel-opacity has-background is-style-wide\" style=\"background-color:#e8ecf5;color:#e8ecf5\"\/>\n\n\n\n<ul class=\"wp-block-list\">\n<li><a href=\"https:\/\/ufpr.br\/propg\/wp-content\/uploads\/2025\/11\/edital_06_2025_propg_sae_e_p4e.pdf\" target=\"_blank\" rel=\"noreferrer noopener\">Edital 06\/2025 PROPG\/SAE e P4E<\/a> (publicado em 06\/11\/2025)<\/li>\n<\/ul>\n\n\n\n<ul class=\"wp-block-list\">\n<li>Anexo I: Modelo de Declara\u00e7\u00e3o de N\u00e3o Ser Bolsista \u2b07\ufe0f<a href=\"https:\/\/ufpr.br\/propg\/wp-content\/uploads\/2025\/11\/anexo-i-declaracao-de-nao-ser-bolsista-word.docx\" target=\"_blank\" rel=\"noreferrer noopener\">.docx<\/a> \u2b07\ufe0f<a href=\"https:\/\/ufpr.br\/propg\/wp-content\/uploads\/2025\/11\/anexo-i-declaracao-de-nao-ser-bolsista-pdf.pdf\" target=\"_blank\" rel=\"noreferrer noopener\">.pdf<\/a><\/li>\n<\/ul>\n\n\n\n<div style=\"height:50px\" aria-hidden=\"true\" class=\"wp-block-spacer\"><\/div>\n<\/div>\n<\/div>\n\n\n\n<div class=\"wp-block-columns is-layout-flex wp-container-core-columns-is-layout-9d6595d7 wp-block-columns-is-layout-flex\">\n<div class=\"wp-block-column is-layout-flow wp-block-column-is-layout-flow\">\n<h2 class=\"wp-block-heading has-text-align-left has-background has-medium-font-size\" style=\"background-color:#e8ecf5\">INSCRI\u00c7\u00d5ES<\/h2>\n\n\n\n<hr class=\"wp-block-separator has-text-color has-alpha-channel-opacity has-background is-style-wide\" style=\"background-color:#e8ecf5;color:#e8ecf5\"\/>\n\n\n\n<p><strong>Per\u00edodo<\/strong>: de 06\/11\/2025 a 12\/01\/2026<\/p>\n\n\n\n<p><strong>Formul\u00e1rio de inscri\u00e7\u00e3o<\/strong>: <a href=\"https:\/\/forms.office.com\/r\/n7G3cSN9iZ\" target=\"_blank\" rel=\"noreferrer noopener\">https:\/\/forms.office.com\/r\/n7G3cSN9iZ<\/a><br>(requer login e senha institucionais da UFPR \u2013 e-mail @ufpr.br e senha)<\/p>\n\n\n\n<p><strong>Tutorial<\/strong>: <a href=\"https:\/\/ufpr.br\/propg\/wp-content\/uploads\/2025\/11\/siga-aluno-de-pos-graduacao_emitir-declaracao-de-matricula-e-outros-documentos.pdf\" target=\"_blank\" rel=\"noreferrer noopener\">Como gerar a declara\u00e7\u00e3o de matr\u00edcula via SIGA<\/a><\/p>\n\n\n\n<div style=\"height:50px\" aria-hidden=\"true\" class=\"wp-block-spacer\"><\/div>\n<\/div>\n<\/div>\n\n\n\n<div class=\"wp-block-columns is-layout-flex wp-container-core-columns-is-layout-9d6595d7 wp-block-columns-is-layout-flex\">\n<div class=\"wp-block-column is-layout-flow wp-block-column-is-layout-flow\">\n<h2 class=\"wp-block-heading has-text-align-left has-background has-medium-font-size\" style=\"background-color:#e8ecf5\">RESULTADOS<\/h2>\n\n\n\n<hr class=\"wp-block-separator has-text-color has-alpha-channel-opacity has-background is-style-wide\" style=\"background-color:#e8ecf5;color:#e8ecf5\"\/>\n\n\n\n<ul class=\"wp-block-list\">\n<li><a href=\"https:\/\/ufpr.br\/propg\/wp-content\/uploads\/2026\/02\/resultado_parcial_edital-06_2025_propg_sae_p4e.pdf\" target=\"_blank\" rel=\"noreferrer noopener\">Resultado Preliminar<\/a> (publicado em 02\/02\/2026)<\/li>\n<\/ul>\n\n\n\n<ul class=\"wp-block-list\">\n<li><strong><a href=\"https:\/\/ufpr.br\/propg\/wp-content\/uploads\/2026\/02\/resultado_final_edital-06_2025_propg_sae_p4e.pdf\" target=\"_blank\" rel=\"noreferrer noopener\">Resultado final<\/a><\/strong> <strong>(publicado em 13\/02\/2026)<\/strong><\/li>\n<\/ul>\n\n\n\n<div style=\"height:50px\" aria-hidden=\"true\" class=\"wp-block-spacer\"><\/div>\n<\/div>\n<\/div>\n\n\n\n<div class=\"wp-block-columns is-layout-flex wp-container-core-columns-is-layout-9d6595d7 wp-block-columns-is-layout-flex\">\n<div class=\"wp-block-column is-layout-flow wp-block-column-is-layout-flow\">\n<h2 class=\"wp-block-heading has-text-align-left has-background has-medium-font-size\" style=\"background-color:#e8ecf5\">NORMAS RELACIONADAS<\/h2>\n\n\n\n<hr class=\"wp-block-separator has-text-color has-alpha-channel-opacity has-background is-style-wide\" style=\"background-color:#e8ecf5;color:#e8ecf5\"\/>\n\n\n\n<ul class=\"wp-block-list\">\n<li>Lei n\u00ba 14.914, de 3 de Julho de 2024 \u2013 Institui a Pol\u00edtica Nacional de Assist\u00eancia Estudantil (PNAES): &nbsp;<a href=\"https:\/\/www.planalto.gov.br\/ccivil_03\/_ato2023-2026\/2024\/lei\/L14914.htm\" target=\"_blank\" rel=\"noreferrer noopener\">https:\/\/www.planalto.gov.br\/ccivil_03\/_ato2023-2026\/2024\/lei\/L14914.htm<\/a><\/li>\n<\/ul>\n\n\n\n<div style=\"height:50px\" aria-hidden=\"true\" class=\"wp-block-spacer\"><\/div>\n<\/div>\n<\/div>\n\n\n\n<div class=\"wp-block-columns is-layout-flex wp-container-core-columns-is-layout-9d6595d7 wp-block-columns-is-layout-flex\">\n<div class=\"wp-block-column is-layout-flow wp-block-column-is-layout-flow\">\n<h2 class=\"wp-block-heading has-text-align-left has-background has-medium-font-size\" style=\"background-color:#e8ecf5\">D\u00daVIDAS?<\/h2>\n\n\n\n<hr class=\"wp-block-separator has-text-color has-alpha-channel-opacity has-background is-style-wide\" style=\"background-color:#e8ecf5;color:#e8ecf5\"\/>\n\n\n\n<p>Em caso de d\u00favida envie e-mail para&nbsp;<strong><a href=\"mailto:sae.propg@ufpr.br\">sae.propg@ufpr.br<\/a><\/strong><\/p>\n<\/div>\n<\/div>\n\n\n\n<p>Conhe\u00e7a tamb\u00e9m: <a href=\"https:\/\/ufpr.br\/propg\/sae\/programa-de-assistencia-estudantil-da-pos-graduacao-paepg\/\">https:\/\/ufpr.br\/propg\/sae\/programa-de-assistencia-estudantil-da-pos-graduacao-paepg\/<\/a><\/p>\n\n\n\n<hr class=\"wp-block-separator has-text-color has-alpha-channel-opacity has-background is-style-wide\" style=\"background-color:#e8ecf5;color:#e8ecf5\"\/>\n\n\n\n<p class=\"has-text-color has-link-color wp-elements-16631d866001ae142cbdd3786f7ccd26\" style=\"color:#243673\"><strong><a title=\"\" href=\"#topo\">Voltar ao topo<\/a><\/strong><\/p>\n<\/div>\n\n\n\n<div class=\"wp-block-column is-layout-flow wp-block-column-is-layout-flow\" style=\"flex-basis:7%\"><\/div>\n<\/div>\n\n\n\n<p><\/p>\n","protected":false},"excerpt":{"rendered":"<p>Programa de Assist\u00eancia Estudantil para a P\u00f3s-Gradua\u00e7\u00e3o Stricto Sensu (PAEPG) EDITAL INSCRI\u00c7\u00d5ES Per\u00edodo: de 06\/11\/2025 a 12\/01\/2026 Formul\u00e1rio de inscri\u00e7\u00e3o: https:\/\/forms.office.com\/r\/n7G3cSN9iZ(requer login e senha institucionais da UFPR \u2013 e-mail @ufpr.br e senha) Tutorial: Como gerar a declara\u00e7\u00e3o de matr\u00edcula via SIGA RESULTADOS NORMAS RELACIONADAS D\u00daVIDAS? Em caso de d\u00favida envie e-mail para&nbsp;sae.propg@ufpr.br Conhe\u00e7a tamb\u00e9m: https:\/\/ufpr.br\/propg\/sae\/programa-de-assistencia-estudantil-da-pos-graduacao-paepg\/ [&hellip;]<\/p>\n","protected":false},"author":5,"featured_media":0,"parent":11760,"menu_order":0,"comment_status":"closed","ping_status":"closed","template":"","meta":{"footnotes":""},"class_list":["post-17662","page","type-page","status-publish","hentry"],"_links":{"self":[{"href":"https:\/\/ufpr.br\/propg\/wp-json\/wp\/v2\/pages\/17662","targetHints":{"allow":["GET"]}}],"collection":[{"href":"https:\/\/ufpr.br\/propg\/wp-json\/wp\/v2\/pages"}],"about":[{"href":"https:\/\/ufpr.br\/propg\/wp-json\/wp\/v2\/types\/page"}],"author":[{"embeddable":true,"href":"https:\/\/ufpr.br\/propg\/wp-json\/wp\/v2\/users\/5"}],"replies":[{"embeddable":true,"href":"https:\/\/ufpr.br\/propg\/wp-json\/wp\/v2\/comments?post=17662"}],"version-history":[{"count":20,"href":"https:\/\/ufpr.br\/propg\/wp-json\/wp\/v2\/pages\/17662\/revisions"}],"predecessor-version":[{"id":51411,"href":"https:\/\/ufpr.br\/propg\/wp-json\/wp\/v2\/pages\/17662\/revisions\/51411"}],"up":[{"embeddable":true,"href":"https:\/\/ufpr.br\/propg\/wp-json\/wp\/v2\/pages\/11760"}],"wp:attachment":[{"href":"https:\/\/ufpr.br\/propg\/wp-json\/wp\/v2\/media?parent=17662"}],"curies":[{"name":"wp","href":"https:\/\/api.w.org\/{rel}","templated":true}]}}