{"id":17299,"date":"2025-11-02T22:22:16","date_gmt":"2025-11-03T01:22:16","guid":{"rendered":"https:\/\/ufpr.br\/?page=17299"},"modified":"2025-11-02T22:38:09","modified_gmt":"2025-11-03T01:38:09","slug":"orcid","status":"publish","type":"page","link":"https:\/\/ufpr.br\/propg\/cpgss\/cafe-com-sucupira\/orcid\/","title":{"rendered":"ORCiD"},"content":{"rendered":"\n<div style=\"height:50px\" aria-hidden=\"true\" class=\"wp-block-spacer\"><\/div>\n\n\n\n<div class=\"wp-block-columns is-layout-flex wp-container-core-columns-is-layout-9d6595d7 wp-block-columns-is-layout-flex\">\n<div class=\"wp-block-column is-layout-flow wp-block-column-is-layout-flow\" style=\"flex-basis:15%\">\n<div style=\"height:15px\" aria-hidden=\"true\" class=\"wp-block-spacer\"><\/div>\n\n\n<div class=\"wp-block-image\">\n<figure class=\"aligncenter size-full is-resized\" id=\"topo\"><img decoding=\"async\" src=\"https:\/\/ufpr.br\/propg\/wp-content\/uploads\/2025\/11\/cafecomsucupira_cinza.png\" alt=\"\" class=\"wp-image-44957\" style=\"object-fit:cover;width:150px;height:150px\"\/><\/figure><\/div><\/div>\n\n\n\n<div class=\"wp-block-column is-layout-flow wp-block-column-is-layout-flow\" style=\"flex-basis:85%\">\n<h2 class=\"wp-block-heading\">Evento de Extens\u00e3o \u2013 ORCiD: A import\u00e2ncia e os usos do identificador persistente<\/h2>\n\n\n\n<div style=\"height:25px\" aria-hidden=\"true\" class=\"wp-block-spacer\"><\/div>\n\n\n\n<blockquote class=\"wp-block-quote is-layout-flow wp-block-quote-is-layout-flow\">\n<p>A Pr\u00f3-Reitoria de P\u00f3s-Gradua\u00e7\u00e3o da UFPR (PROPG), por meio da Coordenadoria de P\u00f3s-Gradua\u00e7\u00e3o Stricto Sensu (CPGSS), realiza em 17 de novembro de 2025<strong>&nbsp;o 4\u00ba evento da s\u00e9rie Caf\u00e9 com Sucupira, intitulado \u201cORCiD: A import\u00e2ncia e os usos do identificador persistente\u201d<\/strong>. A iniciativa busca fortalecer os Programas de P\u00f3s-Gradua\u00e7\u00e3o diante das atuais mudan\u00e7as no processo de avalia\u00e7\u00e3o da CAPES, que passa a investir de forma decisiva na interoperabilidade de sistemas por meio da nova Plataforma de Avalia\u00e7\u00e3o e do Programa GoPG.<\/p>\n<\/blockquote>\n\n\n\n<p>O encontro contar\u00e1 com a participa\u00e7\u00e3o de&nbsp;<strong>Paloma Mar\u00edn-Arraiza<\/strong>, PhD \u2013 ORCiD: 0000-0001-7460-7794, pesquisadora de refer\u00eancia internacional em comunica\u00e7\u00e3o cient\u00edfica e identificadores persistentes. A atividade ter\u00e1 media\u00e7\u00e3o da equipe da CPGSS\/PROPG.<\/p>\n\n\n\n<p>Ao longo da programa\u00e7\u00e3o, ser\u00e1 discutido o papel estrat\u00e9gico do ORCiD como instrumento de gest\u00e3o da informa\u00e7\u00e3o cient\u00edfica, fundamental para assegurar transpar\u00eancia, rastreabilidade e valoriza\u00e7\u00e3o da produ\u00e7\u00e3o acad\u00eamica, al\u00e9m de ampliar a visibilidade internacional da p\u00f3s-gradua\u00e7\u00e3o brasileira. Ser\u00e3o apresentadas orienta\u00e7\u00f5es pr\u00e1ticas para registro e atualiza\u00e7\u00e3o de perfis, com vistas ao alinhamento dos PPGs \u00e0s exig\u00eancias do pr\u00f3ximo quadri\u00eanio (2025\u20132028).<\/p>\n\n\n\n<p><strong>Local<\/strong>: Evento on-line (transmiss\u00e3o ao vivo para toda a comunidade acad\u00eamica)<br><strong>Hor\u00e1rio<\/strong>: 15h\u201318h<br><strong>Carga hor\u00e1ria<\/strong>: 3h (com certificado)<\/p>\n\n\n\n<p>\u27a1\ufe0f\u00a0<a href=\"https:\/\/forms.office.com\/Pages\/ResponsePage.aspx?id=ozd7w-Lp-UK8Z0ubc44d8GRkqcLV3QxMhlfcbbz9IQ5UNkFFTjlWS1hDNDVGTjFBOE1EMkY4U0hWSy4u\" target=\"_blank\" rel=\"noreferrer noopener\">Inscreva-se: [Clique aqui]<\/a><\/p>\n\n\n\n<blockquote class=\"wp-block-quote is-layout-flow wp-block-quote-is-layout-flow\"><\/blockquote>\n\n\n\n<div style=\"height:50px\" aria-hidden=\"true\" class=\"wp-block-spacer\"><\/div>\n\n\n\n<h2 class=\"wp-block-heading has-text-align-left has-background has-medium-font-size\" style=\"background-color:#e8ecf5\">PROGRAMA\u00c7\u00c3O<\/h2>\n\n\n\n<hr class=\"wp-block-separator has-text-color has-alpha-channel-opacity has-background is-style-wide\" style=\"background-color:#e8ecf5;color:#e8ecf5\"\/>\n\n\n\n<p>Programa\u00e7\u00e3o \u2013 17\/11\/2025<\/p>\n\n\n\n<p><strong>15h00 \u2013 Abertura Institucional do 4\u00ba Evento da S\u00e9rie Caf\u00e9 com Sucupira<\/strong><br>Profa. Dra. Edneia Amancio de Souza Ramos Cavalieri \u2013 Pr\u00f3-Reitora da PROPG<br>Profa. Dra. Paula Carina de Ara\u00fajo \u2013 Coordenadora da CPGSS\/PROPG<\/p>\n\n\n\n<p><strong>15h15 \u2013 Palestra:\u00a0ORCiD: A import\u00e2ncia e os usos do identificador persistente<\/strong><br>Palestrante: Paloma Mar\u00edn-Arraiza, PhD \u2013 ORCiD: 0000-0001-7460-7794<\/p>\n\n\n\n<p><strong>16h30 \u2013 Espa\u00e7o para Perguntas e Debate<\/strong><br>Esclarecimentos, coment\u00e1rios e compartilhamento de experi\u00eancias sobre uso do ORCiD nos Programas de P\u00f3s-Gradua\u00e7\u00e3o.<\/p>\n\n\n\n<p><strong>18h00 \u2013 Encerramento Institucional<\/strong><\/p>\n\n\n\n<div style=\"height:50px\" aria-hidden=\"true\" class=\"wp-block-spacer\"><\/div>\n\n\n\n<h2 class=\"wp-block-heading has-text-align-left has-background has-medium-font-size\" style=\"background-color:#e8ecf5\">SOBRE AS CONFERENCISTAS<\/h2>\n\n\n\n<hr class=\"wp-block-separator has-text-color has-alpha-channel-opacity has-background is-style-wide\" style=\"background-color:#e8ecf5;color:#e8ecf5\"\/>\n\n\n\n<p><strong>Paloma Mar\u00edn-Arraiza&nbsp;<\/strong>\u00e9 Diretora-Adjunta de Engajamento no ORCID e pesquisadora com ampla experi\u00eancia em ci\u00eancia da informa\u00e7\u00e3o, identificadores persistentes (PIDs) e gest\u00e3o de dados de pesquisa. Doutora em Ci\u00eancia da Informa\u00e7\u00e3o, atuou em institui\u00e7\u00f5es como a Universitat Oberta de Catalunya (Espanha) e a National University of Distance Education (Madrid), al\u00e9m de desenvolver pesquisas na UNESP\/Mar\u00edlia. Sua produ\u00e7\u00e3o acad\u00eamica aborda temas como interoperabilidade de sistemas, ci\u00eancia aberta e governan\u00e7a de dados cient\u00edficos. Com publica\u00e7\u00f5es em peri\u00f3dicos internacionais e atua\u00e7\u00e3o em projetos de ado\u00e7\u00e3o de identificadores persistentes, \u00e9 refer\u00eancia na \u00e1rea de comunica\u00e7\u00e3o cient\u00edfica e infraestrutura de dados para pesquisa.<\/p>\n\n\n\n<p><a href=\"https:\/\/orcid.org\/0000-0001-7460-7794\" target=\"_blank\" rel=\"noreferrer noopener\">ORCiD<\/a><\/p>\n\n\n\n<p><strong>Paula Carina de Ara\u00fajo<\/strong>&nbsp;\u00e9 Coordenadora da P\u00f3s-Gradua\u00e7\u00e3o Stricto Sensu da Pr\u00f3-Reitoria de P\u00f3s-Gradua\u00e7\u00e3o da UFPR, &nbsp;respons\u00e1vel pela gest\u00e3o de 92 Programas de P\u00f3s-Gradua\u00e7\u00e3o. Doutora em Ci\u00eancia da Informa\u00e7\u00e3o pela UNESP e bolsista de Produtividade em Pesquisa da Funda\u00e7\u00e3o Arauc\u00e1ria, atua como Editora-Chefe da revista cient\u00edfica AtoZ: novas pr\u00e1ticas em informa\u00e7\u00e3o e conhecimento. Foi consultora do Programa Ant\u00e1rtico Brasileiro (PROANTAR) para a UNESCO e para o Minist\u00e9rio da Ci\u00eancia, Tecnologia e Inova\u00e7\u00e3o. Suas pesquisas concentram-se em ci\u00eancia aberta, comunica\u00e7\u00e3o cient\u00edfica, estudos m\u00e9tricos da informa\u00e7\u00e3o, pol\u00edticas cient\u00edficas e gest\u00e3o da informa\u00e7\u00e3o legal.<\/p>\n\n\n\n<p><a href=\"https:\/\/orcid.org\/0000-0003-4608-752X\" target=\"_blank\" rel=\"noreferrer noopener\">ORCiD<\/a><\/p>\n\n\n\n<div style=\"height:50px\" aria-hidden=\"true\" class=\"wp-block-spacer\"><\/div>\n\n\n\n<h2 class=\"wp-block-heading has-text-align-left has-background has-medium-font-size\" style=\"background-color:#e8ecf5\">CAF\u00c9 COM SUCUPIRA<\/h2>\n\n\n\n<hr class=\"wp-block-separator has-text-color has-alpha-channel-opacity has-background is-style-wide\" style=\"background-color:#e8ecf5;color:#e8ecf5\"\/>\n\n\n\n<p>A&nbsp;PROPG da UFPR , por meio da CPGSS, iniciou em setembro de 2025 a s\u00e9rie&nbsp;<strong>Caf\u00e9 com Sucupira:&nbsp;<\/strong><strong>entendendo a avalia\u00e7\u00e3o, fortalecendo os PPGs<\/strong>, voltada a orientar Programas de P\u00f3s-Gradua\u00e7\u00e3o Stricto Sensu sobre as novas diretrizes de avalia\u00e7\u00e3o da CAPES e a sistem\u00e1tica de classifica\u00e7\u00e3o da produ\u00e7\u00e3o intelectual que substituir\u00e1 o Qualis a partir do quadri\u00eanio 2025\u20132028.<\/p>\n\n\n\n<p>O&nbsp;<strong>Caf\u00e9 com Sucupira<\/strong>&nbsp;\u00e9 um espa\u00e7o cont\u00ednuo de forma\u00e7\u00e3o e debate estrat\u00e9gico, com atividades ao longo do quadri\u00eanio, destinadas a gestores, docentes, discentes e equipes t\u00e9cnico-administrativas. A proposta \u00e9 apoiar os PPGs na transi\u00e7\u00e3o para o novo modelo de avalia\u00e7\u00e3o, fortalecendo a produ\u00e7\u00e3o e o impacto cient\u00edfico da UFPR.<\/p>\n\n\n\n<p>\u27a1\ufe0f\u00a0<a href=\"https:\/\/ufpr.br\/propg\/cpgss\/cafe-com-sucupira\/\">Saiba mais<\/a><\/p>\n\n\n\n<hr class=\"wp-block-separator has-text-color has-alpha-channel-opacity has-background is-style-wide\" style=\"background-color:#e8ecf5;color:#e8ecf5\"\/>\n\n\n\n<p class=\"has-text-color has-link-color wp-elements-16631d866001ae142cbdd3786f7ccd26\" style=\"color:#243673\"><strong><a title=\"\" href=\"#topo\">Voltar ao topo<\/a><\/strong><\/p>\n<\/div>\n\n\n\n<div class=\"wp-block-column is-layout-flow wp-block-column-is-layout-flow\" style=\"flex-basis:1%\"><\/div>\n<\/div>\n","protected":false},"excerpt":{"rendered":"<p>Evento de Extens\u00e3o \u2013 ORCiD: A import\u00e2ncia e os usos do identificador persistente A Pr\u00f3-Reitoria de P\u00f3s-Gradua\u00e7\u00e3o da UFPR (PROPG), por meio da Coordenadoria de P\u00f3s-Gradua\u00e7\u00e3o Stricto Sensu (CPGSS), realiza em 17 de novembro de 2025&nbsp;o 4\u00ba evento da s\u00e9rie Caf\u00e9 com Sucupira, intitulado \u201cORCiD: A import\u00e2ncia e os usos do identificador persistente\u201d. A iniciativa [&hellip;]<\/p>\n","protected":false},"author":5,"featured_media":0,"parent":17252,"menu_order":0,"comment_status":"closed","ping_status":"closed","template":"","meta":{"footnotes":""},"class_list":["post-17299","page","type-page","status-publish","hentry"],"_links":{"self":[{"href":"https:\/\/ufpr.br\/propg\/wp-json\/wp\/v2\/pages\/17299","targetHints":{"allow":["GET"]}}],"collection":[{"href":"https:\/\/ufpr.br\/propg\/wp-json\/wp\/v2\/pages"}],"about":[{"href":"https:\/\/ufpr.br\/propg\/wp-json\/wp\/v2\/types\/page"}],"author":[{"embeddable":true,"href":"https:\/\/ufpr.br\/propg\/wp-json\/wp\/v2\/users\/5"}],"replies":[{"embeddable":true,"href":"https:\/\/ufpr.br\/propg\/wp-json\/wp\/v2\/comments?post=17299"}],"version-history":[{"count":14,"href":"https:\/\/ufpr.br\/propg\/wp-json\/wp\/v2\/pages\/17299\/revisions"}],"predecessor-version":[{"id":17318,"href":"https:\/\/ufpr.br\/propg\/wp-json\/wp\/v2\/pages\/17299\/revisions\/17318"}],"up":[{"embeddable":true,"href":"https:\/\/ufpr.br\/propg\/wp-json\/wp\/v2\/pages\/17252"}],"wp:attachment":[{"href":"https:\/\/ufpr.br\/propg\/wp-json\/wp\/v2\/media?parent=17299"}],"curies":[{"name":"wp","href":"https:\/\/api.w.org\/{rel}","templated":true}]}}