{"id":15925,"date":"2025-10-24T09:22:05","date_gmt":"2025-10-24T12:22:05","guid":{"rendered":"https:\/\/ufpr.br\/?page=15925"},"modified":"2026-01-26T10:17:22","modified_gmt":"2026-01-26T13:17:22","slug":"fotos-dos-mestres-e-doutores-no-predio-historico-da-ufpr","status":"publish","type":"page","link":"https:\/\/ufpr.br\/propg\/cpgss\/fotos-dos-mestres-e-doutores-no-predio-historico-da-ufpr\/","title":{"rendered":"Fotos dos Mestres e Doutores no Pr\u00e9dio Hist\u00f3rico da UFPR"},"content":{"rendered":"\n<div style=\"height:50px\" aria-hidden=\"true\" class=\"wp-block-spacer\"><\/div>\n\n\n\n<div class=\"wp-block-columns is-layout-flex wp-container-core-columns-is-layout-9d6595d7 wp-block-columns-is-layout-flex\">\n<div class=\"wp-block-column is-layout-flow wp-block-column-is-layout-flow\" style=\"flex-basis:20%\">\n<div style=\"height:25px\" aria-hidden=\"true\" class=\"wp-block-spacer\"><\/div>\n\n\n<div class=\"wp-block-image\">\n<figure class=\"aligncenter size-full is-resized\" id=\"topo\"><img decoding=\"async\" src=\"https:\/\/ufpr.br\/propg\/wp-content\/uploads\/2025\/10\/Icone_FotoGaleria_Rosa.png\" alt=\"\" class=\"wp-image-35574\" style=\"width:120px\"\/><\/figure><\/div><\/div>\n\n\n\n<div class=\"wp-block-column is-layout-flow wp-block-column-is-layout-flow\" style=\"flex-basis:75%\">\n<h2 class=\"wp-block-heading\">Fotos Comemorativas dos Mestres e Doutores da UFPR<\/h2>\n\n\n\n<div style=\"height:50px\" aria-hidden=\"true\" class=\"wp-block-spacer\"><\/div>\n\n\n\n<div class=\"wp-block-columns is-layout-flex wp-container-core-columns-is-layout-9d6595d7 wp-block-columns-is-layout-flex\">\n<div class=\"wp-block-column has-background is-layout-flow wp-block-column-is-layout-flow\" style=\"background-color:#f0f0f0;flex-basis:50%\">\n<p class=\"has-background\" style=\"background-color:#f0f0f0\"><strong>Acesse aqui as fotos comemorativas dos Mestres e Doutores titulados pela UFPR:<\/strong><\/p>\n\n\n\n<hr class=\"wp-block-separator has-text-color has-white-color has-alpha-channel-opacity has-white-background-color has-background is-style-wide\"\/>\n\n\n\n<div class=\"wp-block-columns is-not-stacked-on-mobile has-background is-layout-flex wp-container-core-columns-is-layout-9d6595d7 wp-block-columns-is-layout-flex\" style=\"background-color:#f0f0f0\">\n<div class=\"wp-block-column is-layout-flow wp-block-column-is-layout-flow\">\n<p><strong>Turma de 2025<\/strong><br>(dispon\u00edvel em breve)<\/p>\n<\/div>\n\n\n\n<div class=\"wp-block-column is-layout-flow wp-block-column-is-layout-flow\"><div class=\"wp-block-image is-style-rounded\">\n<figure class=\"aligncenter size-medium is-resized\"><a href=\"https:\/\/ufpr.br\/propg\/cpgss\/fotos-dos-mestres-e-doutores-no-predio-historico-da-ufpr\/mestres-e-doutores-turma-2024\/\"><img decoding=\"async\" src=\"https:\/\/ufpr.br\/propg\/wp-content\/uploads\/2025\/10\/prppg24-4-300x200.jpg\" alt=\"\" class=\"wp-image-35743\" style=\"object-fit:cover;width:150px;height:150px\"\/><\/a><\/figure><\/div>\n\n\n<p class=\"has-text-align-center has-text-color has-link-color wp-elements-20a6f496c6672d8ddb6ccaad2f2b6479\" style=\"color:#243673;font-size:14px\"><strong><a href=\"https:\/\/ufpr.br\/propg\/cpgss\/fotos-dos-mestres-e-doutores-no-predio-historico-da-ufpr\/mestres-e-doutores-turma-2024\/\">Turma de 2024<\/a><\/strong><\/p>\n<\/div>\n<\/div>\n\n\n\n<div class=\"wp-block-columns is-not-stacked-on-mobile has-background is-layout-flex wp-container-core-columns-is-layout-9d6595d7 wp-block-columns-is-layout-flex\" style=\"background-color:#f0f0f0\">\n<div class=\"wp-block-column is-layout-flow wp-block-column-is-layout-flow\"><div class=\"wp-block-image is-style-rounded\">\n<figure class=\"aligncenter size-full is-resized\"><a href=\"https:\/\/ufpr.br\/propg\/cpgss\/fotos-dos-mestres-e-doutores-no-predio-historico-da-ufpr\/mestres-e-doutores-turma-2023\/\"><img decoding=\"async\" src=\"https:\/\/ufpr.br\/propg\/wp-content\/uploads\/2025\/10\/foto2023-a-150x150-1.jpg\" alt=\"\" class=\"wp-image-35586\" style=\"object-fit:cover;width:150px;height:150px\"\/><\/a><\/figure><\/div>\n\n\n<p class=\"has-text-align-center has-text-color has-link-color wp-elements-b9ed9e9763ceff0014c7861fcd3d2899\" style=\"color:#243673;font-size:14px\"><strong><a href=\"https:\/\/ufpr.br\/propg\/cpgss\/fotos-dos-mestres-e-doutores-no-predio-historico-da-ufpr\/mestres-e-doutores-turma-2023\/\">Turma de 2023<\/a><\/strong><\/p>\n<\/div>\n\n\n\n<div class=\"wp-block-column is-layout-flow wp-block-column-is-layout-flow\"><div class=\"wp-block-image is-style-rounded\">\n<figure class=\"aligncenter size-full is-resized\"><a href=\"https:\/\/ufpr.br\/propg\/cpgss\/fotos-dos-mestres-e-doutores-no-predio-historico-da-ufpr\/mestres-e-doutores-turma-2022\/\"><img decoding=\"async\" src=\"https:\/\/ufpr.br\/propg\/wp-content\/uploads\/2025\/10\/foto2022-a-150x150-1.jpg\" alt=\"\" class=\"wp-image-35588\" style=\"object-fit:cover;width:150px;height:150px\"\/><\/a><\/figure><\/div>\n\n\n<p class=\"has-text-align-center has-text-color has-link-color wp-elements-21d7b84b8f79027bcfe2f1a66cc0c779\" style=\"color:#243673;font-size:14px\"><strong><a href=\"https:\/\/ufpr.br\/propg\/cpgss\/fotos-dos-mestres-e-doutores-no-predio-historico-da-ufpr\/mestres-e-doutores-turma-2022\/\">Turma de 2022<\/a><\/strong><\/p>\n<\/div>\n<\/div>\n<\/div>\n\n\n\n<div class=\"wp-block-column is-layout-flow wp-block-column-is-layout-flow\" style=\"flex-basis:50%\">\n<div class=\"wp-block-columns is-layout-flex wp-container-core-columns-is-layout-9d6595d7 wp-block-columns-is-layout-flex\">\n<div class=\"wp-block-column is-layout-flow wp-block-column-is-layout-flow\">\n<h2 class=\"wp-block-heading has-text-align-left has-background has-medium-font-size\" id=\"alunos\" style=\"background-color:#e8ecf5\">PERGUNTAS E RESPOSTAS<\/h2>\n\n\n\n<hr class=\"wp-block-separator has-text-color has-alpha-channel-opacity has-background is-style-wide\" style=\"background-color:#e8ecf5;color:#e8ecf5\"\/>\n\n\n\n<details class=\"wp-block-details is-layout-flow wp-block-details-is-layout-flow\"><summary>Quais as orienta\u00e7\u00f5es para participar da foto?<\/summary>\n<p>Basta comparecer ao local na data e hor\u00e1rio especificados. Sugerimos que os participantes cheguem com 30 minutos de anteced\u00eancia para os preparativos da foto.<\/p>\n\n\n\n<hr class=\"wp-block-separator has-alpha-channel-opacity is-style-dots\"\/>\n<\/details>\n\n\n\n<details class=\"wp-block-details is-layout-flow wp-block-details-is-layout-flow\"><summary>\u00c9 necess\u00e1rio levar o diploma?<\/summary>\n<p>N\u00e3o. Basta comparecer ao local na data e hor\u00e1rio especificados.<\/p>\n\n\n\n<hr class=\"wp-block-separator has-alpha-channel-opacity is-style-dots\"\/>\n<\/details>\n\n\n\n<details class=\"wp-block-details is-layout-flow wp-block-details-is-layout-flow\"><summary>As fotos ser\u00e3o impressas?<\/summary>\n<p>N\u00e3o. As fotos n\u00e3o ser\u00e3o impressas.<\/p>\n\n\n\n<hr class=\"wp-block-separator has-alpha-channel-opacity is-style-dots\"\/>\n<\/details>\n\n\n\n<details class=\"wp-block-details is-layout-flow wp-block-details-is-layout-flow\"><summary>Haver\u00e1 emiss\u00e3o de Declara\u00e7\u00e3o de Comparecimento?<\/summary>\n<p>N\u00e3o haver\u00e1 emiss\u00e3o de declara\u00e7\u00e3o ou certificado.<\/p>\n\n\n\n<hr class=\"wp-block-separator has-alpha-channel-opacity is-style-dots\"\/>\n<\/details>\n\n\n\n<details class=\"wp-block-details is-layout-flow wp-block-details-is-layout-flow\"><summary>Onde ser\u00e3o publicadas as fotos?<\/summary>\n<p>No site da PROPG, em:<br><a href=\"https:\/\/ufpr.br\/propg\/cpgss\/fotos-dos-mestres-e-doutores-no-predio-historico-da-ufpr\/\">https:\/\/ufpr.br\/propg\/cpgss\/fotos-dos-mestres-e-doutores-no-predio-historico-da-ufpr\/<\/a><\/p>\n\n\n\n<hr class=\"wp-block-separator has-alpha-channel-opacity is-style-dots\"\/>\n<\/details>\n\n\n\n<details class=\"wp-block-details is-layout-flow wp-block-details-is-layout-flow\"><summary>Quem pode participar da foto?<\/summary>\n<p>Todos os alunos de p\u00f3s-gradua\u00e7\u00e3o titulados (que j\u00e1 tenham defendido) neste ano.<\/p>\n\n\n\n<hr class=\"wp-block-separator has-alpha-channel-opacity is-style-dots\"\/>\n<\/details>\n\n\n\n<h2 class=\"wp-block-heading\">D\u00favidas? <\/h2>\n\n\n\n<p>Entre em contato por e-mail: cpg@ufpr.br<\/p>\n\n\n\n<hr class=\"wp-block-separator has-text-color has-alpha-channel-opacity has-background is-style-wide\" style=\"background-color:#e8ecf5;color:#e8ecf5\"\/>\n\n\n\n<p class=\"has-text-color has-link-color wp-elements-16631d866001ae142cbdd3786f7ccd26\" style=\"color:#243673\"><strong><a title=\"\" href=\"#topo\">Voltar ao topo<\/a><\/strong><\/p>\n<\/div>\n<\/div>\n<\/div>\n<\/div>\n<\/div>\n\n\n\n<div class=\"wp-block-column is-layout-flow wp-block-column-is-layout-flow\" style=\"flex-basis:5%\"><\/div>\n<\/div>\n\n\n\n<p><\/p>\n","protected":false},"excerpt":{"rendered":"<p>Fotos Comemorativas dos Mestres e Doutores da UFPR Acesse aqui as fotos comemorativas dos Mestres e Doutores titulados pela UFPR: Turma de 2025(dispon\u00edvel em breve) Turma de 2024 Turma de 2023 Turma de 2022 PERGUNTAS E RESPOSTAS D\u00favidas? Entre em contato por e-mail: cpg@ufpr.br Voltar ao topo<\/p>\n","protected":false},"author":5,"featured_media":0,"parent":2756,"menu_order":0,"comment_status":"closed","ping_status":"closed","template":"","meta":{"footnotes":""},"class_list":["post-15925","page","type-page","status-publish","hentry"],"_links":{"self":[{"href":"https:\/\/ufpr.br\/propg\/wp-json\/wp\/v2\/pages\/15925","targetHints":{"allow":["GET"]}}],"collection":[{"href":"https:\/\/ufpr.br\/propg\/wp-json\/wp\/v2\/pages"}],"about":[{"href":"https:\/\/ufpr.br\/propg\/wp-json\/wp\/v2\/types\/page"}],"author":[{"embeddable":true,"href":"https:\/\/ufpr.br\/propg\/wp-json\/wp\/v2\/users\/5"}],"replies":[{"embeddable":true,"href":"https:\/\/ufpr.br\/propg\/wp-json\/wp\/v2\/comments?post=15925"}],"version-history":[{"count":61,"href":"https:\/\/ufpr.br\/propg\/wp-json\/wp\/v2\/pages\/15925\/revisions"}],"predecessor-version":[{"id":49682,"href":"https:\/\/ufpr.br\/propg\/wp-json\/wp\/v2\/pages\/15925\/revisions\/49682"}],"up":[{"embeddable":true,"href":"https:\/\/ufpr.br\/propg\/wp-json\/wp\/v2\/pages\/2756"}],"wp:attachment":[{"href":"https:\/\/ufpr.br\/propg\/wp-json\/wp\/v2\/media?parent=15925"}],"curies":[{"name":"wp","href":"https:\/\/api.w.org\/{rel}","templated":true}]}}