{"id":14670,"date":"2025-10-13T22:24:46","date_gmt":"2025-10-14T01:24:46","guid":{"rendered":"https:\/\/ufpr.br\/?page=14670"},"modified":"2025-10-13T22:36:54","modified_gmt":"2025-10-14T01:36:54","slug":"autoavaliacao","status":"publish","type":"page","link":"https:\/\/ufpr.br\/propg\/cpgss\/autoavaliacao\/","title":{"rendered":"Question\u00e1rio de Autoavalia\u00e7\u00e3o"},"content":{"rendered":"\n<div style=\"height:50px\" aria-hidden=\"true\" class=\"wp-block-spacer\"><\/div>\n\n\n\n<div class=\"wp-block-columns is-layout-flex wp-container-core-columns-is-layout-9d6595d7 wp-block-columns-is-layout-flex\">\n<div class=\"wp-block-column is-layout-flow wp-block-column-is-layout-flow\" style=\"flex-basis:20%\">\n<div style=\"height:25px\" aria-hidden=\"true\" class=\"wp-block-spacer\"><\/div>\n\n\n<div class=\"wp-block-image\">\n<figure class=\"aligncenter size-full is-resized\" id=\"topo\"><img decoding=\"async\" src=\"https:\/\/ufpr.br\/propg\/wp-content\/uploads\/2025\/07\/Icone_Formulario_Rosa.png\" alt=\"\" class=\"wp-image-18695\" style=\"width:120px\"\/><\/figure><\/div><\/div>\n\n\n\n<div class=\"wp-block-column is-layout-flow wp-block-column-is-layout-flow\" style=\"flex-basis:70%\">\n<blockquote class=\"wp-block-quote is-layout-flow wp-block-quote-is-layout-flow\"><\/blockquote>\n\n\n\n<ul class=\"wp-block-list\">\n<li>Relat\u00f3rio do <a href=\"https:\/\/ufpr.br\/propg\/wp-content\/uploads\/2025\/10\/relatorio_autoavaliacao_prppg_2019_20191218___revisado.pdf\" target=\"_blank\" rel=\"noreferrer noopener\">Question\u00e1rio de Autoavalia\u00e7\u00e3o PRPPG 2019<\/a><\/li>\n<\/ul>\n\n\n\n<ul class=\"wp-block-list\">\n<li>Relat\u00f3rio do <a href=\"https:\/\/ufpr.br\/propg\/wp-content\/uploads\/2025\/10\/relatorio_autoavaliacao_quest_prppg___2018_.pdf\" target=\"_blank\" rel=\"noreferrer noopener\">Question\u00e1rio de Autoavalia\u00e7\u00e3o PRPPG 2018<\/a><\/li>\n<\/ul>\n\n\n\n<ul class=\"wp-block-list\">\n<li>Relat\u00f3rio do <a href=\"https:\/\/ufpr.br\/propg\/wp-content\/uploads\/2025\/10\/relatorio-auto-avaliao-prppg-2017.pdf\" target=\"_blank\" rel=\"noreferrer noopener\">Question\u00e1rio de Autoavalia\u00e7\u00e3o PRPPG 2017<\/a><\/li>\n<\/ul>\n<\/div>\n\n\n\n<div class=\"wp-block-column is-layout-flow wp-block-column-is-layout-flow\" style=\"flex-basis:10%\"><\/div>\n<\/div>\n\n\n\n<p><\/p>\n","protected":false},"excerpt":{"rendered":"","protected":false},"author":5,"featured_media":0,"parent":2756,"menu_order":0,"comment_status":"closed","ping_status":"closed","template":"","meta":{"footnotes":""},"class_list":["post-14670","page","type-page","status-publish","hentry"],"_links":{"self":[{"href":"https:\/\/ufpr.br\/propg\/wp-json\/wp\/v2\/pages\/14670","targetHints":{"allow":["GET"]}}],"collection":[{"href":"https:\/\/ufpr.br\/propg\/wp-json\/wp\/v2\/pages"}],"about":[{"href":"https:\/\/ufpr.br\/propg\/wp-json\/wp\/v2\/types\/page"}],"author":[{"embeddable":true,"href":"https:\/\/ufpr.br\/propg\/wp-json\/wp\/v2\/users\/5"}],"replies":[{"embeddable":true,"href":"https:\/\/ufpr.br\/propg\/wp-json\/wp\/v2\/comments?post=14670"}],"version-history":[{"count":7,"href":"https:\/\/ufpr.br\/propg\/wp-json\/wp\/v2\/pages\/14670\/revisions"}],"predecessor-version":[{"id":14680,"href":"https:\/\/ufpr.br\/propg\/wp-json\/wp\/v2\/pages\/14670\/revisions\/14680"}],"up":[{"embeddable":true,"href":"https:\/\/ufpr.br\/propg\/wp-json\/wp\/v2\/pages\/2756"}],"wp:attachment":[{"href":"https:\/\/ufpr.br\/propg\/wp-json\/wp\/v2\/media?parent=14670"}],"curies":[{"name":"wp","href":"https:\/\/api.w.org\/{rel}","templated":true}]}}