{"id":12547,"date":"2025-09-09T11:05:24","date_gmt":"2025-09-09T14:05:24","guid":{"rendered":"https:\/\/ufpr.br\/?page=12547"},"modified":"2026-03-23T10:45:39","modified_gmt":"2026-03-23T13:45:39","slug":"termo-senior-siga","status":"publish","type":"page","link":"https:\/\/ufpr.br\/propg\/cpgss\/programa-professor-senior\/termo-senior-siga\/","title":{"rendered":"Inserindo o\u00a0Termo de Compromisso de Professor S\u00eanior no SIGA"},"content":{"rendered":"\n<div style=\"height:50px\" aria-hidden=\"true\" class=\"wp-block-spacer\"><\/div>\n\n\n\n<div class=\"wp-block-columns is-layout-flex wp-container-core-columns-is-layout-9d6595d7 wp-block-columns-is-layout-flex\">\n<div class=\"wp-block-column is-layout-flow wp-block-column-is-layout-flow\" style=\"flex-basis:20%\"><div class=\"wp-block-image\">\n<figure class=\"aligncenter size-full is-resized\"><img decoding=\"async\" src=\"https:\/\/ufpr.br\/propg\/wp-content\/uploads\/2025\/09\/Icone_Upload_Rosa.png\" alt=\"\" class=\"wp-image-26164\" style=\"width:100px\" \/><\/figure><\/div><\/div>\n\n\n\n<div class=\"wp-block-column is-layout-flow wp-block-column-is-layout-flow\" style=\"flex-basis:70%\">\n<blockquote class=\"wp-block-quote is-layout-flow wp-block-quote-is-layout-flow\">\n<p>Como inserir o termo de compromisso de docente <strong>permanente<\/strong> s\u00eanior (com ou sem remunera\u00e7\u00e3o) no sistema SIGA:<\/p>\n<\/blockquote>\n\n\n\n<div style=\"height:25px\" aria-hidden=\"true\" class=\"wp-block-spacer\"><\/div>\n\n\n\n<h2 class=\"wp-block-heading\">Passos<\/h2>\n\n\n\n<hr class=\"wp-block-separator has-text-color has-alpha-channel-opacity has-background is-style-wide\" style=\"background-color:#e8ecf5;color:#e8ecf5\" \/>\n\n\n\n<ol class=\"wp-block-list\">\n<li>Acessar o corpo docente do programa no SIGA e conferir se o cadastro do referido professor s\u00eanior j\u00e1 foi realizado<\/li>\n<\/ol>\n\n\n\n<ol start=\"2\" class=\"wp-block-list\">\n<li>Se o docente estiver cadastrado, clique na aba \u201cPrograma\u201d.<\/li>\n<\/ol>\n\n\n\n<ol start=\"3\" class=\"wp-block-list\">\n<li>Na aba \u201cPrograma\u201d, se o mesmo for s\u00eanior aposentado pela UFPR,\u00a0 dever\u00e1 aparecer a op\u00e7\u00e3o de anexar o arquivo do \u201ctermo de compromisso\u201c.<\/li>\n<\/ol>\n\n\n\n<ol start=\"4\" class=\"wp-block-list\">\n<li>Se o docente s\u00eanior ainda n\u00e3o estiver cadastrado, no ato do cadastramento, se o mesmo for s\u00eanior aposentado pela UFPR, a mesma op\u00e7\u00e3o anexar o documento aparece na aba Programa.<\/li>\n<\/ol>\n\n\n\n<div style=\"height:25px\" aria-hidden=\"true\" class=\"wp-block-spacer\"><\/div>\n\n\n\n<hr class=\"wp-block-separator has-text-color has-alpha-channel-opacity has-background is-style-wide\" style=\"background-color:#e8ecf5;color:#e8ecf5\" \/>\n\n\n\n<p><strong>Cabe ressaltar que para a op\u00e7\u00e3o de inserir o termo de compromisso ser habilitada na aba Programa, \u00e9 preciso que o professor s\u00eanior esteja com o seu cadastro devidamente atualizado na PROGEPE.<\/strong><\/p>\n\n\n\n<hr class=\"wp-block-separator has-text-color has-alpha-channel-opacity has-background is-style-wide\" style=\"background-color:#e8ecf5;color:#e8ecf5\" \/>\n\n\n\n<div style=\"height:30px\" aria-hidden=\"true\" class=\"wp-block-spacer\"><\/div>\n\n\n\n<ul class=\"wp-block-list\">\n<li>Em caso de inconsist\u00eancia cadastral, o PPG deve entrar em contato com a PROGEPE, para verificar se o cadastro docente est\u00e1 devidamente atualizado.<\/li>\n<\/ul>\n\n\n\n<ul class=\"wp-block-list\">\n<li>Ap\u00f3s a atualiza\u00e7\u00e3o, caso a op\u00e7\u00e3o ainda n\u00e3o esteja habilitada no sistema, o programa dever\u00e1 abrir um chamado no SIGA explicando que a PROGEPE j\u00e1 fez a atualiza\u00e7\u00e3o cadastral e que \u00e9 necess\u00e1rio inserir o termo.<\/li>\n<\/ul>\n\n\n\n<hr class=\"wp-block-separator has-text-color has-alpha-channel-opacity has-background is-style-wide\" style=\"background-color:#e8ecf5;color:#e8ecf5\" \/>\n\n\n\n<p>Acesse a vers\u00e3o edit\u00e1vel do <a href=\"https:\/\/ufpr.br\/propg\/wp-content\/uploads\/2026\/03\/Termo-de-compromisso-Prof-Senior-2026.docx\" data-type=\"attachment\" data-id=\"51973\">Termo de compromisso Prof S\u00eanior &#8211; 2026<\/a> (publicado em 23.03.2026).<\/p>\n<\/div>\n\n\n\n<div class=\"wp-block-column is-layout-flow wp-block-column-is-layout-flow\" style=\"flex-basis:10%\"><\/div>\n<\/div>\n\n\n\n<p><\/p>\n","protected":false},"excerpt":{"rendered":"<p>Como inserir o termo de compromisso de docente permanente s\u00eanior (com ou sem remunera\u00e7\u00e3o) no sistema SIGA: Passos Cabe ressaltar que para a op\u00e7\u00e3o de inserir o termo de compromisso ser habilitada na aba Programa, \u00e9 preciso que o professor s\u00eanior esteja com o seu cadastro devidamente atualizado na PROGEPE. Acesse a vers\u00e3o edit\u00e1vel do [&hellip;]<\/p>\n","protected":false},"author":5,"featured_media":0,"parent":4027,"menu_order":0,"comment_status":"closed","ping_status":"closed","template":"","meta":{"footnotes":""},"class_list":["post-12547","page","type-page","status-publish","hentry"],"_links":{"self":[{"href":"https:\/\/ufpr.br\/propg\/wp-json\/wp\/v2\/pages\/12547","targetHints":{"allow":["GET"]}}],"collection":[{"href":"https:\/\/ufpr.br\/propg\/wp-json\/wp\/v2\/pages"}],"about":[{"href":"https:\/\/ufpr.br\/propg\/wp-json\/wp\/v2\/types\/page"}],"author":[{"embeddable":true,"href":"https:\/\/ufpr.br\/propg\/wp-json\/wp\/v2\/users\/5"}],"replies":[{"embeddable":true,"href":"https:\/\/ufpr.br\/propg\/wp-json\/wp\/v2\/comments?post=12547"}],"version-history":[{"count":15,"href":"https:\/\/ufpr.br\/propg\/wp-json\/wp\/v2\/pages\/12547\/revisions"}],"predecessor-version":[{"id":51986,"href":"https:\/\/ufpr.br\/propg\/wp-json\/wp\/v2\/pages\/12547\/revisions\/51986"}],"up":[{"embeddable":true,"href":"https:\/\/ufpr.br\/propg\/wp-json\/wp\/v2\/pages\/4027"}],"wp:attachment":[{"href":"https:\/\/ufpr.br\/propg\/wp-json\/wp\/v2\/media?parent=12547"}],"curies":[{"name":"wp","href":"https:\/\/api.w.org\/{rel}","templated":true}]}}

Inserindo o Termo de Compromisso de Professor Sênior no SIGA

<div style="height:50px" aria-hidden="true" class="wp-block-spacer"></div>



<div class="wp-block-columns is-layout-flex wp-container-core-columns-is-layout-9d6595d7 wp-block-columns-is-layout-flex">
<div class="wp-block-column is-layout-flow wp-block-column-is-layout-flow" style="flex-basis:20%"><div class="wp-block-image">
<figure class="aligncenter size-full is-resized"><img decoding="async" src="https://ufpr.br/propg/wp-content/uploads/2025/09/Icone_Upload_Rosa.png" alt="" class="wp-image-26164" style="width:100px" /></figure></div></div>



<div class="wp-block-column is-layout-flow wp-block-column-is-layout-flow" style="flex-basis:70%">
<blockquote class="wp-block-quote is-layout-flow wp-block-quote-is-layout-flow">
<p>Como inserir o termo de compromisso de docente <strong>permanente</strong> sênior (com ou sem remuneração) no sistema SIGA:</p>
</blockquote>



<div style="height:25px" aria-hidden="true" class="wp-block-spacer"></div>



<h2 class="wp-block-heading">Passos</h2>



<hr class="wp-block-separator has-text-color has-alpha-channel-opacity has-background is-style-wide" style="background-color:#e8ecf5;color:#e8ecf5" />



<ol class="wp-block-list">
<li>Acessar o corpo docente do programa no SIGA e conferir se o cadastro do referido professor sênior já foi realizado</li>
</ol>



<ol start="2" class="wp-block-list">
<li>Se o docente estiver cadastrado, clique na aba “Programa”.</li>
</ol>



<ol start="3" class="wp-block-list">
<li>Na aba “Programa”, se o mesmo for sênior aposentado pela UFPR,  deverá aparecer a opção de anexar o arquivo do “termo de compromisso“.</li>
</ol>



<ol start="4" class="wp-block-list">
<li>Se o docente sênior ainda não estiver cadastrado, no ato do cadastramento, se o mesmo for sênior aposentado pela UFPR, a mesma opção anexar o documento aparece na aba Programa.</li>
</ol>



<div style="height:25px" aria-hidden="true" class="wp-block-spacer"></div>



<hr class="wp-block-separator has-text-color has-alpha-channel-opacity has-background is-style-wide" style="background-color:#e8ecf5;color:#e8ecf5" />



<p><strong>Cabe ressaltar que para a opção de inserir o termo de compromisso ser habilitada na aba Programa, é preciso que o professor sênior esteja com o seu cadastro devidamente atualizado na PROGEPE.</strong></p>



<hr class="wp-block-separator has-text-color has-alpha-channel-opacity has-background is-style-wide" style="background-color:#e8ecf5;color:#e8ecf5" />



<div style="height:30px" aria-hidden="true" class="wp-block-spacer"></div>



<ul class="wp-block-list">
<li>Em caso de inconsistência cadastral, o PPG deve entrar em contato com a PROGEPE, para verificar se o cadastro docente está devidamente atualizado.</li>
</ul>



<ul class="wp-block-list">
<li>Após a atualização, caso a opção ainda não esteja habilitada no sistema, o programa deverá abrir um chamado no SIGA explicando que a PROGEPE já fez a atualização cadastral e que é necessário inserir o termo.</li>
</ul>



<hr class="wp-block-separator has-text-color has-alpha-channel-opacity has-background is-style-wide" style="background-color:#e8ecf5;color:#e8ecf5" />



<p>Acesse a versão editável do <a href="https://ufpr.br/propg/wp-content/uploads/2026/03/Termo-de-compromisso-Prof-Senior-2026.docx" data-type="attachment" data-id="51973">Termo de compromisso Prof Sênior &#8211; 2026</a> (publicado em 23.03.2026).</p>
</div>



<div class="wp-block-column is-layout-flow wp-block-column-is-layout-flow" style="flex-basis:10%"></div>
</div>



<p></p>

<p>Como inserir o termo de compromisso de docente permanente sênior (com ou sem remuneração) no sistema SIGA: Passos Cabe ressaltar que para a opção de inserir o termo de compromisso ser habilitada na aba Programa, é preciso que o professor sênior esteja com o seu cadastro devidamente atualizado na PROGEPE. Acesse a versão editável do [&hellip;]</p>
