{"id":12476,"date":"2025-08-26T14:07:14","date_gmt":"2025-08-26T17:07:14","guid":{"rendered":"https:\/\/ufpr.br\/?page=12476"},"modified":"2025-11-28T14:01:11","modified_gmt":"2025-11-28T17:01:11","slug":"noticias-sobre-especializacao-e-residencia","status":"publish","type":"page","link":"https:\/\/ufpr.br\/propg\/noticias-sobre-especializacao-e-residencia\/","title":{"rendered":"Not\u00edcias sobre Especializa\u00e7\u00e3o e Resid\u00eancia"},"content":{"rendered":"\n<div style=\"height:25px\" aria-hidden=\"true\" class=\"wp-block-spacer\"><\/div>\n\n\n\n<div class=\"wp-block-columns is-layout-flex wp-container-core-columns-is-layout-9d6595d7 wp-block-columns-is-layout-flex\" id=\"topo\">\n<div class=\"wp-block-column is-layout-flow wp-block-column-is-layout-flow\" style=\"flex-basis:10%\">\n<div style=\"height:25px\" aria-hidden=\"true\" class=\"wp-block-spacer\"><\/div>\n\n\n<div class=\"wp-block-image\">\n<figure class=\"aligncenter size-full is-resized\"><img decoding=\"async\" src=\"https:\/\/ufpr.br\/propg\/wp-content\/uploads\/2025\/06\/Icone_Capelo_Certificado_Rosa.png\" alt=\"\" class=\"wp-image-7236\" style=\"object-fit:cover;width:100px;height:100px\"\/><\/figure><\/div><\/div>\n\n\n\n<div class=\"wp-block-column is-layout-flow wp-block-column-is-layout-flow\" style=\"flex-basis:89%\">\n<div class=\"wp-block-query is-layout-flow wp-block-query-is-layout-flow\"><ul class=\"columns-3 wp-block-post-template is-layout-grid wp-container-core-post-template-is-layout-2f3213d7 wp-block-post-template-is-layout-grid\"><li class=\"wp-block-post post-46606 post type-post status-publish format-standard hentry category-editais-e-processos-seletivos category-especializacao-e-residencia\">\n<h2 style=\"color:#243673;\" class=\"has-link-color wp-elements-a7bac71bb8bd9e8cc12057bec999e0ed wp-block-post-title has-text-color\"><a href=\"https:\/\/ufpr.br\/propg\/curso-de-especializacao-em-otorrinolaringologia-2026-edital-no01-2026\/\" target=\"_self\" >CURSO DE ESPECIALIZA\u00c7\u00c3O EM OTORRINOLARINGOLOGIA 2026 &#8211; EDITAL N\u00ba01\/2026<\/a><\/h2>\n\n<div class=\"wp-block-post-date\"><time datetime=\"2026-02-20T10:48:09-03:00\">20 de fevereiro de 2026<\/time><\/div>\n\n\n<hr class=\"wp-block-separator has-text-color has-alpha-channel-opacity has-background is-style-wide\" style=\"background-color:#e8ecf5;color:#e8ecf5\"\/>\n\n\n\n\n<div class=\"wp-block-post-excerpt\"><p class=\"wp-block-post-excerpt__excerpt\">O Setor de Ci\u00eancias da Sa\u00fade, no uso de suas atribui\u00e7\u00f5es, publica o EDITAL N\u00ba01\/2026 &#8211; PROCESSO SELETIVO para o CURSO DE ESPECIALIZA\u00c7\u00c3O EM OTORRINOLARINGOLOGIA 2026 Per\u00edodo de inscri\u00e7\u00e3o: SOMENTE dia 23 de fevereiro de 2025, exclusivamente atrav\u00e9s do link https:\/\/siga.ufpr.br\/siga\/visitante\/processoseletivo\/index.jsp?sequencial=5269 Maiores informa\u00e7\u00f5es clicando no EDITAL ESPECIALIZA\u00c7\u00c3O OTORRINO 2026.<\/p><p class=\"wp-block-post-excerpt__more-text\"><a class=\"wp-block-post-excerpt__more-link\" href=\"https:\/\/ufpr.br\/propg\/curso-de-especializacao-em-otorrinolaringologia-2026-edital-no01-2026\/\">Leia mais<\/a><\/p><\/div>\n\n\n<hr class=\"wp-block-separator has-text-color has-alpha-channel-opacity has-background is-style-wide\" style=\"background-color:#e8ecf5;color:#e8ecf5\"\/>\n\n<\/li><li class=\"wp-block-post post-50741 post type-post status-publish format-standard hentry category-editais-e-processos-seletivos category-especializacao-e-residencia\">\n<h2 style=\"color:#243673;\" class=\"has-link-color wp-elements-a7bac71bb8bd9e8cc12057bec999e0ed wp-block-post-title has-text-color\"><a href=\"https:\/\/ufpr.br\/propg\/edital-no-01-2026-curso-de-especializacao-em-relacoes-raciais-em-contextos-escolares\/\" target=\"_self\" >Edital n\u00ba 01\/2026 \u2013 Curso de Especializa\u00e7\u00e3o em Rela\u00e7\u00f5es Raciais em Contextos Escolares<\/a><\/h2>\n\n<div class=\"wp-block-post-date\"><time datetime=\"2026-01-30T12:02:00-03:00\">30 de janeiro de 2026<\/time><\/div>\n\n\n<hr class=\"wp-block-separator has-text-color has-alpha-channel-opacity has-background is-style-wide\" style=\"background-color:#e8ecf5;color:#e8ecf5\"\/>\n\n\n\n\n<div class=\"wp-block-post-excerpt\"><p class=\"wp-block-post-excerpt__excerpt\">As inscri\u00e7\u00f5es para o Curso de Especializa\u00e7\u00e3o em Rela\u00e7\u00f5es Raciais em Contextos Escolares se encerram no dia 05\/02\/026 O curso, parceria entre NEAB\/Proafe, SEaDIP\/UFPR\/UAB e PROPG, foi especialmente elaborado para professores da educa\u00e7\u00e3o b\u00e1sica, considerando os desafios cotidianos da pr\u00e1tica docente e a necessidade de aprofundamento te\u00f3rico e metodol\u00f3gico sobre as rela\u00e7\u00f5es raciais no contexto&hellip;<\/p><p class=\"wp-block-post-excerpt__more-text\"><a class=\"wp-block-post-excerpt__more-link\" href=\"https:\/\/ufpr.br\/propg\/edital-no-01-2026-curso-de-especializacao-em-relacoes-raciais-em-contextos-escolares\/\">Leia mais<\/a><\/p><\/div>\n\n\n<hr class=\"wp-block-separator has-text-color has-alpha-channel-opacity has-background is-style-wide\" style=\"background-color:#e8ecf5;color:#e8ecf5\"\/>\n\n<\/li><li class=\"wp-block-post post-50056 post type-post status-publish format-standard hentry category-editais-e-processos-seletivos category-especializacao-e-residencia\">\n<h2 style=\"color:#243673;\" class=\"has-link-color wp-elements-a7bac71bb8bd9e8cc12057bec999e0ed wp-block-post-title has-text-color\"><a href=\"https:\/\/ufpr.br\/propg\/edital-no-02-2026-processo-seletivo-simplificado-para-admissao-no-curso-de-especializacao-em-educacao-de-jovens-e-adultos-do-campo-uab-ufpr\/\" target=\"_self\" >Edital n\u00ba 02\/2026 \u2013 Processo Seletivo Simplificado para Admiss\u00e3o no Curso de Especializa\u00e7\u00e3o em Educa\u00e7\u00e3o de Jovens e Adultos do Campo &#8211; UAB\/UFPR<\/a><\/h2>\n\n<div class=\"wp-block-post-date\"><time datetime=\"2026-01-27T10:31:00-03:00\">27 de janeiro de 2026<\/time><\/div>\n\n\n<hr class=\"wp-block-separator has-text-color has-alpha-channel-opacity has-background is-style-wide\" style=\"background-color:#e8ecf5;color:#e8ecf5\"\/>\n\n\n\n\n<div class=\"wp-block-post-excerpt\"><p class=\"wp-block-post-excerpt__excerpt\">A Superintend\u00eancia de Educa\u00e7\u00e3o a Dist\u00e2ncia e Inova\u00e7\u00f5es Pedag\u00f3gicas (SEaDIP) da Universidade Federal do Paran\u00e1 (UFPR) e a Coordena\u00e7\u00e3o do Curso de Curso de Especializa\u00e7\u00e3o em Educa\u00e7\u00e3o de Jovens e Adultos do Campo, de Aperfei\u00e7oamento de Pessoal de N\u00edvel Superior (CAPES) e do Minist\u00e9rio da Educa\u00e7\u00e3o (MEC), em conformidade com a Portaria CAPES n\u00ba 309,&hellip;<\/p><p class=\"wp-block-post-excerpt__more-text\"><a class=\"wp-block-post-excerpt__more-link\" href=\"https:\/\/ufpr.br\/propg\/edital-no-02-2026-processo-seletivo-simplificado-para-admissao-no-curso-de-especializacao-em-educacao-de-jovens-e-adultos-do-campo-uab-ufpr\/\">Leia mais<\/a><\/p><\/div>\n\n\n<hr class=\"wp-block-separator has-text-color has-alpha-channel-opacity has-background is-style-wide\" style=\"background-color:#e8ecf5;color:#e8ecf5\"\/>\n\n<\/li><li class=\"wp-block-post post-46113 post type-post status-publish format-standard hentry category-editais-e-processos-seletivos category-especializacao-e-residencia\">\n<h2 style=\"color:#243673;\" class=\"has-link-color wp-elements-a7bac71bb8bd9e8cc12057bec999e0ed wp-block-post-title has-text-color\"><a href=\"https:\/\/ufpr.br\/propg\/processo-seletivo-para-o-curso-de-curso-de-especializacao-em-dermatologia-pediatrica-turma-2026-2028\/\" target=\"_self\" >[Processo Seletivo] Especializa\u00e7\u00e3o em Dermatologia Pedi\u00e1trica \u2013 Turma 2026-2028<\/a><\/h2>\n\n<div class=\"wp-block-post-date\"><time datetime=\"2025-12-19T12:15:44-03:00\">19 de dezembro de 2025<\/time><\/div>\n\n\n<hr class=\"wp-block-separator has-text-color has-alpha-channel-opacity has-background is-style-wide\" style=\"background-color:#e8ecf5;color:#e8ecf5\"\/>\n\n\n\n\n<div class=\"wp-block-post-excerpt\"><p class=\"wp-block-post-excerpt__excerpt\">Divulgado edital para o&nbsp; Curso de Especializa\u00e7\u00e3o em Dermatologia Pedi\u00e1trica da Universidade Federal do Paran\u00e1 &#8211; Processo Seletivo para a Turma 2026-2028. Per\u00edodo de inscri\u00e7\u00e3o: do dia 16 de dezembro 2025 at\u00e9 \u00e0s 23:59h do dia 24 de janeiro de 2026, por meio exclusivo da p\u00e1gina eletr\u00f4nica do Curso de Especializa\u00e7\u00e3o em Dermatologia Pedi\u00e1trica-UFPR (www.dermatopediatria.com).&hellip;<\/p><p class=\"wp-block-post-excerpt__more-text\"><a class=\"wp-block-post-excerpt__more-link\" href=\"https:\/\/ufpr.br\/propg\/processo-seletivo-para-o-curso-de-curso-de-especializacao-em-dermatologia-pediatrica-turma-2026-2028\/\">Leia mais<\/a><\/p><\/div>\n\n\n<hr class=\"wp-block-separator has-text-color has-alpha-channel-opacity has-background is-style-wide\" style=\"background-color:#e8ecf5;color:#e8ecf5\"\/>\n\n<\/li><li class=\"wp-block-post post-46069 post type-post status-publish format-standard hentry category-editais-e-processos-seletivos category-especializacao-e-residencia\">\n<h2 style=\"color:#243673;\" class=\"has-link-color wp-elements-a7bac71bb8bd9e8cc12057bec999e0ed wp-block-post-title has-text-color\"><a href=\"https:\/\/ufpr.br\/propg\/processo-seletivo-especializacao-em-tocoginecologia-avancada-turma-2026\/\" target=\"_self\" >[Processo seletivo] Especializa\u00e7\u00e3o em Tocoginecologia Avan\u00e7ada &#8211; Turma 2026<\/a><\/h2>\n\n<div class=\"wp-block-post-date\"><time datetime=\"2025-12-09T10:52:14-03:00\">9 de dezembro de 2025<\/time><\/div>\n\n\n<hr class=\"wp-block-separator has-text-color has-alpha-channel-opacity has-background is-style-wide\" style=\"background-color:#e8ecf5;color:#e8ecf5\"\/>\n\n\n\n\n<div class=\"wp-block-post-excerpt\"><p class=\"wp-block-post-excerpt__excerpt\">A Coordena\u00e7\u00e3o do Programa de Especializa\u00e7\u00e3o em Tocoginecologia Avan\u00e7ada da UFPR, no uso de suas atribui\u00e7\u00f5es, publica a sele\u00e7\u00e3o para turma de 2026. Link para edital Per\u00edodo de inscri\u00e7\u00e3o: 10 dezembro de 2025 a 30 de janeiro de 2026, exclusivamente atrav\u00e9s do link. Link para inscri\u00e7\u00e3o<\/p><p class=\"wp-block-post-excerpt__more-text\"><a class=\"wp-block-post-excerpt__more-link\" href=\"https:\/\/ufpr.br\/propg\/processo-seletivo-especializacao-em-tocoginecologia-avancada-turma-2026\/\">Leia mais<\/a><\/p><\/div>\n\n\n<hr class=\"wp-block-separator has-text-color has-alpha-channel-opacity has-background is-style-wide\" style=\"background-color:#e8ecf5;color:#e8ecf5\"\/>\n\n<\/li><li class=\"wp-block-post post-17105 post type-post status-publish format-standard hentry category-editais-e-processos-seletivos category-especializacao-e-residencia\">\n<h2 style=\"color:#243673;\" class=\"has-link-color wp-elements-a7bac71bb8bd9e8cc12057bec999e0ed wp-block-post-title has-text-color\"><a href=\"https:\/\/ufpr.br\/propg\/processo-seletivo-especializacao-em-alternativas-para-uma-nova-educacao-turma-2025\/\" target=\"_self\" >[Processo seletivo] Especializa\u00e7\u00e3o em Alternativas para uma Nova Educa\u00e7\u00e3o &#8211; Turma 2025<\/a><\/h2>\n\n<div class=\"wp-block-post-date\"><time datetime=\"2025-04-10T16:40:04-03:00\">10 de abril de 2025<\/time><\/div>\n\n\n<hr class=\"wp-block-separator has-text-color has-alpha-channel-opacity has-background is-style-wide\" style=\"background-color:#e8ecf5;color:#e8ecf5\"\/>\n\n\n\n\n<div class=\"wp-block-post-excerpt\"><p class=\"wp-block-post-excerpt__excerpt\">A Coordena\u00e7\u00e3o do Programa de Especializa\u00e7\u00e3o em Alternativas para uma Nova Educa\u00e7\u00e3o, do Setor&nbsp; Litoral da UFPR, no uso de suas atribui\u00e7\u00f5es, publica a sele\u00e7\u00e3o 2025. (link para o edital). Edital ANE 5 r. Per\u00edodo de inscri\u00e7\u00e3o: do dia 11 ao dia 27 de abril de 2025, exclusivamente atrav\u00e9s do link: https:\/\/siga.ufpr.br\/siga\/visitante\/processoseletivo\/index.jsp?sequencial=4749<\/p><p class=\"wp-block-post-excerpt__more-text\"><a class=\"wp-block-post-excerpt__more-link\" href=\"https:\/\/ufpr.br\/propg\/processo-seletivo-especializacao-em-alternativas-para-uma-nova-educacao-turma-2025\/\">Leia mais<\/a><\/p><\/div>\n\n\n<hr class=\"wp-block-separator has-text-color has-alpha-channel-opacity has-background is-style-wide\" style=\"background-color:#e8ecf5;color:#e8ecf5\"\/>\n\n<\/li><li class=\"wp-block-post post-17064 post type-post status-publish format-standard hentry category-editais-e-processos-seletivos category-especializacao-e-residencia\">\n<h2 style=\"color:#243673;\" class=\"has-link-color wp-elements-a7bac71bb8bd9e8cc12057bec999e0ed wp-block-post-title has-text-color\"><a href=\"https:\/\/ufpr.br\/propg\/processo-seletivo-especializacao-em-otorrinolaringologia-turma-2025\/\" target=\"_self\" >[Processo seletivo] Especializa\u00e7\u00e3o em Otorrinolaringologia &#8211; Turma 2025<\/a><\/h2>\n\n<div class=\"wp-block-post-date\"><time datetime=\"2025-02-24T08:47:56-03:00\">24 de fevereiro de 2025<\/time><\/div>\n\n\n<hr class=\"wp-block-separator has-text-color has-alpha-channel-opacity has-background is-style-wide\" style=\"background-color:#e8ecf5;color:#e8ecf5\"\/>\n\n\n\n\n<div class=\"wp-block-post-excerpt\"><p class=\"wp-block-post-excerpt__excerpt\">A Coordena\u00e7\u00e3o do Programa de Especializa\u00e7\u00e3o em Otorrinolaringologia do CHC-UFPR, do Setor de Ci\u00eancias da Sa\u00fade da UFPR, no uso de suas atribui\u00e7\u00f5es, publica a sele\u00e7\u00e3o 2025. (link para o edital). Edital Otorrino 2025 Per\u00edodo de inscri\u00e7\u00e3o: do dia 24 ao dia 26 de fevereiro de 2025, exclusivamente atrav\u00e9s do link: https:\/\/siga.ufpr.br\/siga\/visitante\/processoseletivo\/index.jsp?sequencial=4649 Resultado final Especializa\u00e7\u00e3o&hellip;<\/p><p class=\"wp-block-post-excerpt__more-text\"><a class=\"wp-block-post-excerpt__more-link\" href=\"https:\/\/ufpr.br\/propg\/processo-seletivo-especializacao-em-otorrinolaringologia-turma-2025\/\">Leia mais<\/a><\/p><\/div>\n\n\n<hr class=\"wp-block-separator has-text-color has-alpha-channel-opacity has-background is-style-wide\" style=\"background-color:#e8ecf5;color:#e8ecf5\"\/>\n\n<\/li><li class=\"wp-block-post post-17059 post type-post status-publish format-standard hentry category-editais-e-processos-seletivos category-especializacao-e-residencia\">\n<h2 style=\"color:#243673;\" class=\"has-link-color wp-elements-a7bac71bb8bd9e8cc12057bec999e0ed wp-block-post-title has-text-color\"><a href=\"https:\/\/ufpr.br\/propg\/processo-seletivo-especializacao-em-oftalmologia-turma-2025\/\" target=\"_self\" >[Processo seletivo] Especializa\u00e7\u00e3o em Oftalmologia &#8211; Turma 2025<\/a><\/h2>\n\n<div class=\"wp-block-post-date\"><time datetime=\"2025-02-10T12:06:27-03:00\">10 de fevereiro de 2025<\/time><\/div>\n\n\n<hr class=\"wp-block-separator has-text-color has-alpha-channel-opacity has-background is-style-wide\" style=\"background-color:#e8ecf5;color:#e8ecf5\"\/>\n\n\n\n\n<div class=\"wp-block-post-excerpt\"><p class=\"wp-block-post-excerpt__excerpt\">A Coordena\u00e7\u00e3o do Programa de Especializa\u00e7\u00e3o em Oftalmologia do CHC-UFPR, do Setor de Ci\u00eancias da Sa\u00fade da UFPR, no uso de suas atribui\u00e7\u00f5es, publica a sele\u00e7\u00e3o 2025. (link para o edital). EDITAL ESPECIALIZAC\u0327A\u0303O OFTALMO 2025 PER\u00cdODO DE INSCRI\u00c7\u00c3O: De 04 a 13 de fevereiro de 2025 somente atrav\u00e9s do link: https:\/\/siga.ufpr.br\/siga\/visitante\/processoseletivo\/index.jsp?sequencial=4601 RESULTADO DA PRIMEIRA FASE&hellip;<\/p><p class=\"wp-block-post-excerpt__more-text\"><a class=\"wp-block-post-excerpt__more-link\" href=\"https:\/\/ufpr.br\/propg\/processo-seletivo-especializacao-em-oftalmologia-turma-2025\/\">Leia mais<\/a><\/p><\/div>\n\n\n<hr class=\"wp-block-separator has-text-color has-alpha-channel-opacity has-background is-style-wide\" style=\"background-color:#e8ecf5;color:#e8ecf5\"\/>\n\n<\/li><li class=\"wp-block-post post-16954 post type-post status-publish format-standard hentry category-editais-e-processos-seletivos category-especializacao-e-residencia\">\n<h2 style=\"color:#243673;\" class=\"has-link-color wp-elements-a7bac71bb8bd9e8cc12057bec999e0ed wp-block-post-title has-text-color\"><a href=\"https:\/\/ufpr.br\/propg\/processo-seletivo-especializacao-em-segmento-anterior-ocular-turma-2025\/\" target=\"_self\" >[Processo seletivo] Especializa\u00e7\u00e3o em Segmento Anterior Ocular &#8211; Turma 2025<\/a><\/h2>\n\n<div class=\"wp-block-post-date\"><time datetime=\"2024-11-04T16:39:52-03:00\">4 de novembro de 2024<\/time><\/div>\n\n\n<hr class=\"wp-block-separator has-text-color has-alpha-channel-opacity has-background is-style-wide\" style=\"background-color:#e8ecf5;color:#e8ecf5\"\/>\n\n\n\n\n<div class=\"wp-block-post-excerpt\"><p class=\"wp-block-post-excerpt__excerpt\">A Coordena\u00e7\u00e3o do Programa de Especializa\u00e7\u00e3o em Segmento Anterior e Glaucoma do CHC-UFPR, do Setor de Ci\u00eancias da Sa\u00fade da UFPR, no uso de suas atribui\u00e7\u00f5es, publica a sele\u00e7\u00e3o 2025. (link para o edital). Edital especializa\u00e7\u00e3o segmento anterior 2025 PER\u00cdODO DE INSCRI\u00c7\u00c3O: De 01 a 14 de novembro de 2024 somente atrav\u00e9s do link: https:\/\/siga.ufpr.br\/siga\/visitante\/processoseletivo\/index.jsp?sequencial=4454&hellip;<\/p><p class=\"wp-block-post-excerpt__more-text\"><a class=\"wp-block-post-excerpt__more-link\" href=\"https:\/\/ufpr.br\/propg\/processo-seletivo-especializacao-em-segmento-anterior-ocular-turma-2025\/\">Leia mais<\/a><\/p><\/div>\n\n\n<hr class=\"wp-block-separator has-text-color has-alpha-channel-opacity has-background is-style-wide\" style=\"background-color:#e8ecf5;color:#e8ecf5\"\/>\n\n<\/li><\/ul>\n\n<nav class=\"wp-block-query-pagination is-layout-flex wp-block-query-pagination-is-layout-flex\" aria-label=\"Pagina\u00e7\u00e3o\">\n\n\n<div class=\"wp-block-query-pagination-numbers\"><span aria-current=\"page\" class=\"page-numbers current\">1<\/span>\n<a class=\"page-numbers\" href=\"?query-30-page=2\">2<\/a>\n<a class=\"page-numbers\" href=\"?query-30-page=3\">3<\/a>\n<span class=\"page-numbers dots\">&hellip;<\/span>\n<a class=\"page-numbers\" href=\"?query-30-page=8\">8<\/a><\/div>\n\n<a href=\"\/propg\/wp-json\/wp\/v2\/pages\/12476?query-30-page=2\" class=\"wp-block-query-pagination-next\">Pr\u00f3xima p\u00e1gina<\/a>\n<\/nav>\n\n\n<hr class=\"wp-block-separator has-text-color has-alpha-channel-opacity has-background is-style-wide\" style=\"background-color:#e8ecf5;color:#e8ecf5\"\/>\n<\/div>\n\n\n\n<p class=\"has-text-color has-link-color wp-elements-35347cca6bfe07bb2bf966001a1b447f\" style=\"color:#243673\"><strong><a href=\"#topo\" title=\"\">Voltar ao topo<\/a><\/strong><\/p>\n<\/div>\n\n\n\n<div class=\"wp-block-column is-layout-flow wp-block-column-is-layout-flow\" style=\"flex-basis:1%\"><\/div>\n<\/div>\n\n\n\n<p><\/p>\n","protected":false},"excerpt":{"rendered":"<p>Voltar ao topo<\/p>\n","protected":false},"author":5,"featured_media":0,"parent":0,"menu_order":0,"comment_status":"closed","ping_status":"closed","template":"","meta":{"footnotes":""},"class_list":["post-12476","page","type-page","status-publish","hentry"],"_links":{"self":[{"href":"https:\/\/ufpr.br\/propg\/wp-json\/wp\/v2\/pages\/12476","targetHints":{"allow":["GET"]}}],"collection":[{"href":"https:\/\/ufpr.br\/propg\/wp-json\/wp\/v2\/pages"}],"about":[{"href":"https:\/\/ufpr.br\/propg\/wp-json\/wp\/v2\/types\/page"}],"author":[{"embeddable":true,"href":"https:\/\/ufpr.br\/propg\/wp-json\/wp\/v2\/users\/5"}],"replies":[{"embeddable":true,"href":"https:\/\/ufpr.br\/propg\/wp-json\/wp\/v2\/comments?post=12476"}],"version-history":[{"count":3,"href":"https:\/\/ufpr.br\/propg\/wp-json\/wp\/v2\/pages\/12476\/revisions"}],"predecessor-version":[{"id":18220,"href":"https:\/\/ufpr.br\/propg\/wp-json\/wp\/v2\/pages\/12476\/revisions\/18220"}],"wp:attachment":[{"href":"https:\/\/ufpr.br\/propg\/wp-json\/wp\/v2\/media?parent=12476"}],"curies":[{"name":"wp","href":"https:\/\/api.w.org\/{rel}","templated":true}]}}