{"id":12002,"date":"2025-08-15T20:52:34","date_gmt":"2025-08-15T23:52:34","guid":{"rendered":"https:\/\/ufpr.br\/?page=12002"},"modified":"2025-12-30T15:37:10","modified_gmt":"2025-12-30T18:37:10","slug":"calendario-anual-2019-bolsas-capes-ds-e-pnpd","status":"publish","type":"page","link":"https:\/\/ufpr.br\/propg\/sae\/calendario-anual-2019-bolsas-capes-ds-e-pnpd\/","title":{"rendered":"Calend\u00e1rio Anual 2019 Bolsas CAPES \u2013 DS e PNPD"},"content":{"rendered":"\n<div style=\"height:50px\" aria-hidden=\"true\" class=\"wp-block-spacer\"><\/div>\n\n\n\n<div class=\"wp-block-columns is-layout-flex wp-container-core-columns-is-layout-9d6595d7 wp-block-columns-is-layout-flex\">\n<div class=\"wp-block-column is-layout-flow wp-block-column-is-layout-flow\" style=\"flex-basis:20%\" id=\"topo\"><div class=\"wp-block-image\">\n<figure class=\"aligncenter size-full is-resized\"><img decoding=\"async\" src=\"https:\/\/ufpr.br\/propg\/wp-content\/uploads\/2025\/06\/Icone_Calendario_Rosa.png\" alt=\"\" class=\"wp-image-7934\" style=\"width:100px;height:auto\"\/><\/figure><\/div><\/div>\n\n\n\n<div class=\"wp-block-column is-layout-flow wp-block-column-is-layout-flow\" style=\"flex-basis:2%\"><\/div>\n\n\n\n<div class=\"wp-block-column is-layout-flow wp-block-column-is-layout-flow\" style=\"flex-basis:70%\">\n<p>Prezadas Coordenadoras e Prezados Coordenadores,<\/p>\n\n\n\n<p>Estamos encaminhando em anexo o Memorando-Circular n\u00ba 02\/2018 UBA\/PRPPG contendo o Calend\u00e1rio Anual para envio atrav\u00e9s do SIGA de solicita\u00e7\u00f5es de Inclus\u00e3o\/Altera\u00e7\u00e3o de situa\u00e7\u00e3o de bolsa DS e PNPD.<\/p>\n\n\n\n<p>Este calend\u00e1rio foi criado a partir das informa\u00e7\u00f5es encaminhadas pela CAPES quanto aos per\u00edodos mensais de abertura dos sistemas de pagamento de bolsa da CAPES \u2013 SAC (respons\u00e1vel pelas bolsas DS) e SCBA (respons\u00e1vel pelas bolsas PNPD) para o ano de 2019.<\/p>\n\n\n\n<p>Lembramos a todos que este calend\u00e1rio anual dever\u00e1 ser observado para garantir que os pedidos encaminhados via SIGA possam ser efetivamente registrados nos sistemas de pagamento mencionados acima e que o pagamento de bolsas indicadas pelos PPGs possam ser realizados de acordo com a previs\u00e3o de concess\u00e3o estabelecidas pelas Comiss\u00f5es de Bolsas do PPGs.<\/p>\n\n\n\n<p>O registro de informa\u00e7\u00e3o de bolsa s\u00f3 poder\u00e1 ser executado por esta Unidade se as informa\u00e7\u00f5es apresentadas nos pedidos SIGA estiverem em concord\u00e2ncia (tanto as datas de vig\u00eancia quanto os dados do benefici\u00e1rio) com os documentos anexados (formul\u00e1rios e termos de compromisso de bolsa) que comp\u00f5em a referida solicita\u00e7\u00e3o. Caso sejam identificadas inconsist\u00eancias entre estas informa\u00e7\u00f5es a Unidade de Bolsas e Aux\u00edlios \u2013 UBA far\u00e1 a devolu\u00e7\u00e3o da solicita\u00e7\u00e3o SIGA para o PPG de origem para ent\u00e3o ser reavaliada, adequada e ent\u00e3o reenviada para nossa Unidade.<\/p>\n\n\n\n<p>Dentro deste procedimento para garantir a consist\u00eancia das informa\u00e7\u00f5es registradas no SIGA e nos sistemas de pagamento da CAPES os pedidos encaminhados fora dos per\u00edodos de abertura do m\u00eas pretendido para registro de concess\u00e3o de bolsa ser\u00e3o devolvidos aos PPGs de origem para adequa\u00e7\u00e3o de prazos de concess\u00e3o e reenvio.<\/p>\n\n\n\n<p>Ainda quanto a Bolsa PNPD refor\u00e7amos aos PPGs que devido a migra\u00e7\u00e3o destas bolsas para o sistema de pagamento SCBA o pedido SIGA precisa ser acompanhado do acesso do PPG ao SCBA para registro de informa\u00e7\u00f5es sobre a Inclus\u00e3o\/Altera\u00e7\u00e3o de informa\u00e7\u00e3o sobre concess\u00e3o de bolsa PNPD pretendida. <\/p>\n\n\n\n<p>Caso o PPG ainda n\u00e3o tenha se familiarizado com o SCBA recomendamos o acompanhamento do v\u00eddeo de treinamento para acesso a este sistema de pagamento disponibilizado pela CAPES neste endere\u00e7o: http:\/\/www.capes.gov.br\/bolsas\/bolsas-no-pais\/pnpd-capes. Este processo de aprendizado sobre o uso do SCBA ser\u00e1 muito importante porque a CAPES j\u00e1 confirmou que a Bolsa DS tamb\u00e9m ser\u00e1 migrada do SAC para o SCBA durante o ano de 2019.<\/p>\n\n\n\n<hr class=\"wp-block-separator has-text-color has-alpha-channel-opacity has-background is-style-wide\" style=\"background-color:#e8ecf5;color:#e8ecf5\"\/>\n\n\n\n<p>OBS: Sugerimos que este calend\u00e1rio seja afixado em local vis\u00edvel no PPG para que os interessados possam consult\u00e1-lo quando necess\u00e1rio. O mesmo documento tamb\u00e9m estar\u00e1 a disposi\u00e7\u00e3o para consulta na p\u00e1gina de informa\u00e7\u00f5es de bolsa presenta no site da PRPPG no endere\u00e7o: <a href=\"https:\/\/ufpr.br\/propg\/sae\/\">https:\/\/ufpr.br\/propg\/sae\/<\/a><\/p>\n\n\n\n<hr class=\"wp-block-separator has-text-color has-alpha-channel-opacity has-background is-style-wide\" style=\"background-color:#e8ecf5;color:#e8ecf5\"\/>\n\n\n\n<p>* Os programas que n\u00e3o possuem aloca\u00e7\u00e3o de cotas Demanda Social e\/ou PNPD, podem desconsiderar esta informa\u00e7\u00e3o.<\/p>\n\n\n\n<hr class=\"wp-block-separator has-text-color has-alpha-channel-opacity has-background is-style-wide\" style=\"background-color:#e8ecf5;color:#e8ecf5\"\/>\n\n\n\n<p><a href=\"https:\/\/ufpr.br\/propg\/wp-content\/uploads\/2025\/08\/memorandocircular02_2018_uba_prppg_calendrio-2019.pdf\" target=\"_blank\" rel=\"noreferrer noopener\">MemorandoCircular 02_2018_UBA_PRPPG_Calend\u00e1rio Anual 2019<\/a><\/p>\n\n\n\n<hr class=\"wp-block-separator has-text-color has-alpha-channel-opacity has-background is-style-wide\" style=\"background-color:#e8ecf5;color:#e8ecf5\"\/>\n\n\n\n<p class=\"has-text-color has-link-color wp-elements-16631d866001ae142cbdd3786f7ccd26\" style=\"color:#243673\"><strong><a title=\"\" href=\"#topo\">Voltar ao topo<\/a><\/strong><\/p>\n<\/div>\n\n\n\n<div class=\"wp-block-column is-layout-flow wp-block-column-is-layout-flow\" style=\"flex-basis:7%\"><\/div>\n<\/div>\n\n\n\n<p><\/p>\n","protected":false},"excerpt":{"rendered":"<p>Prezadas Coordenadoras e Prezados Coordenadores, Estamos encaminhando em anexo o Memorando-Circular n\u00ba 02\/2018 UBA\/PRPPG contendo o Calend\u00e1rio Anual para envio atrav\u00e9s do SIGA de solicita\u00e7\u00f5es de Inclus\u00e3o\/Altera\u00e7\u00e3o de situa\u00e7\u00e3o de bolsa DS e PNPD. Este calend\u00e1rio foi criado a partir das informa\u00e7\u00f5es encaminhadas pela CAPES quanto aos per\u00edodos mensais de abertura dos sistemas de pagamento [&hellip;]<\/p>\n","protected":false},"author":5,"featured_media":0,"parent":8941,"menu_order":0,"comment_status":"closed","ping_status":"closed","template":"","meta":{"footnotes":""},"class_list":["post-12002","page","type-page","status-publish","hentry"],"_links":{"self":[{"href":"https:\/\/ufpr.br\/propg\/wp-json\/wp\/v2\/pages\/12002","targetHints":{"allow":["GET"]}}],"collection":[{"href":"https:\/\/ufpr.br\/propg\/wp-json\/wp\/v2\/pages"}],"about":[{"href":"https:\/\/ufpr.br\/propg\/wp-json\/wp\/v2\/types\/page"}],"author":[{"embeddable":true,"href":"https:\/\/ufpr.br\/propg\/wp-json\/wp\/v2\/users\/5"}],"replies":[{"embeddable":true,"href":"https:\/\/ufpr.br\/propg\/wp-json\/wp\/v2\/comments?post=12002"}],"version-history":[{"count":12,"href":"https:\/\/ufpr.br\/propg\/wp-json\/wp\/v2\/pages\/12002\/revisions"}],"predecessor-version":[{"id":47128,"href":"https:\/\/ufpr.br\/propg\/wp-json\/wp\/v2\/pages\/12002\/revisions\/47128"}],"up":[{"embeddable":true,"href":"https:\/\/ufpr.br\/propg\/wp-json\/wp\/v2\/pages\/8941"}],"wp:attachment":[{"href":"https:\/\/ufpr.br\/propg\/wp-json\/wp\/v2\/media?parent=12002"}],"curies":[{"name":"wp","href":"https:\/\/api.w.org\/{rel}","templated":true}]}}

Calendário Anual 2019 Bolsas CAPES – DS e PNPD

<div style="height:50px" aria-hidden="true" class="wp-block-spacer"></div>



<div class="wp-block-columns is-layout-flex wp-container-core-columns-is-layout-9d6595d7 wp-block-columns-is-layout-flex">
<div class="wp-block-column is-layout-flow wp-block-column-is-layout-flow" style="flex-basis:20%" id="topo"><div class="wp-block-image">
<figure class="aligncenter size-full is-resized"><img decoding="async" src="https://ufpr.br/propg/wp-content/uploads/2025/06/Icone_Calendario_Rosa.png" alt="" class="wp-image-7934" style="width:100px;height:auto"/></figure></div></div>



<div class="wp-block-column is-layout-flow wp-block-column-is-layout-flow" style="flex-basis:2%"></div>



<div class="wp-block-column is-layout-flow wp-block-column-is-layout-flow" style="flex-basis:70%">
<p>Prezadas Coordenadoras e Prezados Coordenadores,</p>



<p>Estamos encaminhando em anexo o Memorando-Circular nº 02/2018 UBA/PRPPG contendo o Calendário Anual para envio através do SIGA de solicitações de Inclusão/Alteração de situação de bolsa DS e PNPD.</p>



<p>Este calendário foi criado a partir das informações encaminhadas pela CAPES quanto aos períodos mensais de abertura dos sistemas de pagamento de bolsa da CAPES – SAC (responsável pelas bolsas DS) e SCBA (responsável pelas bolsas PNPD) para o ano de 2019.</p>



<p>Lembramos a todos que este calendário anual deverá ser observado para garantir que os pedidos encaminhados via SIGA possam ser efetivamente registrados nos sistemas de pagamento mencionados acima e que o pagamento de bolsas indicadas pelos PPGs possam ser realizados de acordo com a previsão de concessão estabelecidas pelas Comissões de Bolsas do PPGs.</p>



<p>O registro de informação de bolsa só poderá ser executado por esta Unidade se as informações apresentadas nos pedidos SIGA estiverem em concordância (tanto as datas de vigência quanto os dados do beneficiário) com os documentos anexados (formulários e termos de compromisso de bolsa) que compõem a referida solicitação. Caso sejam identificadas inconsistências entre estas informações a Unidade de Bolsas e Auxílios – UBA fará a devolução da solicitação SIGA para o PPG de origem para então ser reavaliada, adequada e então reenviada para nossa Unidade.</p>



<p>Dentro deste procedimento para garantir a consistência das informações registradas no SIGA e nos sistemas de pagamento da CAPES os pedidos encaminhados fora dos períodos de abertura do mês pretendido para registro de concessão de bolsa serão devolvidos aos PPGs de origem para adequação de prazos de concessão e reenvio.</p>



<p>Ainda quanto a Bolsa PNPD reforçamos aos PPGs que devido a migração destas bolsas para o sistema de pagamento SCBA o pedido SIGA precisa ser acompanhado do acesso do PPG ao SCBA para registro de informações sobre a Inclusão/Alteração de informação sobre concessão de bolsa PNPD pretendida. </p>



<p>Caso o PPG ainda não tenha se familiarizado com o SCBA recomendamos o acompanhamento do vídeo de treinamento para acesso a este sistema de pagamento disponibilizado pela CAPES neste endereço: http://www.capes.gov.br/bolsas/bolsas-no-pais/pnpd-capes. Este processo de aprendizado sobre o uso do SCBA será muito importante porque a CAPES já confirmou que a Bolsa DS também será migrada do SAC para o SCBA durante o ano de 2019.</p>



<hr class="wp-block-separator has-text-color has-alpha-channel-opacity has-background is-style-wide" style="background-color:#e8ecf5;color:#e8ecf5"/>



<p>OBS: Sugerimos que este calendário seja afixado em local visível no PPG para que os interessados possam consultá-lo quando necessário. O mesmo documento também estará a disposição para consulta na página de informações de bolsa presenta no site da PRPPG no endereço: <a href="https://ufpr.br/propg/sae/">https://ufpr.br/propg/sae/</a></p>



<hr class="wp-block-separator has-text-color has-alpha-channel-opacity has-background is-style-wide" style="background-color:#e8ecf5;color:#e8ecf5"/>



<p>* Os programas que não possuem alocação de cotas Demanda Social e/ou PNPD, podem desconsiderar esta informação.</p>



<hr class="wp-block-separator has-text-color has-alpha-channel-opacity has-background is-style-wide" style="background-color:#e8ecf5;color:#e8ecf5"/>



<p><a href="https://ufpr.br/propg/wp-content/uploads/2025/08/memorandocircular02_2018_uba_prppg_calendrio-2019.pdf" target="_blank" rel="noreferrer noopener">MemorandoCircular 02_2018_UBA_PRPPG_Calendário Anual 2019</a></p>



<hr class="wp-block-separator has-text-color has-alpha-channel-opacity has-background is-style-wide" style="background-color:#e8ecf5;color:#e8ecf5"/>



<p class="has-text-color has-link-color wp-elements-16631d866001ae142cbdd3786f7ccd26" style="color:#243673"><strong><a title="" href="#topo">Voltar ao topo</a></strong></p>
</div>



<div class="wp-block-column is-layout-flow wp-block-column-is-layout-flow" style="flex-basis:7%"></div>
</div>



<p></p>

<p>Prezadas Coordenadoras e Prezados Coordenadores, Estamos encaminhando em anexo o Memorando-Circular nº 02/2018 UBA/PRPPG contendo o Calendário Anual para envio através do SIGA de solicitações de Inclusão/Alteração de situação de bolsa DS e PNPD. Este calendário foi criado a partir das informações encaminhadas pela CAPES quanto aos períodos mensais de abertura dos sistemas de pagamento [&hellip;]</p>
