{"id":11828,"date":"2025-08-13T16:06:04","date_gmt":"2025-08-13T19:06:04","guid":{"rendered":"https:\/\/ufpr.br\/?page=11828"},"modified":"2026-01-07T11:24:45","modified_gmt":"2026-01-07T14:24:45","slug":"programa-doutorado-sanduiche-no-exterior-pdse-2022-capes","status":"publish","type":"page","link":"https:\/\/ufpr.br\/propg\/siprop\/editais-e-oportunidades\/programa-doutorado-sanduiche-no-exterior-pdse-2022-capes\/","title":{"rendered":"Programa Doutorado Sandu\u00edche no Exterior (PDSE) 2022-Capes"},"content":{"rendered":"\n<div style=\"height:50px\" aria-hidden=\"true\" class=\"wp-block-spacer\"><\/div>\n\n\n\n<div class=\"wp-block-columns is-layout-flex wp-container-core-columns-is-layout-9d6595d7 wp-block-columns-is-layout-flex\">\n<div class=\"wp-block-column is-layout-flow wp-block-column-is-layout-flow\" style=\"flex-basis:20%\" id=\"topo\"><div class=\"wp-block-image\">\n<figure class=\"aligncenter size-full is-resized\"><img decoding=\"async\" src=\"https:\/\/ufpr.br\/propg\/wp-content\/uploads\/2024\/10\/Icone_DocumentosMao_Rosa.png\" alt=\"\" class=\"wp-image-6130\" style=\"width:100px;height:auto\"\/><\/figure><\/div><\/div>\n\n\n\n<div class=\"wp-block-column is-layout-flow wp-block-column-is-layout-flow\" style=\"flex-basis:2%\"><\/div>\n\n\n\n<div class=\"wp-block-column is-layout-flow wp-block-column-is-layout-flow\" style=\"flex-basis:70%\">\n<blockquote class=\"wp-block-quote is-layout-flow wp-block-quote-is-layout-flow\">\n<p>Em atendimento aos termos do&nbsp;<strong>Edital CAPES PDSE n\u00ba 10\/2022<\/strong>&nbsp;apresentamos aos interessados informa\u00e7\u00f5es, instru\u00e7\u00f5es e documenta\u00e7\u00f5es referentes ao PDSE 2022 no \u00e2mbito desta IES.<\/p>\n<\/blockquote>\n\n\n\n<div style=\"height:50px\" aria-hidden=\"true\" class=\"wp-block-spacer\"><\/div>\n\n\n\n<div class=\"wp-block-columns is-layout-flex wp-container-core-columns-is-layout-9d6595d7 wp-block-columns-is-layout-flex\">\n<div class=\"wp-block-column is-layout-flow wp-block-column-is-layout-flow\">\n<h2 class=\"wp-block-heading has-text-align-left has-background has-medium-font-size\" style=\"background-color:#e8ecf5\">ACESSO AOS ARQUIVOS RELACIONADOS SO PDSE 2022<\/h2>\n\n\n\n<hr class=\"wp-block-separator has-text-color has-alpha-channel-opacity has-background is-style-wide\" style=\"background-color:#e8ecf5;color:#e8ecf5\"\/>\n\n\n\n<ol class=\"wp-block-list\">\n<li><a href=\"https:\/\/www.gov.br\/capes\/pt-br\/centrais-de-conteudo\/editais\/16022022_Edital10.22PDSE.pdf\" target=\"_blank\" rel=\"noreferrer noopener\">Edital CAPES PDSE n\u00ba 10\/2022<\/a>&nbsp;\u2013 Edital que regulamenta o processo para concess\u00e3o de bolsa PDSE para sa\u00eddas entre Setembro e Novembro 2022;<\/li>\n<\/ol>\n\n\n\n<ol start=\"2\" class=\"wp-block-list\">\n<li>&nbsp;<a href=\"https:\/\/www.gov.br\/capes\/pt-br\/centrais-de-conteudo\/editais\/16022022_Edital_1633531_Anexo_II___Proficiencia.pdf\" target=\"_blank\" rel=\"noreferrer noopener\">Anexo II<\/a>&nbsp;\u2013 Requisitos de profici\u00eancia em l\u00edngua estrangeira;<\/li>\n<\/ol>\n\n\n\n<ol start=\"3\" class=\"wp-block-list\">\n<li><a href=\"https:\/\/www.gov.br\/capes\/pt-br\/centrais-de-conteudo\/02012018-portaria-289-de-28-12-2018-pdf\" target=\"_blank\" rel=\"noreferrer noopener\">Portaria CAPES n\u00ba 289\/2018<\/a>&nbsp;que regulamenta as modalidades de bolsas e aux\u00edlios no exterior;<\/li>\n<\/ol>\n\n\n\n<div style=\"height:50px\" aria-hidden=\"true\" class=\"wp-block-spacer\"><\/div>\n<\/div>\n<\/div>\n\n\n\n<div class=\"wp-block-columns is-layout-flex wp-container-core-columns-is-layout-9d6595d7 wp-block-columns-is-layout-flex\">\n<div class=\"wp-block-column is-layout-flow wp-block-column-is-layout-flow\">\n<h2 class=\"wp-block-heading has-text-align-left has-background has-medium-font-size\" style=\"background-color:#e8ecf5\">NO \u00c2MBITO DA UFPR<\/h2>\n\n\n\n<hr class=\"wp-block-separator has-text-color has-alpha-channel-opacity has-background is-style-wide\" style=\"background-color:#e8ecf5;color:#e8ecf5\"\/>\n\n\n\n<ol class=\"wp-block-list\">\n<li><a href=\"https:\/\/ufpr.br\/propg\/wp-content\/uploads\/2025\/08\/edital_prppg_sba_01_2022_pdse2022_versao_18fev2022.pdf\" target=\"_blank\" rel=\"noreferrer noopener\">Edital PRPPG\/SBA n\u00ba 01\/2022<\/a><\/li>\n<\/ol>\n\n\n\n<ol start=\"2\" class=\"wp-block-list\">\n<li><a href=\"https:\/\/ufpr.br\/propg\/wp-content\/uploads\/2025\/08\/resultado_parcial_editalprppg_sba_01_2022_pdse2022.pdf\" target=\"_blank\" rel=\"noreferrer noopener\">Resultado Parcial Edital PRPPG\/SBA n\u00ba 01\/2022<\/a>\u00a0(publicado em 25\/03\/2022)<\/li>\n<\/ol>\n\n\n\n<ol start=\"3\" class=\"wp-block-list\">\n<li><strong><a href=\"https:\/\/ufpr.br\/propg\/wp-content\/uploads\/2025\/08\/resultado_final_editalprppg_sba_01_2022_pdse2022.pdf\" target=\"_blank\" rel=\"noreferrer noopener\">Resultados Finais<\/a><\/strong>\u00a0(publicado em 31\/03\/2022):<\/li>\n<\/ol>\n\n\n\n<ol start=\"4\" class=\"wp-block-list\">\n<li><a href=\"https:\/\/ufpr.br\/propg\/wp-content\/uploads\/2025\/08\/resultadohomologacao_sicapes_05maio2022.pdf\" target=\"_blank\" rel=\"noreferrer noopener\">Confirma\u00e7\u00e3o de Homologa\u00e7\u00e3o de candidatura discente junto ao SICAPES<\/a>\u00a0(publicado em 06\/05\/2022)<\/li>\n<\/ol>\n\n\n\n<div style=\"height:50px\" aria-hidden=\"true\" class=\"wp-block-spacer\"><\/div>\n<\/div>\n<\/div>\n\n\n\n<div class=\"wp-block-columns is-layout-flex wp-container-core-columns-is-layout-9d6595d7 wp-block-columns-is-layout-flex\">\n<div class=\"wp-block-column is-layout-flow wp-block-column-is-layout-flow\">\n<h2 class=\"wp-block-heading has-text-align-left has-background has-medium-font-size\" style=\"background-color:#e8ecf5\">PPGs APTOS A PARTICIPAR DO PROGRAMA PDSE<\/h2>\n\n\n\n<hr class=\"wp-block-separator has-text-color has-alpha-channel-opacity has-background is-style-wide\" style=\"background-color:#e8ecf5;color:#e8ecf5\"\/>\n\n\n\n<p>Atendem os crit\u00e9rios do Edital CAPES PDSE n\u00ba 44\/2022 \u2013 programa de doutorado com nota CAPES de no m\u00ednimo 4 e n\u00e3o integrar o fomento CAPES PRINT \u2013 para aloca\u00e7\u00e3o de cota PDSE os PPGs listados abaixo:<\/p>\n\n\n\n<div style=\"height:25px\" aria-hidden=\"true\" class=\"wp-block-spacer\"><\/div>\n\n\n\n<figure class=\"wp-block-table is-style-stripes\"><table><tbody><tr><td>ADMINISTRA\u00c7\u00c3O<\/td><td>CI\u00caNCIA DO SOLO<\/td><\/tr><tr><td>COMUNICA\u00c7\u00c3O<\/td><td>CONTABILIDADE<\/td><\/tr><tr><td>DESIGN<\/td><td>EDUCA\u00c7\u00c3O EM CI\u00caNCIAS E EM MATEM\u00c1TICA<\/td><\/tr><tr><td>ENGENHARIA DE ALIMENTOS<\/td><td>ENGENHARIA FLORESTAL<\/td><\/tr><tr><td>FARMACOLOGIA<\/td><td>GEOLOGIA<\/td><\/tr><tr><td>GEST\u00c3O DA INFORMA\u00c7\u00c3O<\/td><td>MATEM\u00c1TICA<\/td><\/tr><tr><td>MEDICINA (CL\u00cdNICA CIR\u00daRGICA)<\/td><td>MEDICINA INTERNA E CI\u00caNCIAS DA SA\u00daDE<\/td><\/tr><tr><td>MEIO AMBIENTE E DESENVOLVIMENTO<\/td><td>ODONTOLOGIA<\/td><\/tr><tr><td>PSICOLOGIA<\/td><td>SA\u00daDE DA CRIAN\u00c7A E DO ADOLESCENTE<\/td><\/tr><tr><td>ZOOTECNIA<\/td><td><\/td><\/tr><\/tbody><\/table><\/figure>\n\n\n\n<p><strong>Obs:<\/strong> os PPGs ASSIST\u00caNCIA FARMACEUTICA e MULTIC\u00caNTRICO EM BIOQU\u00cdMICA E BIOLOGIA MOLECULAR tamb\u00e9m atendem tais crit\u00e9rios. Para os PPGs ofertados em rede, haver\u00e1 aloca\u00e7\u00e3o de uma \u00fanica cota PDSE por rede e caber\u00e1 aos integrantes da mesma, determinar os crit\u00e9rios internos para indica\u00e7\u00e3o de ocupa\u00e7\u00e3o desta cota.<\/p>\n\n\n\n<div style=\"height:50px\" aria-hidden=\"true\" class=\"wp-block-spacer\"><\/div>\n<\/div>\n<\/div>\n\n\n\n<div class=\"wp-block-columns is-layout-flex wp-container-core-columns-is-layout-9d6595d7 wp-block-columns-is-layout-flex\">\n<div class=\"wp-block-column is-layout-flow wp-block-column-is-layout-flow\">\n<h2 class=\"wp-block-heading has-text-align-left has-background has-medium-font-size\" style=\"background-color:#e8ecf5\">CONSIDERA\u00c7\u00d5ES GERAIS<\/h2>\n\n\n\n<hr class=\"wp-block-separator has-text-color has-alpha-channel-opacity has-background is-style-wide\" style=\"background-color:#e8ecf5;color:#e8ecf5\"\/>\n\n\n\n<ul class=\"wp-block-list\">\n<li>A cota PDSE alocada ao PPG habilitado a participar do Edital CAPES PDSE n\u00ba 10\/2022, permitir\u00e1 o atendimento de apenas&nbsp;<strong>01 benefici\u00e1rio<\/strong>&nbsp;pelo per\u00edodo m\u00ednimo de 6 ou m\u00e1ximo de 10 meses.<\/li>\n<\/ul>\n\n\n\n<ul class=\"wp-block-list\">\n<li>O per\u00edodo para realiza\u00e7\u00e3o das atividades acad\u00eamicas no exterior dever\u00e1 ser iniciado necessariamente entre setembro 2022 e novembro 2022.<\/li>\n<\/ul>\n\n\n\n<ul class=\"wp-block-list\">\n<li>Todos os interessados dever\u00e3o atender os requisitos de profici\u00eancia em l\u00edngua estrangeira, previstos no Anexo II do Edital CAPES PDSE n\u00ba 10\/2022, mesmo quando a atividade acad\u00eamica ocorrer em pa\u00edses de l\u00edngua portuguesa.<\/li>\n<\/ul>\n\n\n\n<ul class=\"wp-block-list\">\n<li>Caber\u00e1 aos PPGs habilitados a participar do PDSE 2022, selecionar os seus respectivos discentes obrigatoriamente atrav\u00e9s de processo seletivo interno. O resultado deste processo seletivo ser\u00e1 encaminhado para esta Pr\u00f3-Reitoria, para compila\u00e7\u00e3o do quadro geral de discentes UFPR que ter\u00e3o homologadas suas candidaturas, desde que efetuadas com sucesso no SICAPES.<\/li>\n<\/ul>\n\n\n\n<ul class=\"wp-block-list\">\n<li>Todos os alunos considerados aptos e indicados pelos PPGs dever\u00e3o efetuar registro de candidatura junto ao SICAPES. O procedimento de homologa\u00e7\u00e3o descrito no Edital CAPES PDSE n\u00ba 10\/2022 e conduzido por esta Pr\u00f3-Reitoria, s\u00f3 pode ser efetuado em candidaturas registradas com sucesso no SICAPES.<\/li>\n<\/ul>\n\n\n\n<ul class=\"wp-block-list\">\n<li>Caso o PPG habilitado n\u00e3o indique discente para ocupa\u00e7\u00e3o, a cota PDSE atribu\u00edda pela CAPES poder\u00e1 ser remanejada entre os demais PPGs habilitados no \u00e2mbito desta Institui\u00e7\u00e3o.<\/li>\n<\/ul>\n<\/div>\n<\/div>\n\n\n\n<hr class=\"wp-block-separator has-text-color has-alpha-channel-opacity has-background is-style-wide\" style=\"background-color:#e8ecf5;color:#e8ecf5\"\/>\n\n\n\n<p class=\"has-text-color has-link-color wp-elements-16631d866001ae142cbdd3786f7ccd26\" style=\"color:#243673\"><strong><a title=\"\" href=\"#topo\">Voltar ao topo<\/a><\/strong><\/p>\n<\/div>\n\n\n\n<div class=\"wp-block-column is-layout-flow wp-block-column-is-layout-flow\" style=\"flex-basis:7%\"><\/div>\n<\/div>\n","protected":false},"excerpt":{"rendered":"<p>Em atendimento aos termos do&nbsp;Edital CAPES PDSE n\u00ba 10\/2022&nbsp;apresentamos aos interessados informa\u00e7\u00f5es, instru\u00e7\u00f5es e documenta\u00e7\u00f5es referentes ao PDSE 2022 no \u00e2mbito desta IES. ACESSO AOS ARQUIVOS RELACIONADOS SO PDSE 2022 NO \u00c2MBITO DA UFPR PPGs APTOS A PARTICIPAR DO PROGRAMA PDSE Atendem os crit\u00e9rios do Edital CAPES PDSE n\u00ba 44\/2022 \u2013 programa de doutorado com [&hellip;]<\/p>\n","protected":false},"author":5,"featured_media":0,"parent":9246,"menu_order":0,"comment_status":"closed","ping_status":"closed","template":"","meta":{"footnotes":""},"class_list":["post-11828","page","type-page","status-publish","hentry"],"_links":{"self":[{"href":"https:\/\/ufpr.br\/propg\/wp-json\/wp\/v2\/pages\/11828","targetHints":{"allow":["GET"]}}],"collection":[{"href":"https:\/\/ufpr.br\/propg\/wp-json\/wp\/v2\/pages"}],"about":[{"href":"https:\/\/ufpr.br\/propg\/wp-json\/wp\/v2\/types\/page"}],"author":[{"embeddable":true,"href":"https:\/\/ufpr.br\/propg\/wp-json\/wp\/v2\/users\/5"}],"replies":[{"embeddable":true,"href":"https:\/\/ufpr.br\/propg\/wp-json\/wp\/v2\/comments?post=11828"}],"version-history":[{"count":16,"href":"https:\/\/ufpr.br\/propg\/wp-json\/wp\/v2\/pages\/11828\/revisions"}],"predecessor-version":[{"id":47569,"href":"https:\/\/ufpr.br\/propg\/wp-json\/wp\/v2\/pages\/11828\/revisions\/47569"}],"up":[{"embeddable":true,"href":"https:\/\/ufpr.br\/propg\/wp-json\/wp\/v2\/pages\/9246"}],"wp:attachment":[{"href":"https:\/\/ufpr.br\/propg\/wp-json\/wp\/v2\/media?parent=11828"}],"curies":[{"name":"wp","href":"https:\/\/api.w.org\/{rel}","templated":true}]}}