{"id":11376,"date":"2025-08-11T16:36:54","date_gmt":"2025-08-11T19:36:54","guid":{"rendered":"https:\/\/ufpr.br\/?page=11376"},"modified":"2026-01-05T14:19:48","modified_gmt":"2026-01-05T17:19:48","slug":"edital-07-2023-prppg-cpgss","status":"publish","type":"page","link":"https:\/\/ufpr.br\/propg\/editais\/edital-07-2023-prppg-cpgss\/","title":{"rendered":"Edital 07\/2023 \u2013 PRPPG\/CPGSS"},"content":{"rendered":"\n<div style=\"height:50px\" aria-hidden=\"true\" class=\"wp-block-spacer\"><\/div>\n\n\n\n<div class=\"wp-block-columns is-layout-flex wp-container-core-columns-is-layout-9d6595d7 wp-block-columns-is-layout-flex\">\n<div class=\"wp-block-column is-layout-flow wp-block-column-is-layout-flow\" style=\"flex-basis:20%\" id=\"topo\">\n<div style=\"height:15px\" aria-hidden=\"true\" class=\"wp-block-spacer\"><\/div>\n\n\n<div class=\"wp-block-image\">\n<figure class=\"aligncenter size-full is-resized\"><img decoding=\"async\" src=\"https:\/\/ufpr.br\/propg\/wp-content\/uploads\/2024\/10\/Icone_DocumentosMao_Rosa.png\" alt=\"\" class=\"wp-image-6130\" style=\"width:100px;height:auto\"\/><\/figure><\/div><\/div>\n\n\n\n<div class=\"wp-block-column is-layout-flow wp-block-column-is-layout-flow\" style=\"flex-basis:2%\"><\/div>\n\n\n\n<div class=\"wp-block-column is-layout-flow wp-block-column-is-layout-flow\" style=\"flex-basis:70%\">\n<blockquote class=\"wp-block-quote is-layout-flow wp-block-quote-is-layout-flow\">\n<p>Processo Seletivo para participa\u00e7\u00e3o da Proposta Institucional da Universidade Federal do Paran\u00e1 referente \u00e0 Chamada P\u00fablica 12\/2023-Funda\u00e7\u00e3o Arauc\u00e1ria: Profissional Top Manager: Pesquisador Visitante Especial<\/p>\n<\/blockquote>\n\n\n\n<div style=\"height:25px\" aria-hidden=\"true\" class=\"wp-block-spacer\"><\/div>\n\n\n\n<div class=\"wp-block-columns is-layout-flex wp-container-core-columns-is-layout-9d6595d7 wp-block-columns-is-layout-flex\">\n<div class=\"wp-block-column is-layout-flow wp-block-column-is-layout-flow\">\n<h2 class=\"wp-block-heading has-text-align-left has-background has-medium-font-size\" style=\"background-color:#e8ecf5\">EDITAL<\/h2>\n\n\n\n<hr class=\"wp-block-separator has-text-color has-alpha-channel-opacity has-background is-style-wide\" style=\"background-color:#e8ecf5;color:#e8ecf5\"\/>\n\n\n\n<ul class=\"wp-block-list\">\n<li><a href=\"https:\/\/ufpr.br\/propg\/wp-content\/uploads\/2025\/08\/edital-07-2023-prppgcpgss-r1.pdf\" target=\"_blank\" rel=\"noreferrer noopener\">Edital-07-2023-PRPPG\/CPGSS retificado<\/a>\u00a0conforme nota de retifica\u00e7\u00e3o n\u00ba 001\/2023 (publicado em 04\/08\/23)<\/li>\n<\/ul>\n\n\n\n<ul class=\"wp-block-list\">\n<li style=\"text-decoration:line-through\"><a href=\"https:\/\/ufpr.br\/propg\/wp-content\/uploads\/2025\/08\/edital-07-2023-prppgcpgss.pdf\" target=\"_blank\" rel=\"noreferrer noopener\">Edital 07\/2023-PRPPG\/CPGSS<\/a>\u00a0\u2013 Processo Seletivo para participa\u00e7\u00e3o da Proposta Institucional da Universidade Federal do Paran\u00e1 referente \u00e0 Chamada P\u00fablica 12\/2023-Funda\u00e7\u00e3o Arauc\u00e1ria: Profissional Top Manager: Pesquisador Visitante Especial \u2013 (publicado em 26\/07\/2023)<\/li>\n<\/ul>\n\n\n\n<div style=\"height:50px\" aria-hidden=\"true\" class=\"wp-block-spacer\"><\/div>\n<\/div>\n<\/div>\n\n\n\n<h2 class=\"wp-block-heading has-text-align-left has-background has-medium-font-size\" style=\"background-color:#e8ecf5\">NOTA DE RETIFICA\u00c7\u00c3O<\/h2>\n\n\n\n<hr class=\"wp-block-separator has-text-color has-alpha-channel-opacity has-background is-style-wide\" style=\"background-color:#e8ecf5;color:#e8ecf5\"\/>\n\n\n\n<p><a href=\"https:\/\/ufpr.br\/propg\/wp-content\/uploads\/2025\/08\/nr012023.pdf\" target=\"_blank\" rel=\"noreferrer noopener\">Nota de Retifica\u00e7\u00e3o n\u00ba 001\/2023<\/a>\u00a0(publicado em 04\/08\/2023)<\/p>\n\n\n\n<div style=\"height:50px\" aria-hidden=\"true\" class=\"wp-block-spacer\"><\/div>\n\n\n\n<h2 class=\"wp-block-heading has-text-align-left has-background has-medium-font-size\" style=\"background-color:#e8ecf5\">ANEXOS<\/h2>\n\n\n\n<hr class=\"wp-block-separator has-text-color has-alpha-channel-opacity has-background is-style-wide\" style=\"background-color:#e8ecf5;color:#e8ecf5\"\/>\n\n\n\n<p><a href=\"https:\/\/ufpr.br\/propg\/wp-content\/uploads\/2025\/08\/anexo-i-edital-07-2023prppg.pdf\" target=\"_blank\" rel=\"noreferrer noopener\">ANEXO I \u2013 edital 07-2023PRPPG<\/a>\u00a0(pdf)<\/p>\n\n\n\n<ul class=\"wp-block-list\">\n<li><a href=\"https:\/\/ufpr.br\/propg\/wp-content\/uploads\/2025\/08\/cp_12-2023_anexos.docx\" target=\"_blank\" rel=\"noreferrer noopener\">vers\u00e3o original, edit\u00e1vel, no site da Funda\u00e7\u00e3o Arauc\u00e1ria<\/a> (docx)<\/li>\n<\/ul>\n\n\n\n<div style=\"height:50px\" aria-hidden=\"true\" class=\"wp-block-spacer\"><\/div>\n\n\n\n<div class=\"wp-block-columns is-layout-flex wp-container-core-columns-is-layout-9d6595d7 wp-block-columns-is-layout-flex\">\n<div class=\"wp-block-column is-layout-flow wp-block-column-is-layout-flow\">\n<h2 class=\"wp-block-heading has-text-align-left has-background has-medium-font-size\" style=\"background-color:#e8ecf5\">RESULTADO FINAL<\/h2>\n\n\n\n<hr class=\"wp-block-separator has-text-color has-alpha-channel-opacity has-background is-style-wide\" style=\"background-color:#e8ecf5;color:#e8ecf5\"\/>\n\n\n\n<p><a href=\"https:\/\/ufpr.br\/propg\/wp-content\/uploads\/2025\/08\/edital07-23-prppg-cpgss-resultadofinal.pdf\" target=\"_blank\" rel=\"noreferrer noopener\">Resultado final<\/a>\u00a0(publicado em 09\/08\/2023)<\/p>\n\n\n\n<div style=\"height:50px\" aria-hidden=\"true\" class=\"wp-block-spacer\"><\/div>\n<\/div>\n<\/div>\n\n\n\n<div class=\"wp-block-columns is-layout-flex wp-container-core-columns-is-layout-9d6595d7 wp-block-columns-is-layout-flex\">\n<div class=\"wp-block-column is-layout-flow wp-block-column-is-layout-flow\">\n<h2 class=\"wp-block-heading has-text-align-left has-background has-medium-font-size\" style=\"background-color:#e8ecf5\">NORMAS RELACIONADAS<\/h2>\n\n\n\n<hr class=\"wp-block-separator has-text-color has-alpha-channel-opacity has-background is-style-wide\" style=\"background-color:#e8ecf5;color:#e8ecf5\"\/>\n\n\n\n<p><a href=\"https:\/\/ufpr.br\/propg\/wp-content\/uploads\/2025\/08\/cp_12-2023_programa_top_managers.pdf\" target=\"_blank\" rel=\"noreferrer noopener\">Chamada P\u00fablica\u00a012\/2023-Funda\u00e7\u00e3o Arauc\u00e1ria<\/a>: Profissional Top Manager (Pesquisador Visitante Especial)<\/p>\n\n\n\n<ul class=\"wp-block-list\">\n<li><a href=\"https:\/\/www.fappr.pr.gov.br\/sites\/fundacao-araucaria\/arquivos_restritos\/files\/documento\/2023-07\/cp_12-2023_programa_top_managers.pdf\" target=\"_blank\" rel=\"noreferrer noopener\">link direto para a p\u00e1gina da Funda\u00e7\u00e3o Arauc\u00e1ria<\/a><\/li>\n<\/ul>\n\n\n\n<ul class=\"wp-block-list\">\n<li><a href=\"https:\/\/ufpr.br\/propg\/wp-content\/uploads\/2025\/08\/nota_tecnica_002-2021_-_areas_prioritarias.pdf\" target=\"_blank\" rel=\"noreferrer noopener\">Nota T\u00e9cnica 02\/2021-FA<\/a>\u00a0(Detalhamento das \u00c1reas Priorit\u00e1rias)<\/li>\n<\/ul>\n\n\n\n<div style=\"height:50px\" aria-hidden=\"true\" class=\"wp-block-spacer\"><\/div>\n<\/div>\n<\/div>\n\n\n\n<div class=\"wp-block-columns is-layout-flex wp-container-core-columns-is-layout-9d6595d7 wp-block-columns-is-layout-flex\">\n<div class=\"wp-block-column is-layout-flow wp-block-column-is-layout-flow\">\n<h2 class=\"wp-block-heading has-text-align-left has-background has-medium-font-size\" style=\"background-color:#e8ecf5\">D\u00daVIDAS?<\/h2>\n\n\n\n<hr class=\"wp-block-separator has-text-color has-alpha-channel-opacity has-background is-style-wide\" style=\"background-color:#e8ecf5;color:#e8ecf5\"\/>\n\n\n\n<p>Envie e-mail para&nbsp;<a href=\"mailto:cpg@ufpr.br\">cpg@ufpr.br<\/a><\/p>\n\n\n\n<div style=\"height:25px\" aria-hidden=\"true\" class=\"wp-block-spacer\"><\/div>\n<\/div>\n<\/div>\n\n\n\n<div class=\"wp-block-columns is-layout-flex wp-container-core-columns-is-layout-9d6595d7 wp-block-columns-is-layout-flex\">\n<div class=\"wp-block-column is-layout-flow wp-block-column-is-layout-flow\">\n<h2 class=\"wp-block-heading has-text-align-left has-background has-medium-font-size\" style=\"background-color:#e8ecf5\">PERGUNTAS E RESPOSTAS<\/h2>\n\n\n\n<hr class=\"wp-block-separator has-text-color has-alpha-channel-opacity has-background is-style-wide\" style=\"background-color:#e8ecf5;color:#e8ecf5\"\/>\n\n\n\n<details class=\"wp-block-details is-layout-flow wp-block-details-is-layout-flow\"><summary>O Profissional Top Manager \u00e9 um \u201cprofessor visitante\u201c?<\/summary>\n<p>N\u00e3o. De acordo com a\u00a0<a href=\"https:\/\/ufpr.br\/propg\/wp-content\/uploads\/2025\/08\/cp_12-2023_programa_top_managers.pdf\" target=\"_blank\" rel=\"noreferrer noopener\">CP 12\/2023-FA<\/a>, o profissional Top Manager trata-se de um\u00a0<strong>Pesquisador<\/strong>\u00a0Visitante Especial, um \u201cprofissional com\u00a0<strong>experi\u00eancia na gest\u00e3o de programas e projetos cient\u00edficos<\/strong>, tecnol\u00f3gicos e de inova\u00e7\u00e3o, em ICTs,\u00a0<strong>em ag\u00eancias de fomento<\/strong>\u00a0estaduais e federais e\/ou no \u00e2mbito internacional, em que se evidenciem os benef\u00edcios, diretos ou indiretos dos resultados, para o desenvolvimento e a qualidade de vida da popula\u00e7\u00e3o, local\/global assim como das inova\u00e7\u00f5es, radicais ou incrementais, transfer\u00eancias de tecnologia, pol\u00edticas p\u00fablicas e\/ou cria\u00e7\u00e3o de empresas\/startups em que se evidencie significativa contribui\u00e7\u00e3o para o fortalecimento do Ecossistema Nacional\/Estadual de Inova\u00e7\u00e3o, ao aliar o conhecimento cient\u00edfico e tecnol\u00f3gico \u00e0s demandas do setor empresarial ou do setor p\u00fablico\u201d. O profissional dever\u00e1 ter vasta experi\u00eancia e\/ou excel\u00eancia na gest\u00e3o de programas em Ci\u00eancia, Tecnologia e Inova\u00e7\u00e3o conforme detalhamento do item 1.2 da\u00a0\u00a0<a href=\"https:\/\/ufpr.br\/propg\/wp-content\/uploads\/2025\/08\/cp_12-2023_programa_top_managers.pdf\" target=\"_blank\" rel=\"noreferrer noopener\">CP 12\/2023-FA.<\/a><\/p>\n\n\n\n<hr class=\"wp-block-separator has-alpha-channel-opacity is-style-dots\"\/>\n<\/details>\n\n\n\n<details class=\"wp-block-details is-layout-flow wp-block-details-is-layout-flow\"><summary>Qual o objetivo do edital CP 12\/2023-FA?<\/summary>\n<p>Fomentar a estrutura\u00e7\u00e3o de programas\/projetos estrat\u00e9gicos no Estado do Paran\u00e1 com profissionais qualificados (que estejam estabelecidos no Paran\u00e1 ou se disponham a estabelecer-se no territ\u00f3rio paranaense por meio de v\u00ednculo tempor\u00e1rio e\/ou acad\u00eamico junto \u00e0s ICTs paranaenses) para atuar como Pesquisadores Visitantes Especiais na gest\u00e3o\/execu\u00e7\u00e3o de programas\/projetos voltados \u00e0s \u00e1reas priorit\u00e1rias do CCT-Paran\u00e1 em projetos cient\u00edficos, tecnol\u00f3gicos e de inova\u00e7\u00e3o com envolvimento de setores produtivos paranaenses.<\/p>\n\n\n\n<hr class=\"wp-block-separator has-alpha-channel-opacity is-style-dots\"\/>\n<\/details>\n\n\n\n<details class=\"wp-block-details is-layout-flow wp-block-details-is-layout-flow\"><summary>O Profissional Top Manager pode ser estrangeiro?<\/summary>\n<p>Sim, desde que possua visto permanente no Brasil, conforme item 6.3 da\u00a0<a href=\"https:\/\/ufpr.br\/propg\/wp-content\/uploads\/2025\/08\/cp_12-2023_programa_top_managers.pdf\" target=\"_blank\" rel=\"noreferrer noopener\">CP 12\/2023-FA<\/a>.<\/p>\n\n\n\n<hr class=\"wp-block-separator has-alpha-channel-opacity is-style-dots\"\/>\n<\/details>\n\n\n\n<details class=\"wp-block-details is-layout-flow wp-block-details-is-layout-flow\"><summary>\u00c9 obrigat\u00f3ria a participa\u00e7\u00e3o de empresas paranaenses no projeto?<\/summary>\n<p>Sim. De acordo com a\u00a0<a href=\"https:\/\/ufpr.br\/propg\/wp-content\/uploads\/2025\/08\/cp_12-2023_programa_top_managers.pdf\" target=\"_blank\" rel=\"noreferrer noopener\">CP 12\/2023-FA<\/a>\u00a0os programas\/projetos dever\u00e3o ser voltados \u00e0s \u00e1reas priorit\u00e1rias do CCT-Paran\u00e1 em projetos cient\u00edficos, tecnol\u00f3gicos e de inova\u00e7\u00e3o com o envolvimento de setores produtivos paranaenses.<\/p>\n\n\n\n<hr class=\"wp-block-separator has-alpha-channel-opacity is-style-dots\"\/>\n<\/details>\n\n\n\n<details class=\"wp-block-details is-layout-flow wp-block-details-is-layout-flow\"><summary>Quais s\u00e3o as \u00e1reas tem\u00e1ticas do projetos?<\/summary>\n<p>S\u00e3o as \u00e1reas priorit\u00e1rias e transversais do CCT-Paran\u00e1, descritas no item 2.1 da\u00a0<a href=\"https:\/\/ufpr.br\/propg\/wp-content\/uploads\/2025\/08\/cp_12-2023_programa_top_managers.pdf\" target=\"_blank\" rel=\"noreferrer noopener\">CP 12\/2023-FA<\/a>\u00a0e detalhadas na\u00a0<a href=\"https:\/\/ufpr.br\/propg\/wp-content\/uploads\/2025\/08\/nota_tecnica_002-2021_-_areas_prioritarias.pdf\" target=\"_blank\" rel=\"noreferrer noopener\">Nota T\u00e9cnica 02\/2021<\/a>\u00a0da Funda\u00e7\u00e3o Arauc\u00e1ria, a saber:<\/p>\n\n\n\n<div class=\"wp-block-columns is-layout-flex wp-container-core-columns-is-layout-9d6595d7 wp-block-columns-is-layout-flex\">\n<div class=\"wp-block-column is-layout-flow wp-block-column-is-layout-flow\" style=\"flex-basis:1%\"><\/div>\n\n\n\n<div class=\"wp-block-column is-layout-flow wp-block-column-is-layout-flow\" style=\"flex-basis:99%\">\n<p>\u00c1reas priorit\u00e1rias do CCT-Paran\u00e1:<\/p>\n\n\n\n<ul class=\"wp-block-list\">\n<li>Agricultura &amp; Agroneg\u00f3cio;<\/li>\n<\/ul>\n\n\n\n<ul class=\"wp-block-list\">\n<li> Biotecnologia &amp; Sa\u00fade;<\/li>\n<\/ul>\n\n\n\n<ul class=\"wp-block-list\">\n<li>Energias Inteligentes;<\/li>\n<\/ul>\n\n\n\n<ul class=\"wp-block-list\">\n<li>Cidades Inteligentes;<\/li>\n<\/ul>\n\n\n\n<ul class=\"wp-block-list\">\n<li>Educa\u00e7\u00e3o, Sociedade &amp; Economia.<\/li>\n<\/ul>\n\n\n\n<div style=\"height:25px\" aria-hidden=\"true\" class=\"wp-block-spacer\"><\/div>\n\n\n\n<p>\u00c1reas transversais:<\/p>\n\n\n\n<ul class=\"wp-block-list\">\n<li>Desenvolvimento Sustent\u00e1vel;<\/li>\n<\/ul>\n\n\n\n<ul class=\"wp-block-list\">\n<li>Transforma\u00e7\u00e3o Digital.<\/li>\n<\/ul>\n<\/div>\n<\/div>\n\n\n\n<hr class=\"wp-block-separator has-alpha-channel-opacity is-style-dots\"\/>\n<\/details>\n\n\n\n<details class=\"wp-block-details is-layout-flow wp-block-details-is-layout-flow\"><summary>Quem ficar\u00e1 respons\u00e1vel pela execu\u00e7\u00e3o do projeto institucional?<\/summary>\n<p>Quem&nbsp;<strong>assina o formul\u00e1rio<\/strong>&nbsp;da proposta institucional a ser enviada para a Funda\u00e7\u00e3o Arauc\u00e1ria \u00e9 o pr\u00f3-reitor da PRPPG, que responde como respons\u00e1vel pela institui\u00e7\u00e3o. A PRPPG insere a proposta institucional no sistema Sparks.<\/p>\n\n\n\n<p>O&nbsp;<strong>respons\u00e1vel pela execu\u00e7\u00e3o<\/strong>&nbsp;e gerenciamento do projeto dentro da UFPR ser\u00e1 o&nbsp;<strong>coordenador do PPG<\/strong>&nbsp;que ganhar a proposta, ou seja, o PPG l\u00edder (para o caso de propostas que envolvam mais de um PPG).<\/p>\n\n\n\n<p>A execu\u00e7\u00e3o or\u00e7ament\u00e1ria e o gerenciamento ser\u00e3o realizados pelo coordenador do PPG com apoio da FUNPAR, pois h\u00e1 previs\u00e3o para contrato tripartite no edital da Funda\u00e7\u00e3o Arauc\u00e1ria. J\u00e1 a formaliza\u00e7\u00e3o do conv\u00eanio com a FA ter\u00e1 o apoio da PRPPG e de sua UCEO.<\/p>\n\n\n\n<hr class=\"wp-block-separator has-alpha-channel-opacity is-style-dots\"\/>\n<\/details>\n<\/div>\n<\/div>\n\n\n\n<p class=\"has-text-color has-link-color wp-elements-16631d866001ae142cbdd3786f7ccd26\" style=\"color:#243673\"><strong><a title=\"\" href=\"#topo\">Voltar ao topo<\/a><\/strong><\/p>\n<\/div>\n\n\n\n<div class=\"wp-block-column is-layout-flow wp-block-column-is-layout-flow\" style=\"flex-basis:7%\"><\/div>\n<\/div>\n\n\n\n<p><\/p>\n","protected":false},"excerpt":{"rendered":"<p>Processo Seletivo para participa\u00e7\u00e3o da Proposta Institucional da Universidade Federal do Paran\u00e1 referente \u00e0 Chamada P\u00fablica 12\/2023-Funda\u00e7\u00e3o Arauc\u00e1ria: Profissional Top Manager: Pesquisador Visitante Especial EDITAL NOTA DE RETIFICA\u00c7\u00c3O Nota de Retifica\u00e7\u00e3o n\u00ba 001\/2023\u00a0(publicado em 04\/08\/2023) ANEXOS ANEXO I \u2013 edital 07-2023PRPPG\u00a0(pdf) RESULTADO FINAL Resultado final\u00a0(publicado em 09\/08\/2023) NORMAS RELACIONADAS Chamada P\u00fablica\u00a012\/2023-Funda\u00e7\u00e3o Arauc\u00e1ria: Profissional Top Manager [&hellip;]<\/p>\n","protected":false},"author":5,"featured_media":0,"parent":11760,"menu_order":0,"comment_status":"closed","ping_status":"closed","template":"","meta":{"footnotes":""},"class_list":["post-11376","page","type-page","status-publish","hentry"],"_links":{"self":[{"href":"https:\/\/ufpr.br\/propg\/wp-json\/wp\/v2\/pages\/11376","targetHints":{"allow":["GET"]}}],"collection":[{"href":"https:\/\/ufpr.br\/propg\/wp-json\/wp\/v2\/pages"}],"about":[{"href":"https:\/\/ufpr.br\/propg\/wp-json\/wp\/v2\/types\/page"}],"author":[{"embeddable":true,"href":"https:\/\/ufpr.br\/propg\/wp-json\/wp\/v2\/users\/5"}],"replies":[{"embeddable":true,"href":"https:\/\/ufpr.br\/propg\/wp-json\/wp\/v2\/comments?post=11376"}],"version-history":[{"count":32,"href":"https:\/\/ufpr.br\/propg\/wp-json\/wp\/v2\/pages\/11376\/revisions"}],"predecessor-version":[{"id":47413,"href":"https:\/\/ufpr.br\/propg\/wp-json\/wp\/v2\/pages\/11376\/revisions\/47413"}],"up":[{"embeddable":true,"href":"https:\/\/ufpr.br\/propg\/wp-json\/wp\/v2\/pages\/11760"}],"wp:attachment":[{"href":"https:\/\/ufpr.br\/propg\/wp-json\/wp\/v2\/media?parent=11376"}],"curies":[{"name":"wp","href":"https:\/\/api.w.org\/{rel}","templated":true}]}}