{"id":11315,"date":"2025-08-08T21:37:56","date_gmt":"2025-08-09T00:37:56","guid":{"rendered":"https:\/\/ufpr.br\/?page=11315"},"modified":"2025-08-08T21:49:35","modified_gmt":"2025-08-09T00:49:35","slug":"projeto-institucional-da-ufpr-para-a-chamada-cnpq-35-2023-pibg","status":"publish","type":"page","link":"https:\/\/ufpr.br\/propg\/editais\/edital-01-2024-prppg-cpgss\/projeto-institucional-da-ufpr-para-a-chamada-cnpq-35-2023-pibg\/","title":{"rendered":"Projeto Institucional da UFPR para a Chamada CNPq 35\/2023 \u2013 PIBG"},"content":{"rendered":"\n<div style=\"height:50px\" aria-hidden=\"true\" class=\"wp-block-spacer\"><\/div>\n\n\n\n<div class=\"wp-block-columns is-layout-flex wp-container-core-columns-is-layout-9d6595d7 wp-block-columns-is-layout-flex\">\n<div class=\"wp-block-column is-layout-flow wp-block-column-is-layout-flow\" style=\"flex-basis:20%\" id=\"topo\">\n<div style=\"height:15px\" aria-hidden=\"true\" class=\"wp-block-spacer\"><\/div>\n\n\n<div class=\"wp-block-image\">\n<figure class=\"aligncenter size-full is-resized\"><img decoding=\"async\" src=\"https:\/\/ufpr.br\/propg\/wp-content\/uploads\/2025\/07\/Icone_Projeto_Rosa.png\" alt=\"\" class=\"wp-image-19039\" style=\"width:100px;height:auto\"\/><\/figure><\/div>\n\n\n<div style=\"height:25px\" aria-hidden=\"true\" class=\"wp-block-spacer\"><\/div>\n\n\n\n<div class=\"wp-block-columns is-layout-flex wp-container-core-columns-is-layout-9d6595d7 wp-block-columns-is-layout-flex\">\n<div class=\"wp-block-column is-layout-flow wp-block-column-is-layout-flow\">\n<hr class=\"wp-block-separator has-text-color has-alpha-channel-opacity has-background is-style-wide\" style=\"background-color:#e8ecf5;color:#e8ecf5\"\/>\n\n\n\n<p class=\"has-text-color has-background has-link-color wp-elements-84298cbcedbf8b82febe2027a068e3d0\" style=\"color:#243673;background-color:#f0f0f0\">Nesta p\u00e1gina voc\u00ea ir\u00e1 encontrar as principais informa\u00e7\u00f5es\u00a0sobre o Projeto Institucional da UFPR para a Chamada\u00a0CNPq 35\/2023 \u2013 PIBG, como os objetivos, o hist\u00f3rico\u00a0do projeto e os temas estrat\u00e9gicos de pesquisa<\/p>\n\n\n\n<hr class=\"wp-block-separator has-text-color has-alpha-channel-opacity has-background is-style-wide\" style=\"background-color:#e8ecf5;color:#e8ecf5\"\/>\n<\/div>\n<\/div>\n<\/div>\n\n\n\n<div class=\"wp-block-column is-layout-flow wp-block-column-is-layout-flow\" style=\"flex-basis:5%\"><\/div>\n\n\n\n<div class=\"wp-block-column is-layout-flow wp-block-column-is-layout-flow\" style=\"flex-basis:70%\">\n<blockquote class=\"wp-block-quote is-layout-flow wp-block-quote-is-layout-flow\">\n<p>O projeto institucional da Universidade Federal do Paran\u00e1 (UFPR) para o PIBG tem como objetivo ampliar a forma\u00e7\u00e3o de recursos humanos altamente qualificados em temas priorit\u00e1rios identificados, fortalecer a pesquisa e produ\u00e7\u00e3o do conhecimento produzido na institui\u00e7\u00e3o atrav\u00e9s da sele\u00e7\u00e3o de projetos de nossos programas de p\u00f3s-gradua\u00e7\u00e3o stricto sensu (PPG) alinhados a um ou mais dos seguintes temas estrat\u00e9gicos de pesquisa nos quais a forma\u00e7\u00e3o de recursos humanos \u00e9 imprescind\u00edvel:<\/p>\n\n\n\n<ol class=\"wp-block-list\">\n<li>Biodiversidade e Meio-Ambiente<\/li>\n<\/ol>\n\n\n\n<ol start=\"2\" class=\"wp-block-list\">\n<li>Agricultura &amp; Agroneg\u00f3cios<\/li>\n<\/ol>\n\n\n\n<ol start=\"3\" class=\"wp-block-list\">\n<li>Materiais Avan\u00e7ados<\/li>\n<\/ol>\n\n\n\n<ol start=\"4\" class=\"wp-block-list\">\n<li>Energias Sustent\u00e1veis\/Renov\u00e1veis (Energias Inteligentes) e Novas Formas de Energias<\/li>\n<\/ol>\n\n\n\n<ol start=\"5\" class=\"wp-block-list\">\n<li>Bioci\u00eancias, Biotecnologia e Sa\u00fade<\/li>\n<\/ol>\n\n\n\n<ol start=\"6\" class=\"wp-block-list\">\n<li>Democracia, Cultura e Desenvolvimento<\/li>\n<\/ol>\n\n\n\n<ol start=\"7\" class=\"wp-block-list\">\n<li>Cidades Inteligentes<\/li>\n<\/ol>\n\n\n\n<ol start=\"8\" class=\"wp-block-list\">\n<li>Sociedade, Educa\u00e7\u00e3o e Economia<\/li>\n<\/ol>\n\n\n\n<ol start=\"9\" class=\"wp-block-list\">\n<li>Transforma\u00e7\u00e3o Digital<\/li>\n<\/ol>\n\n\n\n<ol start=\"10\" class=\"wp-block-list\">\n<li>Desenvolvimento Sustent\u00e1vel<\/li>\n<\/ol>\n<\/blockquote>\n\n\n\n<div style=\"height:25px\" aria-hidden=\"true\" class=\"wp-block-spacer\"><\/div>\n\n\n\n<h2 class=\"wp-block-heading\">Objetivos Espec\u00edficos<\/h2>\n\n\n\n<hr class=\"wp-block-separator has-text-color has-alpha-channel-opacity has-background is-style-wide\" style=\"background-color:#e8ecf5;color:#e8ecf5\"\/>\n\n\n\n<p>Ampliar a forma\u00e7\u00e3o de recursos humanos altamente qualificados em temas priorit\u00e1rios com impacto socioambiental, social, econ\u00f4mico e cultural. Ampliar o conhecimento, a produ\u00e7\u00e3o acad\u00eamico-cient\u00edfica e a ado\u00e7\u00e3o de tecnologias em programas de p\u00f3s-gradua\u00e7\u00e3o estrat\u00e9gicos da UFPR. Contribuir para o desenvolvimento econ\u00f4mico, educacional e social do estado do Paran\u00e1 a partir da gera\u00e7\u00e3o e apropria\u00e7\u00e3o do conhecimento acad\u00eamico-cient\u00edfico e tecnol\u00f3gico pela sociedade. Promover a intera\u00e7\u00e3o entre a academia, o governo e os setores organizados da sociedade, com vistas ao desenvolvimento econ\u00f4mico e social do estado do Paran\u00e1 e do Brasil. Promover a transfer\u00eancia de conhecimentos \u00e0 sociedade, estimulando intera\u00e7\u00e3o entre a comunidade acad\u00eamica especializada e os setores organizados da sociedade.<\/p>\n\n\n\n<div style=\"height:50px\" aria-hidden=\"true\" class=\"wp-block-spacer\"><\/div>\n\n\n\n<h2 class=\"wp-block-heading\">Hist\u00f3rico do Projeto<\/h2>\n\n\n\n<hr class=\"wp-block-separator has-text-color has-alpha-channel-opacity has-background is-style-wide\" style=\"background-color:#e8ecf5;color:#e8ecf5\"\/>\n\n\n\n<p>A UFPR obteve sucesso na participa\u00e7\u00e3o da chamada PIBPG n\u00b069\/2022-PIBPG, recebendo as 10 bolsas de mestrado e 10 de doutorado previstas no fomento. Para distribui\u00e7\u00e3o das bolsas aos PPG, a PRPPG\/CPGSS abriu processo seletivo para apresenta\u00e7\u00e3o de projetos pelos PPG alinhados \u00e0s \u00e1reas tem\u00e1ticas de pesquisa Biodiversidade e Meio-Ambiente; Materiais Avan\u00e7ados; Energias Renov\u00e1veis e Novas Formas de Energias; Bioci\u00eancias e Sa\u00fade; Democracia, Cultura e Desenvolvimento; priorizando programas com os melhores indicadores de desempenho como produ\u00e7\u00e3o cient\u00edfica do corpo docente e discente, e conceito na Avalia\u00e7\u00e3o da Capes. Ao final, 20 diferentes PPG foram comtemplados com bolsas para discentes de mestrado e doutorado com projetos aderentes \u00e0s \u00e1reas definidas.<br>Em 2023, a fim de maximizar o impacto do fomento e reduzir as assimetrias de distribui\u00e7\u00e3o de recursos entre os programas de p\u00f3s-gradua\u00e7\u00e3o da institui\u00e7\u00e3o, os temas priorit\u00e1rios foram redesenhados a fim de contemplar a diversidade e transversalidade dos projetos desenvolvidos pela p\u00f3s-gradua\u00e7\u00e3o da UFPR e aumentar o impacto social tanto regionalmente quanto no \u00e2mbito nacional.<\/p>\n\n\n\n<div style=\"height:50px\" aria-hidden=\"true\" class=\"wp-block-spacer\"><\/div>\n\n\n\n<h2 class=\"wp-block-heading\">Temas Estrat\u00e9gicos de Pesquisa<\/h2>\n\n\n\n<hr class=\"wp-block-separator has-text-color has-alpha-channel-opacity has-background is-style-wide\" style=\"background-color:#e8ecf5;color:#e8ecf5\"\/>\n\n\n\n<p>Os dez temas estrat\u00e9gicos de pesquisa para 2023 foram definidos considerando os eixos estruturantes do\u00a0<a href=\"http:\/\/www.proplan.ufpr.br\/portal\/wp-content\/uploads\/2022\/11\/Plano_de_Desenvolvimento_Institucional_UFPR_2022-2026.pdf\" target=\"_blank\" rel=\"noreferrer noopener\">PDI da UFPR<\/a>, as\u00a0<a href=\"https:\/\/www.seti.pr.gov.br\/ugf\/politicasediretrizes\" target=\"_blank\" rel=\"noreferrer noopener\">\u00c1reas Priorit\u00e1rias do Paran\u00e1<\/a>\u00a0(definidas pelo Conselho Paranaense de Ci\u00eancia e Tecnologia), as \u00e1reas estrat\u00e9gicas para a\u00a0<a href=\"https:\/\/ufpr.br\/propg\/wp-content\/uploads\/2024\/11\/pii-2022-2026.pdf\" target=\"_blank\" rel=\"noreferrer noopener\">internacionaliza\u00e7\u00e3o institucional<\/a>, as caracter\u00edsticas essenciais e transversais da produ\u00e7\u00e3o cient\u00edfico-tecnol\u00f3gica-cultural dos programas de p\u00f3s-gradua\u00e7\u00e3o de excel\u00eancia da institui\u00e7\u00e3o e, por fim, a import\u00e2ncia dos projetos de pesquisa b\u00e1sica, humanidades e ci\u00eancias sociais que contribuam para atender os objetivos principais desta chamada (ampliar a forma\u00e7\u00e3o de recursos humanos altamente qualificados, fortalecer a pesquisa e produ\u00e7\u00e3o do conhecimento).<\/p>\n\n\n\n<details class=\"wp-block-details is-layout-flow wp-block-details-is-layout-flow\"><summary>1. Biodiversidade e Meio Ambiente<\/summary>\n<p>O Brasil \u00e9 um dos pa\u00edses com alta diversidade do planeta, com dois de seus biomas inclu\u00eddos entre os 10 hotspots de maior relev\u00e2ncia para a conserva\u00e7\u00e3o mundial: a Floresta Atl\u00e2ntica e o Cerrado. Estas extens\u00f5es florestais t\u00eam papel importante na mitiga\u00e7\u00e3o de problemas clim\u00e1ticos, como emiss\u00f5es de gases de efeito estufa e o aquecimento global. Ademais, o grande n\u00famero de esp\u00e9cies vegetais e microrganismos da biodiversidade brasileira constitui reserva potencial para a descoberta de novas mol\u00e9culas com propriedades farmacol\u00f3gicas e biotecnol\u00f3gicas. Vale ressaltar que apesar do destaque do pa\u00eds em biodiversidade e meio ambiente, o Brasil ainda \u00e9 carente em recursos humanos especificamente formados para o conhecimento desta biodiversidade e seus usos. Assim, a proposta se justifica pela relev\u00e2ncia nacional e global do tema, e pela necessidade de organizar e fazer avan\u00e7ar, de forma integrada, a pesquisa no pa\u00eds sobre as diversas dimens\u00f5es da biodiversidade a partir da forma\u00e7\u00e3o de redes internacionalizadas.<\/p>\n<\/details>\n\n\n\n<details class=\"wp-block-details is-layout-flow wp-block-details-is-layout-flow\"><summary>2. Agricultura e Agroneg\u00f3cios<\/summary>\n<p>O setores agr\u00edcola e de agroneg\u00f3cios, fundamentais para a economia do Brasil, especificamente no Paran\u00e1 destacam-se pela tradi\u00e7\u00e3o na produ\u00e7\u00e3o agr\u00edcola e pelo not\u00e1vel crescimento diversificado. O estado est\u00e1 entre os principais produtores nacionais de commodities como soja, milho, trigo, su\u00ednos e aves. A predomin\u00e2ncia de pequenas propriedades no estado ressalta a for\u00e7a do cooperativismo, que lidera rankings nacionais de receita l\u00edquida. Justamente pela import\u00e2ncia social e econ\u00f4mica, \u00e9 imperativo investir em ci\u00eancia e tecnologia para atrair as novas gera\u00e7\u00f5es e promover a sustentabilidade, com \u00eanfase na inova\u00e7\u00e3o e moderniza\u00e7\u00e3o para impulsionar a competitividade, reduzir custos e aumentar a produtividade do setor.<\/p>\n<\/details>\n\n\n\n<details class=\"wp-block-details is-layout-flow wp-block-details-is-layout-flow\"><summary>3. Materiais Avan\u00e7ados<\/summary>\n<p>A \u00e1rea de pesquisa em Materiais \u00e9 uma das mais antigas e consolidadas na UFPR, contando com pesquisadores de diferentes Programas de P\u00f3s-Gradua\u00e7\u00e3o, colaborando em uma abordagem multi e transdisciplinar. Em 2013, destacados pesquisadores em Nanoci\u00eancia e Nanotecnologia fundaram o\u00a0<a href=\"http:\/\/www.sibratecnano.com\/lcnano\/\">Laborat\u00f3rio Central de Nanotecnologia da UFPR (LCNano)<\/a>, integrando, desde 2014, o\u00a0<a href=\"http:\/\/www.sibratecnano.com\/laboratorios\/\">SISNANO \u2013 Sistema Nacional de Nanoci\u00eancia e Nanotecnologia<\/a>\u00a0do Governo Federal. Os materiais que s\u00e3o objeto de estudo desse projeto (nanoestruturas de carbono; nanopart\u00edculas e filmes met\u00e1licos; \u00f3xidos e nitretos de metais de transi\u00e7\u00e3o; semicondutores; pol\u00edmeros convencionais e condutores; materiais lamelares e bidimensionais; (nano)comp\u00f3sitos polim\u00e9ricos e cer\u00e2micos; magnetos moleculares, ligas met\u00e1licas) correspondem a materiais novos e avan\u00e7ados, com grande potencial de aplica\u00e7\u00e3o tecnol\u00f3gica e com grandes desafios cient\u00edficos e de inova\u00e7\u00e3o.<\/p>\n<\/details>\n\n\n\n<details class=\"wp-block-details is-layout-flow wp-block-details-is-layout-flow\"><summary>4. Energias Sustent\u00e1veis\/Renov\u00e1veis (Energias Inteligentes) e Novas Formas de Energias<\/summary>\n<p>Os desafios relacionados \u00e0 oferta de energia transcendem fronteiras e requerem abordagens transversais e multidisciplinares. A depend\u00eancia majorit\u00e1ria de combust\u00edveis f\u00f3sseis e usinas nucleares, somada \u00e0s fontes renov\u00e1veis como hidroel\u00e9tricas, biomassa e formas de menor impacto ambiental (solar, e\u00f3lica, geot\u00e9rmica, mar\u00e9s), evidencia a necessidade de desenvolver novas formas de gera\u00e7\u00e3o de energia limpa e sustent\u00e1vel. O setor de Energias Sustent\u00e1veis\/Renov\u00e1veis \u00e9 estrat\u00e9gico para o desenvolvimento do Paran\u00e1, exigindo investimentos n\u00e3o apenas em sua produ\u00e7\u00e3o e consumo, mas tamb\u00e9m em ci\u00eancia, tecnologia e inova\u00e7\u00e3o para garantir um suprimento energ\u00e9tico eficiente e sustent\u00e1vel. Surgem assim grandes desafios, como desenvolver novas formas de gera\u00e7\u00e3o de energia limpa, aumentar a sua capacidade de gera\u00e7\u00e3o e promover o seu consumo de forma sustent\u00e1vel e ambientalmente correta. Este tema de pesquisa tem como resultados o desenvolvimento de novas formas de gera\u00e7\u00e3o de energia limpa, aumentar a sua capacidade de gera\u00e7\u00e3o e promover o seu consumo de forma sustent\u00e1vel e ambientalmente correta.\u00a0 Biocombust\u00edveis oriundos de fontes renov\u00e1veis s\u00e3o alternativa aos derivados de petr\u00f3leo, devido \u00e0 necessidade de se mitigar a polui\u00e7\u00e3o atmosf\u00e9rica oriunda da queima de combust\u00edveis f\u00f3sseis. Na UFPR, v\u00e1rios grupos de pesquisa t\u00eam produzido resultados de excel\u00eancia em diferentes frentes de trabalho, como na energia fotovoltaica, na produ\u00e7\u00e3o de combust\u00edveis l\u00edquidos (biodiesel, etanol, HDO e hidrocarbonetos) e gasosos (biog\u00e1s e hidrog\u00eanio), tendo impacto direto na sociedade e na economia.<\/p>\n<\/details>\n\n\n\n<details class=\"wp-block-details is-layout-flow wp-block-details-is-layout-flow\"><summary>5. Bioci\u00eancias, Biotecnologia e Sa\u00fade<\/summary>\n<p>O investimento em pesquisa em sa\u00fade n\u00e3o apenas atende a uma necessidade universal e indispens\u00e1vel, mas tamb\u00e9m impulsiona avan\u00e7os na qualidade de vida da popula\u00e7\u00e3o. Resultados previstos desse projeto incluem o desenvolvimento de novas formas de preven\u00e7\u00e3o, diagn\u00f3stico e tratamento \u2013 que s\u00e3o necess\u00e1rias frente \u00e0 complexidade e diversidade dos fen\u00f4menos que envolvem avan\u00e7os derivados da ci\u00eancia b\u00e1sica e aplicada. O fortalecimento de parcerias e de novas rela\u00e7\u00f5es com centros de pesquisas internacionais deve prover inova\u00e7\u00f5es e avan\u00e7os na preven\u00e7\u00e3o, tratamento e controle de doen\u00e7as cr\u00f4nicas degenerativas e na promo\u00e7\u00e3o da sa\u00fade, com alto impacto social.<\/p>\n\n\n\n<p>Os setores de&nbsp; Bioci\u00eancias e Biotecnologia foram reconhecidos como estrat\u00e9gicos para o Brasil e, localmente, para o Estado do Paran\u00e1 \u2013 que se destaca como o quinto estado brasileiro com maior concentra\u00e7\u00e3o de empresas no ramo de biotecnologia, principalmente voltadas para o setor de alimentos. Considerando a voca\u00e7\u00e3o do estado \u00e9 essencial implementar estrat\u00e9gias claras de incentivo \u00e0 Ci\u00eancia, Tecnologia e Inova\u00e7\u00e3o nesses setores, dada sua intensidade tecnol\u00f3gica e o potencial impacto em diversas ind\u00fastrias.<\/p>\n<\/details>\n\n\n\n<details class=\"wp-block-details is-layout-flow wp-block-details-is-layout-flow\"><summary>6. Democracia, Cultura e Desenvolvimento<\/summary>\n<p>Esta \u00e1rea tem\u00e1tica congrega pesquisadores de diversas disciplinas em torno de temas socialmente, cientificamente e tecnologicamente relevantes, abrangendo Ci\u00eancias Humanas, Exatas, Sociais Aplicadas, Tecnol\u00f3gicas, Jur\u00eddicas, Artes e Educa\u00e7\u00e3o. Esse tema gera alto impacto social com a excuss\u00e3o de projetos que analisam rela\u00e7\u00f5es de poder e assimetrias sociais \u00e0 luz da pauta dos direitos humanos, abordando dom\u00ednios como o direito, pol\u00edtica, cultura, economia e hist\u00f3ria; o ciclo das pol\u00edticas p\u00fablicas de car\u00e1ter social, considerando aspectos inerentes \u00e0 proposi\u00e7\u00e3o, implementa\u00e7\u00e3o e avalia\u00e7\u00e3o das iniciativas estatais; os problemas relativos ao desenvolvimento econ\u00f4mico e social, visando compreender fen\u00f4menos ligados \u00e0s tem\u00e1ticas do espa\u00e7o, da sociedade e do desenvolvimento; a produ\u00e7\u00e3o e circula\u00e7\u00e3o de saberes, na perspectiva da an\u00e1lise hist\u00f3rica da constitui\u00e7\u00e3o de diferentes tradi\u00e7\u00f5es culturais e das transforma\u00e7\u00f5es dos modelos est\u00e9ticos, pol\u00edticos, formativos e epistemol\u00f3gicos; os processos de forma\u00e7\u00e3o da esfera p\u00fablica digital, tendo em vista formas mais eficazes de comunica\u00e7\u00e3o e partilha, organiza\u00e7\u00e3o e an\u00e1lise de documentos hist\u00f3ricos, culturais e art\u00edsticos, dados, informa\u00e7\u00f5es e resultados de pesquisa.<\/p>\n<\/details>\n\n\n\n<details class=\"wp-block-details is-layout-flow wp-block-details-is-layout-flow\"><summary>7. Cidades Inteligentes<\/summary>\n<p>O conceito de cidades inteligentes incorpora tecnologia da informa\u00e7\u00e3o e comunica\u00e7\u00e3o para atender eficientemente \u00e0s necessidades sociais e econ\u00f4micas, priorizando o desenvolvimento sustent\u00e1vel, qualidade de vida e governan\u00e7a participativa. Essas cidades buscam configurar ambientes prop\u00edcios \u00e0 inova\u00e7\u00e3o, atra\u00e7\u00e3o de investimentos e forma\u00e7\u00e3o de talentos, onde a ci\u00eancia e tecnologia desempenham papel crucial na melhoria da infraestrutura, efici\u00eancia urbana, seguran\u00e7a e impulsionamento de empreendimentos tecnol\u00f3gicos.<\/p>\n<\/details>\n\n\n\n<details class=\"wp-block-details is-layout-flow wp-block-details-is-layout-flow\"><summary>8. Sociedade, Educa\u00e7\u00e3o e Economia<\/summary>\n<p>As recentes transforma\u00e7\u00f5es em todas as esferas da vida social, econ\u00f4mica e pol\u00edtica ressaltam a necessidade de uma a\u00e7\u00e3o antecipada e preditiva do Estado. Investir na criatividade de indiv\u00edduos, grupos e institui\u00e7\u00f5es torna-se crucial para construir uma nova realidade orientada para o desenvolvimento sustent\u00e1vel. A excel\u00eancia educacional e inova\u00e7\u00f5es em lazer, cultura, turismo, com\u00e9rcio e oportunidades econ\u00f4micas s\u00e3o fundamentais para a adapta\u00e7\u00e3o \u00e0s mudan\u00e7as, incorporando tecnologias avan\u00e7adas.<\/p>\n<\/details>\n\n\n\n<details class=\"wp-block-details is-layout-flow wp-block-details-is-layout-flow\"><summary>9. Transforma\u00e7\u00e3o Digital<\/summary>\n<p>A transforma\u00e7\u00e3o digital, essencial no planejamento estrat\u00e9gico de longo prazo, envolve mudan\u00e7as profundas em estruturas socioecon\u00f4micas, padr\u00f5es organizacionais e quest\u00f5es culturais. Seus benef\u00edcios incluem processos mais r\u00e1pidos, maior volume de informa\u00e7\u00f5es, transpar\u00eancia de dados e controle operacional para alcan\u00e7ar efetividade e vantagem competitiva. No entanto, sua implementa\u00e7\u00e3o desordenada pode acarretar desafios como a precariza\u00e7\u00e3o do trabalho. O desenvolvimento de ferramentas e de pol\u00edticas bem estruturadas de transforma\u00e7\u00e3o digital \u00e9 essencial para antecipar e mitigar impactos negativos, maximizando os aspectos positivos da implementa\u00e7\u00e3o das novas tecnologias.<\/p>\n<\/details>\n\n\n\n<details class=\"wp-block-details is-layout-flow wp-block-details-is-layout-flow\"><summary>10. Desenvolvimento Sustent\u00e1vel<\/summary>\n<p>A implementa\u00e7\u00e3o de pol\u00edticas p\u00fablicas que assegurem o engajamento e a articula\u00e7\u00e3o dos p\u00fablicos de interesse \u00e9 crucial para promover o desenvolvimento sustent\u00e1vel. Este processo requer uma abordagem proativa e preditiva do Estado, orientada para novos padr\u00f5es de produ\u00e7\u00e3o e consumo, destacando a import\u00e2ncia da excel\u00eancia educacional, inova\u00e7\u00e3o em diversas \u00e1reas e a incorpora\u00e7\u00e3o de tecnologias avan\u00e7adas, especialmente digitais, para garantir o desenvolvimento sustent\u00e1vel em um mundo cada vez mais interconectado. A UFPR trabalha para ser reconhecida nacional e internacionalmente como uma universidade que visa ao desenvolvimento sustent\u00e1vel, e possui uma Pol\u00edtica de Sustentabilidade regulamentada pela\u00a0<a href=\"http:\/\/www.soc.ufpr.br\/portal\/wp-content\/uploads\/2022\/07\/RESOLU%C3%87%C3%83O-N%C2%BA-08-22-COUN.pdf\">Resolu\u00e7\u00e3o n\u00ba 08\/22-COUN<\/a>, cujas diretrizes s\u00e3o observadas no ensino, pesquisa, extens\u00e3o e gest\u00e3o da institui\u00e7\u00e3o.<\/p>\n<\/details>\n\n\n\n<div style=\"height:25px\" aria-hidden=\"true\" class=\"wp-block-spacer\"><\/div>\n\n\n\n<p class=\"has-text-color has-link-color wp-elements-16631d866001ae142cbdd3786f7ccd26\" style=\"color:#243673\"><strong><a title=\"\" href=\"#topo\">Voltar ao topo<\/a><\/strong><\/p>\n<\/div>\n\n\n\n<div class=\"wp-block-column is-layout-flow wp-block-column-is-layout-flow\" style=\"flex-basis:5%\"><\/div>\n<\/div>\n","protected":false},"excerpt":{"rendered":"<p>Nesta p\u00e1gina voc\u00ea ir\u00e1 encontrar as principais informa\u00e7\u00f5es\u00a0sobre o Projeto Institucional da UFPR para a Chamada\u00a0CNPq 35\/2023 \u2013 PIBG, como os objetivos, o hist\u00f3rico\u00a0do projeto e os temas estrat\u00e9gicos de pesquisa O projeto institucional da Universidade Federal do Paran\u00e1 (UFPR) para o PIBG tem como objetivo ampliar a forma\u00e7\u00e3o de recursos humanos altamente qualificados em [&hellip;]<\/p>\n","protected":false},"author":5,"featured_media":0,"parent":11253,"menu_order":0,"comment_status":"closed","ping_status":"closed","template":"","meta":{"footnotes":""},"class_list":["post-11315","page","type-page","status-publish","hentry"],"_links":{"self":[{"href":"https:\/\/ufpr.br\/propg\/wp-json\/wp\/v2\/pages\/11315","targetHints":{"allow":["GET"]}}],"collection":[{"href":"https:\/\/ufpr.br\/propg\/wp-json\/wp\/v2\/pages"}],"about":[{"href":"https:\/\/ufpr.br\/propg\/wp-json\/wp\/v2\/types\/page"}],"author":[{"embeddable":true,"href":"https:\/\/ufpr.br\/propg\/wp-json\/wp\/v2\/users\/5"}],"replies":[{"embeddable":true,"href":"https:\/\/ufpr.br\/propg\/wp-json\/wp\/v2\/comments?post=11315"}],"version-history":[{"count":12,"href":"https:\/\/ufpr.br\/propg\/wp-json\/wp\/v2\/pages\/11315\/revisions"}],"predecessor-version":[{"id":11327,"href":"https:\/\/ufpr.br\/propg\/wp-json\/wp\/v2\/pages\/11315\/revisions\/11327"}],"up":[{"embeddable":true,"href":"https:\/\/ufpr.br\/propg\/wp-json\/wp\/v2\/pages\/11253"}],"wp:attachment":[{"href":"https:\/\/ufpr.br\/propg\/wp-json\/wp\/v2\/media?parent=11315"}],"curies":[{"name":"wp","href":"https:\/\/api.w.org\/{rel}","templated":true}]}}